[Thu Nov 18 10:04:50.836229 2021] [php7:error] [pid 3676:tid 1348] [client 154.6.21.114:7397] script 'C:/home/mainframe.co.nz/wp-login.php' not found or unable to stat
[Thu Nov 18 11:34:17.374895 2021] [php7:error] [pid 3676:tid 1312] [client 161.35.3.64:58000] script 'C:/home/mainframe.co.nz/wp-login.php' not found or unable to stat
[Thu Nov 18 11:34:17.374895 2021] [php7:error] [pid 3676:tid 1336] [client 161.35.3.64:58002] script 'C:/home/mainframe.co.nz/wp-login.php' not found or unable to stat
[Thu Nov 18 11:34:17.374895 2021] [php7:error] [pid 3676:tid 1364] [client 161.35.3.64:58008] script 'C:/home/mainframe.co.nz/wp-login.php' not found or unable to stat
[Thu Nov 18 11:34:17.374895 2021] [php7:error] [pid 3676:tid 1428] [client 161.35.3.64:58004] script 'C:/home/mainframe.co.nz/wp-login.php' not found or unable to stat
[Thu Nov 18 11:34:17.374895 2021] [php7:error] [pid 3676:tid 1352] [client 161.35.3.64:58006] script 'C:/home/mainframe.co.nz/wp-login.php' not found or unable to stat
[Fri Nov 19 05:45:20.003430 2021] [php7:error] [pid 3800:tid 1996] [client 46.21.153.194:53112] script 'C:/home/mainframe.co.nz/inc20k1.php' not found or unable to stat
[Fri Nov 19 05:46:06.568409 2021] [php7:error] [pid 3800:tid 1696] [client 46.21.153.194:53518] script 'C:/home/mainframe.co.nz/index2.php' not found or unable to stat
[Fri Nov 19 05:46:11.708911 2021] [php7:error] [pid 3800:tid 1696] [client 46.21.153.194:53678] script 'C:/home/mainframe.co.nz/Index2.php' not found or unable to stat
[Fri Nov 19 05:46:53.272773 2021] [php7:error] [pid 3800:tid 1860] [client 46.21.153.194:54014] script 'C:/home/mainframe.co.nz/inc20k1.php' not found or unable to stat
[Fri Nov 19 05:47:39.679051 2021] [php7:error] [pid 3800:tid 1860] [client 46.21.153.194:54450] script 'C:/home/mainframe.co.nz/index2.php' not found or unable to stat
[Fri Nov 19 05:47:44.804051 2021] [php7:error] [pid 3800:tid 2016] [client 46.21.153.194:54490] script 'C:/home/mainframe.co.nz/Index2.php' not found or unable to stat
[Fri Nov 19 05:48:26.399142 2021] [php7:error] [pid 3800:tid 1696] [client 46.21.153.194:54874] script 'C:/home/mainframe.co.nz/logs/inc20k1.php' not found or unable to stat
[Fri Nov 19 05:49:12.755924 2021] [php7:error] [pid 3800:tid 2040] [client 46.21.153.194:55274] script 'C:/home/mainframe.co.nz/index2.php' not found or unable to stat
[Fri Nov 19 05:49:17.896464 2021] [php7:error] [pid 3800:tid 1736] [client 46.21.153.194:55316] script 'C:/home/mainframe.co.nz/Index2.php' not found or unable to stat
[Fri Nov 19 05:49:59.741578 2021] [php7:error] [pid 3800:tid 1944] [client 46.21.153.194:55654] script 'C:/home/mainframe.co.nz/inc20k1.php' not found or unable to stat
[Fri Nov 19 05:50:45.965606 2021] [php7:error] [pid 3800:tid 1696] [client 46.21.153.194:56180] script 'C:/home/mainframe.co.nz/index2.php' not found or unable to stat
[Fri Nov 19 05:50:51.106233 2021] [php7:error] [pid 3800:tid 1944] [client 46.21.153.194:56224] script 'C:/home/mainframe.co.nz/Index2.php' not found or unable to stat
[Fri Nov 19 08:30:08.976377 2021] [php7:error] [pid 3800:tid 1680] [client 46.21.153.194:47454] script 'C:/home/mainframe.co.nz/inc20k1.php' not found or unable to stat
[Fri Nov 19 08:30:55.650069 2021] [php7:error] [pid 3800:tid 2004] [client 46.21.153.194:47768] script 'C:/home/mainframe.co.nz/index2.php' not found or unable to stat
[Fri Nov 19 08:31:00.915696 2021] [php7:error] [pid 3800:tid 1812] [client 46.21.153.194:47800] script 'C:/home/mainframe.co.nz/Index2.php' not found or unable to stat
[Fri Nov 19 08:31:42.493817 2021] [php7:error] [pid 3800:tid 1484] [client 46.21.153.194:48104] script 'C:/home/mainframe.co.nz/inc20k1.php' not found or unable to stat
[Fri Nov 19 08:32:29.044668 2021] [php7:error] [pid 3800:tid 1708] [client 46.21.153.194:48446] script 'C:/home/mainframe.co.nz/index2.php' not found or unable to stat
[Fri Nov 19 08:32:34.168281 2021] [php7:error] [pid 3800:tid 1812] [client 46.21.153.194:48480] script 'C:/home/mainframe.co.nz/Index2.php' not found or unable to stat
[Fri Nov 19 08:33:35.952131 2021] [php7:error] [pid 3800:tid 1708] [client 46.21.153.194:48916] script 'C:/home/mainframe.co.nz/logs/inc20k1.php' not found or unable to stat
[Fri Nov 19 08:34:22.172194 2021] [php7:error] [pid 3800:tid 1812] [client 46.21.153.194:49212] script 'C:/home/mainframe.co.nz/index2.php' not found or unable to stat
[Fri Nov 19 08:34:27.312827 2021] [php7:error] [pid 3800:tid 2016] [client 46.21.153.194:49248] script 'C:/home/mainframe.co.nz/Index2.php' not found or unable to stat
[Fri Nov 19 08:35:09.054628 2021] [php7:error] [pid 3800:tid 2016] [client 46.21.153.194:49468] script 'C:/home/mainframe.co.nz/inc20k1.php' not found or unable to stat
[Fri Nov 19 08:35:55.290374 2021] [php7:error] [pid 3800:tid 1736] [client 46.21.153.194:49710] script 'C:/home/mainframe.co.nz/index2.php' not found or unable to stat
[Fri Nov 19 08:36:00.430894 2021] [php7:error] [pid 3800:tid 1976] [client 46.21.153.194:49726] script 'C:/home/mainframe.co.nz/Index2.php' not found or unable to stat
[Fri Nov 19 16:19:45.995418 2021] [authz_core:error] [pid 3800:tid 1744] [client 101.98.243.105:60470] AH01630: client denied by server configuration: C:/home/mainframe.co.nz/sql_backups/.htaccess
[Fri Nov 19 16:27:34.128167 2021] [authz_core:error] [pid 3800:tid 1880] [client 101.98.243.105:59756] AH01630: client denied by server configuration: C:/home/mainframe.co.nz/sql_backups/.htaccess
[Sat Nov 20 21:10:02.069942 2021] [php7:error] [pid 3800:tid 1984] [client 139.155.5.118:51409] script 'C:/home/mainframe.co.nz/wp-login.php' not found or unable to stat
[Tue Nov 23 09:39:04.110141 2021] [php7:error] [pid 3800:tid 2044] [client 103.241.24.179:48680] script 'C:/home/mainframe.co.nz/index.php' not found or unable to stat, referer: mainframe.co.nz
[Tue Nov 23 11:33:06.376942 2021] [php7:error] [pid 3800:tid 2044] [client 40.71.25.208:49444] script 'C:/home/mainframe.co.nz/phpinfo.php' not found or unable to stat
[Tue Nov 23 11:33:07.095692 2021] [php7:error] [pid 3800:tid 1764] [client 40.71.25.208:49698] script 'C:/home/mainframe.co.nz/info.php' not found or unable to stat
[Tue Nov 23 11:36:39.089277 2021] [php7:error] [pid 3800:tid 1700] [client 40.71.25.208:54898] script 'C:/home/mainframe.co.nz/phpinfo.php' not found or unable to stat
[Tue Nov 23 11:36:39.901757 2021] [php7:error] [pid 3800:tid 1700] [client 40.71.25.208:55204] script 'C:/home/mainframe.co.nz/info.php' not found or unable to stat
[Tue Nov 23 20:41:51.335747 2021] [php7:error] [pid 3800:tid 1804] [client 114.117.165.109:57016] script 'C:/home/mainframe.co.nz/wp-login.php' not found or unable to stat
[Wed Nov 24 02:58:50.935684 2021] [php7:error] [pid 3800:tid 2004] [client 15.223.42.75:43344] script 'C:/home/mainframe.co.nz/phpinfo.php' not found or unable to stat
[Wed Nov 24 02:58:51.248308 2021] [php7:error] [pid 3800:tid 2004] [client 15.223.42.75:43482] script 'C:/home/mainframe.co.nz/info.php' not found or unable to stat
[Wed Nov 24 09:55:20.222703 2021] [php7:error] [pid 3800:tid 1932] [client 212.83.147.15:43084] script 'C:/home/mainframe.co.nz/old-index.php' not found or unable to stat, referer: mainframe.co.nz
[Wed Nov 24 09:56:08.412017 2021] [php7:error] [pid 3800:tid 1680] [client 212.83.147.15:50168] script 'C:/home/mainframe.co.nz/wp-load.php' not found or unable to stat, referer: mainframe.co.nz
[Thu Nov 25 17:08:52.027905 2021] [php7:error] [pid 3800:tid 1660] [client 142.93.99.56:48614] script 'C:/home/mainframe.co.nz/wp-login.php' not found or unable to stat
[Thu Nov 25 17:08:52.027905 2021] [php7:error] [pid 3800:tid 1812] [client 142.93.99.56:48616] script 'C:/home/mainframe.co.nz/wp-login.php' not found or unable to stat
[Thu Nov 25 22:21:35.187430 2021] [php7:error] [pid 3800:tid 1484] [client 173.249.33.122:56552] script 'C:/home/mainframe.co.nz/index.php' not found or unable to stat, referer: mainframe.co.nz
[Thu Nov 25 23:32:32.971914 2021] [core:error] [pid 3800:tid 2004] (20024)The given path is misformatted or contained invalid characters: [client 114.119.148.88:37556] AH00127: Cannot map GET /mailto:sales@mainframe.co.nz HTTP/1.1 to file
[Fri Nov 26 07:54:37.460389 2021] [php7:error] [pid 3800:tid 1796] [client 87.251.85.227:49445] script 'C:/home/mainframe.co.nz/0.php' not found or unable to stat, referer: http://mainframe.co.nz/0.php
[Fri Nov 26 18:39:54.903626 2021] [php7:error] [pid 3800:tid 1956] [client 23.225.177.43:30458] script 'C:/home/mainframe.co.nz/wp-login.php' not found or unable to stat
[Fri Nov 26 18:39:54.903626 2021] [php7:error] [pid 3800:tid 1716] [client 23.225.177.43:32703] script 'C:/home/mainframe.co.nz/wp-login.php' not found or unable to stat
[Fri Nov 26 18:39:54.903626 2021] [php7:error] [pid 3800:tid 1788] [client 23.225.177.43:33681] script 'C:/home/mainframe.co.nz/wp-login.php' not found or unable to stat
[Fri Nov 26 18:39:54.903626 2021] [php7:error] [pid 3800:tid 1984] [client 23.225.177.43:5899] script 'C:/home/mainframe.co.nz/wp-login.php' not found or unable to stat
[Fri Nov 26 18:39:54.919250 2021] [php7:error] [pid 3800:tid 1492] [client 23.225.177.43:7201] script 'C:/home/mainframe.co.nz/wp-login.php' not found or unable to stat
[Sat Nov 27 19:30:35.949108 2021] [php7:error] [pid 3800:tid 1492] [client 149.56.19.35:42186] script 'C:/home/mainframe.co.nz/wp-login.php' not found or unable to stat, referer: http://mainframe.co.nz
[Sun Nov 28 02:23:38.819091 2021] [php7:error] [pid 3800:tid 1492] [client 62.210.209.245:37128] script 'C:/home/mainframe.co.nz/wp-login.php' not found or unable to stat
[Sun Nov 28 09:03:57.922951 2021] [php7:error] [pid 3800:tid 1984] [client 13.38.47.239:53990] script 'C:/home/mainframe.co.nz/xmlrpc.php' not found or unable to stat
[Mon Nov 29 02:04:11.017874 2021] [php7:error] [pid 3800:tid 1968] [client 213.149.103.132:55740] script 'C:/home/mainframe.co.nz/wp-login.php' not found or unable to stat
[Mon Nov 29 03:05:42.938056 2021] [php7:error] [pid 3800:tid 1980] [client 13.38.47.239:61141] script 'C:/home/mainframe.co.nz/xmlrpc.php' not found or unable to stat
[Mon Nov 29 13:23:09.866760 2021] [php7:error] [pid 3800:tid 1660] [client 192.241.57.135:46460] script 'C:/home/mainframe.co.nz/inc20k1.php' not found or unable to stat
[Mon Nov 29 13:24:31.402495 2021] [php7:error] [pid 3800:tid 1836] [client 192.241.57.135:48476] script 'C:/home/mainframe.co.nz/index2.php' not found or unable to stat
[Mon Nov 29 13:24:41.511374 2021] [php7:error] [pid 3800:tid 1756] [client 192.241.57.135:48704] script 'C:/home/mainframe.co.nz/Index2.php' not found or unable to stat
[Mon Nov 29 13:26:22.812724 2021] [php7:error] [pid 3800:tid 1888] [client 192.241.57.135:51142] script 'C:/home/mainframe.co.nz/inc20k1.php' not found or unable to stat
[Mon Nov 29 13:27:43.579677 2021] [php7:error] [pid 3800:tid 1836] [client 192.241.57.135:53080] script 'C:/home/mainframe.co.nz/index2.php' not found or unable to stat
[Mon Nov 29 13:27:53.674899 2021] [php7:error] [pid 3800:tid 1888] [client 192.241.57.135:53312] script 'C:/home/mainframe.co.nz/Index2.php' not found or unable to stat
[Mon Nov 29 13:29:34.974554 2021] [php7:error] [pid 3800:tid 1860] [client 192.241.57.135:55770] script 'C:/home/mainframe.co.nz/logs/inc20k1.php' not found or unable to stat
[Mon Nov 29 13:30:55.728455 2021] [php7:error] [pid 3800:tid 1716] [client 192.241.57.135:57702] script 'C:/home/mainframe.co.nz/index2.php' not found or unable to stat
[Mon Nov 29 13:31:05.853418 2021] [php7:error] [pid 3800:tid 1744] [client 192.241.57.135:57934] script 'C:/home/mainframe.co.nz/Index2.php' not found or unable to stat
[Mon Nov 29 13:32:47.574833 2021] [php7:error] [pid 3800:tid 1964] [client 192.241.57.135:60304] script 'C:/home/mainframe.co.nz/inc20k1.php' not found or unable to stat
[Mon Nov 29 13:34:08.327171 2021] [php7:error] [pid 3800:tid 1988] [client 192.241.57.135:33974] script 'C:/home/mainframe.co.nz/index2.php' not found or unable to stat
[Mon Nov 29 13:34:18.436538 2021] [php7:error] [pid 3800:tid 1988] [client 192.241.57.135:34194] script 'C:/home/mainframe.co.nz/Index2.php' not found or unable to stat
[Mon Nov 29 13:35:14.422875 2021] [php7:error] [pid 3800:tid 2032] [client 192.241.57.135:35462] script 'C:/home/mainframe.co.nz/inc20k1.php' not found or unable to stat
[Mon Nov 29 13:36:35.190429 2021] [php7:error] [pid 3800:tid 2004] [client 192.241.57.135:37328] script 'C:/home/mainframe.co.nz/index2.php' not found or unable to stat
[Mon Nov 29 13:36:45.301056 2021] [php7:error] [pid 3800:tid 1980] [client 192.241.57.135:37558] script 'C:/home/mainframe.co.nz/Index2.php' not found or unable to stat
[Mon Nov 29 13:38:26.584744 2021] [php7:error] [pid 3800:tid 1980] [client 192.241.57.135:39926] script 'C:/home/mainframe.co.nz/inc20k1.php' not found or unable to stat
[Mon Nov 29 13:39:47.338533 2021] [php7:error] [pid 3800:tid 2028] [client 192.241.57.135:41730] script 'C:/home/mainframe.co.nz/index2.php' not found or unable to stat
[Mon Nov 29 13:39:57.432266 2021] [php7:error] [pid 3800:tid 2004] [client 192.241.57.135:41928] script 'C:/home/mainframe.co.nz/Index2.php' not found or unable to stat
[Mon Nov 29 13:41:39.058650 2021] [php7:error] [pid 3800:tid 2044] [client 192.241.57.135:44210] script 'C:/home/mainframe.co.nz/logs/inc20k1.php' not found or unable to stat
[Mon Nov 29 13:42:59.796914 2021] [php7:error] [pid 3800:tid 1708] [client 192.241.57.135:46012] script 'C:/home/mainframe.co.nz/index2.php' not found or unable to stat
[Mon Nov 29 13:43:09.906280 2021] [php7:error] [pid 3800:tid 2004] [client 192.241.57.135:46248] script 'C:/home/mainframe.co.nz/Index2.php' not found or unable to stat
[Mon Nov 29 13:44:51.191132 2021] [php7:error] [pid 3800:tid 1652] [client 192.241.57.135:48600] script 'C:/home/mainframe.co.nz/inc20k1.php' not found or unable to stat
[Mon Nov 29 13:46:11.942393 2021] [php7:error] [pid 3800:tid 1652] [client 192.241.57.135:50448] script 'C:/home/mainframe.co.nz/index2.php' not found or unable to stat
[Mon Nov 29 13:46:22.051756 2021] [php7:error] [pid 3800:tid 1860] [client 192.241.57.135:50662] script 'C:/home/mainframe.co.nz/Index2.php' not found or unable to stat
[Mon Nov 29 14:32:12.470124 2021] [php7:error] [pid 3800:tid 1844] [client 13.38.47.239:63385] script 'C:/home/mainframe.co.nz/xmlrpc.php' not found or unable to stat
[Tue Nov 30 01:48:12.639317 2021] [php7:error] [pid 3800:tid 2028] [client 173.212.224.116:29683] script 'C:/home/mainframe.co.nz/auto_seo.php' not found or unable to stat, referer: mainframe.co.nz
[Tue Nov 30 11:29:01.386745 2021] [php7:error] [pid 3800:tid 2036] [client 159.146.72.74:40450] script 'C:/home/mainframe.co.nz/xmlrpc.php' not found or unable to stat
[Tue Nov 30 11:58:32.836829 2021] [php7:error] [pid 3800:tid 1660] [client 173.249.33.122:33092] script 'C:/home/mainframe.co.nz/index.php' not found or unable to stat, referer: mainframe.co.nz
[Wed Dec 01 12:43:30.679058 2021] [php7:error] [pid 3800:tid 2032] [client 162.255.45.9:61800] script 'C:/home/mainframe.co.nz/xmlrpc.php' not found or unable to stat
[Wed Dec 01 12:43:35.429060 2021] [php7:error] [pid 3800:tid 1988] [client 162.255.45.9:21246] script 'C:/home/mainframe.co.nz/xmlrpc.php' not found or unable to stat
[Thu Dec 02 11:17:18.329443 2021] [php7:error] [pid 3800:tid 1924] [client 159.242.234.184:10676] script 'C:/home/mainframe.co.nz/xmlrpc.php' not found or unable to stat
[Thu Dec 02 12:12:49.167712 2021] [php7:error] [pid 7808:tid 1176] [client 206.198.224.7:7752] script 'C:/home/mainframe.co.nz/index.php' not found or unable to stat
[Thu Dec 02 12:12:49.214583 2021] [php7:error] [pid 7808:tid 1496] [client 206.198.224.7:7776] script 'C:/home/mainframe.co.nz/logs/index.php' not found or unable to stat
[Thu Dec 02 12:14:37.653498 2021] [php7:error] [pid 7808:tid 1176] [client 206.198.224.7:33234] script 'C:/home/mainframe.co.nz/index.php' not found or unable to stat
[Thu Dec 02 12:14:37.747136 2021] [php7:error] [pid 7808:tid 1176] [client 206.198.224.7:33266] script 'C:/home/mainframe.co.nz/logs/index.php' not found or unable to stat
[Fri Dec 03 08:39:46.230223 2021] [php7:error] [pid 7808:tid 1020] [client 3.10.198.197:62493] script 'C:/home/mainframe.co.nz/xmlrpc.php' not found or unable to stat
[Fri Dec 03 13:08:41.324263 2021] [php7:error] [pid 7808:tid 1468] [client 52.249.253.235:55403] script 'C:/home/mainframe.co.nz/1index.php' not found or unable to stat, referer: www.google.com
[Fri Dec 03 13:18:23.284791 2021] [php7:error] [pid 7808:tid 1000] [client 3.10.198.197:63278] script 'C:/home/mainframe.co.nz/xmlrpc.php' not found or unable to stat
[Fri Dec 03 15:43:33.059482 2021] [core:error] [pid 7808:tid 1280] (20024)The given path is misformatted or contained invalid characters: [client 114.119.148.49:9058] AH00127: Cannot map GET /mailto:sales@mainframe.co.nz HTTP/1.1 to file
[Sat Dec 04 02:43:14.523247 2021] [php7:error] [pid 7808:tid 1256] [client 3.10.198.197:54797] script 'C:/home/mainframe.co.nz/xmlrpc.php' not found or unable to stat
[Sat Dec 04 18:30:48.889218 2021] [php7:error] [pid 964:tid 1228] [client 185.61.153.77:53200] script 'C:/home/mainframe.co.nz/wp-login.php' not found or unable to stat
[Sat Dec 04 18:30:48.889218 2021] [php7:error] [pid 964:tid 1260] [client 185.61.153.77:53198] script 'C:/home/mainframe.co.nz/wp-login.php' not found or unable to stat
[Sun Dec 05 07:28:11.301649 2021] [php7:error] [pid 964:tid 1472] [client 40.79.249.244:2887] script 'C:/home/mainframe.co.nz/xmlrpc.php' not found or unable to stat
[Sun Dec 05 07:28:11.301649 2021] [php7:error] [pid 964:tid 1004] [client 40.79.249.244:2888] script 'C:/home/mainframe.co.nz/xmlrpc.php' not found or unable to stat
[Sun Dec 05 12:04:05.766380 2021] [php7:error] [pid 964:tid 1480] [client 52.249.253.235:59372] script 'C:/home/mainframe.co.nz/1index.php' not found or unable to stat, referer: www.google.com
[Sun Dec 05 15:08:23.787846 2021] [php7:error] [pid 964:tid 1456] [client 204.48.26.148:39590] script 'C:/home/mainframe.co.nz/old-index.php' not found or unable to stat, referer: mainframe.co.nz
[Sun Dec 05 15:10:37.730168 2021] [php7:error] [pid 964:tid 1456] [client 204.48.26.148:50694] script 'C:/home/mainframe.co.nz/wp-load.php' not found or unable to stat, referer: mainframe.co.nz
[Mon Dec 06 22:36:51.729866 2021] [php7:error] [pid 9780:tid 1448] [client 14.29.173.223:63567] script 'C:/home/mainframe.co.nz/wp-login.php' not found or unable to stat
[Tue Dec 07 15:06:31.420509 2021] [php7:error] [pid 9780:tid 1476] [client 194.113.235.231:50358] script 'C:/home/mainframe.co.nz/400.php' not found or unable to stat, referer: http://mainframe.co.nz/400.php
[Wed Dec 08 11:07:34.641987 2021] [php7:error] [pid 9780:tid 1288] [client 207.154.244.58:57024] script 'C:/home/mainframe.co.nz/wp-login.php' not found or unable to stat
[Wed Dec 08 11:07:34.641987 2021] [php7:error] [pid 9780:tid 1092] [client 207.154.244.58:57022] script 'C:/home/mainframe.co.nz/wp-login.php' not found or unable to stat
[Thu Dec 09 15:02:22.948853 2021] [php7:error] [pid 9780:tid 1040] [client 47.243.171.82:52792] script 'C:/home/mainframe.co.nz/wp-login.php' not found or unable to stat
[Thu Dec 09 15:02:22.948853 2021] [php7:error] [pid 9780:tid 1388] [client 47.243.171.82:52796] script 'C:/home/mainframe.co.nz/wp-login.php' not found or unable to stat
[Thu Dec 09 15:02:22.964451 2021] [php7:error] [pid 9780:tid 1472] [client 47.243.171.82:52794] script 'C:/home/mainframe.co.nz/wp-login.php' not found or unable to stat
[Thu Dec 09 15:02:22.964451 2021] [php7:error] [pid 9780:tid 1212] [client 47.243.171.82:52800] script 'C:/home/mainframe.co.nz/wp-login.php' not found or unable to stat
[Thu Dec 09 15:02:22.964451 2021] [php7:error] [pid 9780:tid 1396] [client 47.243.171.82:52798] script 'C:/home/mainframe.co.nz/wp-login.php' not found or unable to stat
[Fri Dec 10 05:31:20.820883 2021] [php7:error] [pid 9780:tid 1244] [client 51.195.45.190:33616] script 'C:/home/mainframe.co.nz/reset.php' not found or unable to stat
[Fri Dec 10 09:55:38.227929 2021] [php7:error] [pid 9780:tid 1404] [client 174.138.6.122:55258] script 'C:/home/mainframe.co.nz/wp-login.php' not found or unable to stat
[Fri Dec 10 12:33:55.392935 2021] [core:error] [pid 9780:tid 1476] (20024)The given path is misformatted or contained invalid characters: [client 114.119.148.4:36538] AH00127: Cannot map GET /mailto:sales@mainframe.co.nz HTTP/1.1 to file
[Fri Dec 10 17:41:34.520248 2021] [core:error] [pid 9780:tid 1312] [client 84.17.48.84:59462] AH00126: Invalid URI in request POST /cgi-bin/.%2E/%2E%2E/%2E%2E/%2E%2E/%2E%2E/bin/bash HTTP/1.1
[Sun Dec 12 03:11:54.950294 2021] [php7:error] [pid 9780:tid 1264] [client 146.59.229.213:51212] script 'C:/home/mainframe.co.nz/index.php' not found or unable to stat
[Sun Dec 12 03:11:55.247208 2021] [php7:error] [pid 9780:tid 1360] [client 146.59.229.213:51300] script 'C:/home/mainframe.co.nz/logs/index.php' not found or unable to stat
[Sun Dec 12 03:13:11.501986 2021] [php7:error] [pid 9780:tid 1320] [client 146.59.229.213:38364] script 'C:/home/mainframe.co.nz/index.php' not found or unable to stat
[Sun Dec 12 03:13:15.392610 2021] [php7:error] [pid 9780:tid 1252] [client 146.59.229.213:40530] script 'C:/home/mainframe.co.nz/logs/index.php' not found or unable to stat
[Sun Dec 12 18:31:19.290936 2021] [php7:error] [pid 9780:tid 1404] [client 46.161.27.142:34492] script 'C:/home/mainframe.co.nz/wp-login.php' not found or unable to stat
[Tue Dec 14 03:20:27.951842 2021] [php7:error] [pid 9292:tid 1312] [client 159.223.62.240:57435] script 'C:/home/mainframe.co.nz/phpinfo.php' not found or unable to stat
[Tue Dec 14 03:20:38.170584 2021] [php7:error] [pid 9292:tid 1312] [client 159.223.62.240:62116] script 'C:/home/mainframe.co.nz/info.php' not found or unable to stat
[Tue Dec 14 04:12:43.855166 2021] [php7:error] [pid 9292:tid 1172] [client 87.251.85.227:56313] script 'C:/home/mainframe.co.nz/help.php' not found or unable to stat, referer: http://mainframe.co.nz/help.php
[Tue Dec 14 09:09:03.160885 2021] [php7:error] [pid 9292:tid 1468] [client 159.65.148.166:45302] script 'C:/home/mainframe.co.nz/wp-login.php' not found or unable to stat
[Tue Dec 14 09:09:03.176492 2021] [php7:error] [pid 9292:tid 1372] [client 159.65.148.166:45306] script 'C:/home/mainframe.co.nz/wp-login.php' not found or unable to stat
[Tue Dec 14 09:09:03.192123 2021] [php7:error] [pid 9292:tid 1460] [client 159.65.148.166:45304] script 'C:/home/mainframe.co.nz/wp-login.php' not found or unable to stat
[Tue Dec 14 09:09:03.192123 2021] [php7:error] [pid 9292:tid 1036] [client 159.65.148.166:45308] script 'C:/home/mainframe.co.nz/wp-login.php' not found or unable to stat
[Tue Dec 14 09:09:03.192123 2021] [php7:error] [pid 9292:tid 1100] [client 159.65.148.166:45300] script 'C:/home/mainframe.co.nz/wp-login.php' not found or unable to stat
[Wed Dec 15 02:21:46.415610 2021] [php7:error] [pid 9292:tid 1192] [client 104.236.217.60:40282] script 'C:/home/mainframe.co.nz/wp-load.php' not found or unable to stat, referer: mainframe.co.nz
[Wed Dec 15 02:23:24.534063 2021] [php7:error] [pid 9292:tid 1444] [client 104.236.217.60:32972] script 'C:/home/mainframe.co.nz/old-index.php' not found or unable to stat, referer: mainframe.co.nz
[Wed Dec 15 11:42:32.287627 2021] [php7:error] [pid 9292:tid 1128] [client 46.148.231.121:53952] script 'C:/home/mainframe.co.nz/license.php' not found or unable to stat
[Wed Dec 15 11:42:32.397070 2021] [php7:error] [pid 9292:tid 1128] [client 46.148.231.121:53952] script 'C:/home/mainframe.co.nz/license.php' not found or unable to stat
[Thu Dec 16 05:15:09.078264 2021] [php7:error] [pid 9292:tid 1116] [client 46.190.126.80:17804] script 'C:/home/mainframe.co.nz/wp-login.php' not found or unable to stat
[Thu Dec 16 05:15:14.092671 2021] [php7:error] [pid 9292:tid 1116] [client 46.190.126.80:17915] script 'C:/home/mainframe.co.nz/admin.php' not found or unable to stat
[Thu Dec 16 09:16:35.511703 2021] [core:error] [pid 9292:tid 1492] (20024)The given path is misformatted or contained invalid characters: [client 87.250.224.58:34392] AH00127: Cannot map GET /mailto:sales@mainframe.co.nz HTTP/1.1 to file
[Thu Dec 16 09:16:50.481871 2021] [core:error] [pid 9292:tid 1072] (20024)The given path is misformatted or contained invalid characters: [client 5.45.207.119:57522] AH00127: Cannot map GET /mailto:sales@mainframe.co.nz HTTP/1.1 to file
[Thu Dec 16 09:23:38.661081 2021] [php7:error] [pid 9292:tid 1028] [client 159.223.62.240:62794] script 'C:/home/mainframe.co.nz/ccaef.php' not found or unable to stat
[Thu Dec 16 09:23:40.457953 2021] [php7:error] [pid 9292:tid 1028] [client 159.223.62.240:62794] script 'C:/home/mainframe.co.nz/ccaef.php' not found or unable to stat
[Thu Dec 16 09:23:42.192337 2021] [php7:error] [pid 9292:tid 1028] [client 159.223.62.240:62794] script 'C:/home/mainframe.co.nz/ccaef.php' not found or unable to stat
[Thu Dec 16 09:23:44.067317 2021] [php7:error] [pid 9292:tid 1028] [client 159.223.62.240:62794] script 'C:/home/mainframe.co.nz/ccaef.php' not found or unable to stat
[Thu Dec 16 10:29:41.805193 2021] [php7:error] [pid 9292:tid 1444] [client 67.205.148.97:35190] script 'C:/home/mainframe.co.nz/wp-login.php' not found or unable to stat, referer: mainframe.co.nz
[Thu Dec 16 11:12:20.756162 2021] [php7:error] [pid 9292:tid 1296] [client 87.251.85.227:52907] script 'C:/home/mainframe.co.nz/0.php' not found or unable to stat, referer: http://mainframe.co.nz/0.php
[Fri Dec 17 02:22:06.731529 2021] [php7:error] [pid 9292:tid 1472] [client 41.143.58.211:56628] script 'C:/home/mainframe.co.nz/wp-login.php' not found or unable to stat
[Fri Dec 17 02:22:07.075279 2021] [php7:error] [pid 9292:tid 1472] [client 41.143.58.211:56628] script 'C:/home/mainframe.co.nz/admin.php' not found or unable to stat
[Fri Dec 17 05:24:28.089476 2021] [php7:error] [pid 9292:tid 1036] [client 165.227.115.229:43882] script 'C:/home/mainframe.co.nz/wp-login.php' not found or unable to stat, referer: http://mainframe.co.nz
[Fri Dec 17 09:46:09.201202 2021] [php7:error] [pid 9292:tid 1028] [client 34.78.226.245:47676] script 'C:/home/mainframe.co.nz/install.php' not found or unable to stat
[Fri Dec 17 13:21:20.688728 2021] [php7:error] [pid 9292:tid 1460] [client 102.51.16.170:49989] script 'C:/home/mainframe.co.nz/admin.php' not found or unable to stat
[Fri Dec 17 14:21:08.641706 2021] [php7:error] [pid 9292:tid 1156] [client 192.241.57.135:44764] script 'C:/home/mainframe.co.nz/inc20k1.php' not found or unable to stat
[Fri Dec 17 14:22:29.408491 2021] [php7:error] [pid 9292:tid 1028] [client 192.241.57.135:46440] script 'C:/home/mainframe.co.nz/index2.php' not found or unable to stat
[Fri Dec 17 14:22:39.517915 2021] [php7:error] [pid 9292:tid 1028] [client 192.241.57.135:46652] script 'C:/home/mainframe.co.nz/Index2.php' not found or unable to stat
[Fri Dec 17 14:24:20.818791 2021] [php7:error] [pid 9292:tid 1412] [client 192.241.57.135:49400] script 'C:/home/mainframe.co.nz/inc20k1.php' not found or unable to stat
[Fri Dec 17 14:25:41.570186 2021] [php7:error] [pid 9292:tid 1036] [client 192.241.57.135:52136] script 'C:/home/mainframe.co.nz/index2.php' not found or unable to stat
[Fri Dec 17 14:25:51.679581 2021] [php7:error] [pid 9292:tid 1028] [client 192.241.57.135:52472] script 'C:/home/mainframe.co.nz/Index2.php' not found or unable to stat
[Fri Dec 17 14:27:52.966040 2021] [php7:error] [pid 9292:tid 1396] [client 192.241.57.135:56588] script 'C:/home/mainframe.co.nz/logs/inc20k1.php' not found or unable to stat
[Fri Dec 17 14:29:13.718410 2021] [php7:error] [pid 9292:tid 1372] [client 192.241.57.135:59174] script 'C:/home/mainframe.co.nz/index2.php' not found or unable to stat
[Fri Dec 17 14:29:23.843407 2021] [php7:error] [pid 9292:tid 1372] [client 192.241.57.135:59476] script 'C:/home/mainframe.co.nz/Index2.php' not found or unable to stat
[Fri Dec 17 14:31:05.440974 2021] [php7:error] [pid 9292:tid 1172] [client 192.241.57.135:34170] script 'C:/home/mainframe.co.nz/inc20k1.php' not found or unable to stat
[Fri Dec 17 14:32:26.223543 2021] [php7:error] [pid 9292:tid 1172] [client 192.241.57.135:36412] script 'C:/home/mainframe.co.nz/index2.php' not found or unable to stat
[Fri Dec 17 14:32:36.332914 2021] [php7:error] [pid 9292:tid 1344] [client 192.241.57.135:36682] script 'C:/home/mainframe.co.nz/Index2.php' not found or unable to stat
[Fri Dec 17 14:54:28.740350 2021] [php7:error] [pid 9292:tid 1184] [client 192.241.57.135:41916] script 'C:/home/mainframe.co.nz/inc20k1.php' not found or unable to stat
[Fri Dec 17 14:55:49.494104 2021] [php7:error] [pid 9292:tid 1360] [client 192.241.57.135:43794] script 'C:/home/mainframe.co.nz/index2.php' not found or unable to stat
[Fri Dec 17 14:55:59.603482 2021] [php7:error] [pid 9292:tid 1100] [client 192.241.57.135:44008] script 'C:/home/mainframe.co.nz/Index2.php' not found or unable to stat
[Fri Dec 17 14:57:40.948554 2021] [php7:error] [pid 9292:tid 1244] [client 192.241.57.135:46272] script 'C:/home/mainframe.co.nz/inc20k1.php' not found or unable to stat
[Fri Dec 17 14:59:01.718427 2021] [php7:error] [pid 9292:tid 1468] [client 192.241.57.135:48070] script 'C:/home/mainframe.co.nz/index2.php' not found or unable to stat
[Fri Dec 17 14:59:11.827823 2021] [php7:error] [pid 9292:tid 1088] [client 192.241.57.135:48288] script 'C:/home/mainframe.co.nz/Index2.php' not found or unable to stat
[Fri Dec 17 15:00:53.444198 2021] [php7:error] [pid 9292:tid 1100] [client 192.241.57.135:50496] script 'C:/home/mainframe.co.nz/logs/inc20k1.php' not found or unable to stat
[Fri Dec 17 15:02:14.211559 2021] [php7:error] [pid 9292:tid 1148] [client 192.241.57.135:52204] script 'C:/home/mainframe.co.nz/index2.php' not found or unable to stat
[Fri Dec 17 15:02:24.711553 2021] [php7:error] [pid 9292:tid 1148] [client 192.241.57.135:52440] script 'C:/home/mainframe.co.nz/Index2.php' not found or unable to stat
[Fri Dec 17 15:04:06.344465 2021] [php7:error] [pid 9292:tid 988] [client 192.241.57.135:54532] script 'C:/home/mainframe.co.nz/inc20k1.php' not found or unable to stat
[Fri Dec 17 15:05:27.106181 2021] [php7:error] [pid 9292:tid 988] [client 192.241.57.135:56162] script 'C:/home/mainframe.co.nz/index2.php' not found or unable to stat
[Fri Dec 17 15:05:37.215575 2021] [php7:error] [pid 9292:tid 988] [client 192.241.57.135:56386] script 'C:/home/mainframe.co.nz/Index2.php' not found or unable to stat
[Sat Dec 18 09:55:00.111566 2021] [php7:error] [pid 9292:tid 1228] [client 72.167.42.45:38826] script 'C:/home/mainframe.co.nz/wp-login.php' not found or unable to stat
[Sat Dec 18 18:28:57.961963 2021] [core:error] [pid 9292:tid 1236] (20024)The given path is misformatted or contained invalid characters: [client 114.119.148.88:28834] AH00127: Cannot map GET /mailto:sales@mainframe.co.nz HTTP/1.1 to file
[Sun Dec 19 02:06:56.475599 2021] [php7:error] [pid 9292:tid 1444] [client 87.251.85.227:37275] script 'C:/home/mainframe.co.nz/1.php' not found or unable to stat, referer: http://mainframe.co.nz/1.php
[Sun Dec 19 06:40:31.929887 2021] [php7:error] [pid 9292:tid 1500] [client 185.3.235.206:53848] script 'C:/home/mainframe.co.nz/wp-login.php' not found or unable to stat
[Sun Dec 19 06:40:32.929860 2021] [php7:error] [pid 9292:tid 1500] [client 185.3.235.206:53850] script 'C:/home/mainframe.co.nz/wp-login.php' not found or unable to stat
[Sun Dec 19 08:03:48.388495 2021] [php7:error] [pid 9292:tid 1088] [client 20.62.92.207:38242] script 'C:/home/mainframe.co.nz/xmlrpc.php' not found or unable to stat
[Mon Dec 20 08:20:37.054118 2021] [php7:error] [pid 9292:tid 1228] [client 14.29.217.108:58090] script 'C:/home/mainframe.co.nz/wp-login.php' not found or unable to stat
[Tue Dec 21 10:07:30.559952 2021] [php7:error] [pid 9292:tid 1016] [client 46.71.103.95:50050] script 'C:/home/mainframe.co.nz/wp-login.php' not found or unable to stat, referer: http://mainframe.co.nz/wp-login.php
[Tue Dec 21 10:08:16.624846 2021] [php7:error] [pid 9292:tid 1252] [client 46.71.103.95:60024] script 'C:/home/mainframe.co.nz/admin.php' not found or unable to stat, referer: http://mainframe.co.nz/admin.php
[Tue Dec 21 11:01:38.654958 2021] [php7:error] [pid 9292:tid 1172] [client 87.251.85.227:52173] script 'C:/home/mainframe.co.nz/2.php' not found or unable to stat, referer: http://mainframe.co.nz/2.php
[Tue Dec 21 11:07:36.374417 2021] [php7:error] [pid 9292:tid 1148] [client 196.245.160.211:39093] script 'C:/home/mainframe.co.nz/index.php' not found or unable to stat
[Tue Dec 21 11:07:36.999149 2021] [php7:error] [pid 9292:tid 1412] [client 196.245.160.211:41022] script 'C:/home/mainframe.co.nz/index.php' not found or unable to stat
[Tue Dec 21 11:07:37.641156 2021] [php7:error] [pid 9292:tid 1412] [client 196.245.160.211:39323] script 'C:/home/mainframe.co.nz/modules.php' not found or unable to stat
[Tue Dec 21 11:07:38.920951 2021] [php7:error] [pid 9292:tid 1412] [client 196.245.160.211:50047] script 'C:/home/mainframe.co.nz/index.php' not found or unable to stat
[Tue Dec 21 11:07:39.561568 2021] [php7:error] [pid 9292:tid 1412] [client 196.245.160.211:58338] script 'C:/home/mainframe.co.nz/home.php' not found or unable to stat
[Tue Dec 21 11:07:41.483447 2021] [php7:error] [pid 9292:tid 1412] [client 196.245.160.211:43513] script 'C:/home/mainframe.co.nz/logs/index.php' not found or unable to stat
[Tue Dec 21 11:07:42.124071 2021] [php7:error] [pid 9292:tid 1148] [client 196.245.160.211:35595] script 'C:/home/mainframe.co.nz/logs/index.php' not found or unable to stat
[Tue Dec 21 11:07:42.749067 2021] [php7:error] [pid 9292:tid 1148] [client 196.245.160.211:33475] script 'C:/home/mainframe.co.nz/logs/modules.php' not found or unable to stat
[Tue Dec 21 11:07:44.108467 2021] [php7:error] [pid 9292:tid 1336] [client 196.245.160.211:34179] script 'C:/home/mainframe.co.nz/logs/index.php' not found or unable to stat
[Tue Dec 21 11:07:44.827204 2021] [php7:error] [pid 9292:tid 1396] [client 196.245.160.211:58102] script 'C:/home/mainframe.co.nz/logs/home.php' not found or unable to stat
[Tue Dec 21 14:50:27.051235 2021] [php7:error] [pid 9292:tid 1016] [client 95.110.154.79:43649] script 'C:/home/mainframe.co.nz/old-index.php' not found or unable to stat, referer: mainframe.co.nz
[Tue Dec 21 14:51:14.349894 2021] [php7:error] [pid 9292:tid 1008] [client 95.110.154.79:48343] script 'C:/home/mainframe.co.nz/wp-load.php' not found or unable to stat, referer: mainframe.co.nz
[Thu Dec 23 14:50:21.747277 2021] [php7:error] [pid 9292:tid 1296] [client 52.151.250.45:49651] script 'C:/home/mainframe.co.nz/phpinfo.php' not found or unable to stat
[Thu Dec 23 14:50:22.794161 2021] [php7:error] [pid 9292:tid 1296] [client 52.151.250.45:49795] script 'C:/home/mainframe.co.nz/info.php' not found or unable to stat
[Thu Dec 23 14:50:41.716021 2021] [php7:error] [pid 9292:tid 1296] [client 52.151.250.45:50632] script 'C:/home/mainframe.co.nz/phpinfo.php' not found or unable to stat
[Thu Dec 23 14:50:42.903533 2021] [php7:error] [pid 9292:tid 1128] [client 52.151.250.45:50795] script 'C:/home/mainframe.co.nz/info.php' not found or unable to stat
[Thu Dec 23 20:33:25.717469 2021] [php7:error] [pid 9292:tid 1080] [client 2.56.59.43:65278] script 'C:/home/mainframe.co.nz/xmlrpc.php' not found or unable to stat
[Fri Dec 24 02:31:54.614748 2021] [php7:error] [pid 9292:tid 1288] [client 87.251.85.227:53145] script 'C:/home/mainframe.co.nz/3.php' not found or unable to stat, referer: http://mainframe.co.nz/3.php
[Fri Dec 24 15:43:55.574661 2021] [core:error] [pid 9292:tid 1460] (20024)The given path is misformatted or contained invalid characters: [client 114.119.148.49:59130] AH00127: Cannot map GET /mailto:sales@mainframe.co.nz HTTP/1.1 to file
[Fri Dec 24 21:53:19.687048 2021] [php7:error] [pid 9292:tid 1296] [client 45.227.255.159:36238] script 'C:/home/mainframe.co.nz/wp-login.php' not found or unable to stat
[Sun Dec 26 10:01:40.960791 2021] [php7:error] [pid 11708:tid 1484] [client 85.202.169.18:54217] script 'C:/home/mainframe.co.nz/style.php' not found or unable to stat, referer: anonymousfox.co
[Sun Dec 26 10:01:47.010147 2021] [php7:error] [pid 11708:tid 1484] [client 85.202.169.18:62402] script 'C:/home/mainframe.co.nz/moduless.php' not found or unable to stat, referer: anonymousfox.co
[Sun Dec 26 10:02:02.603799 2021] [php7:error] [pid 11708:tid 1328] [client 85.202.169.18:52998] script 'C:/home/mainframe.co.nz/admin.php' not found or unable to stat, referer: anonymousfox.co
[Sun Dec 26 10:02:08.728766 2021] [php7:error] [pid 11708:tid 1328] [client 85.202.169.18:54990] script 'C:/home/mainframe.co.nz/index.php' not found or unable to stat, referer: anonymousfox.co
[Sun Dec 26 10:02:13.635012 2021] [php7:error] [pid 11708:tid 1420] [client 85.202.169.18:57857] script 'C:/home/mainframe.co.nz/boom.php' not found or unable to stat, referer: anonymousfox.co
[Sun Dec 26 10:02:57.198800 2021] [php7:error] [pid 11708:tid 1324] [client 85.202.169.18:63704] script 'C:/home/mainframe.co.nz/xmlrp.php' not found or unable to stat, referer: anonymousfox.co
[Sun Dec 26 10:03:06.995689 2021] [php7:error] [pid 11708:tid 1484] [client 85.202.169.18:59193] script 'C:/home/mainframe.co.nz/wpindex.php' not found or unable to stat, referer: anonymousfox.co
[Sun Dec 26 10:03:11.745678 2021] [php7:error] [pid 11708:tid 1324] [client 85.202.169.18:63905] script 'C:/home/mainframe.co.nz/larva.php' not found or unable to stat, referer: anonymousfox.co
[Sun Dec 26 10:03:17.198788 2021] [php7:error] [pid 11708:tid 1324] [client 85.202.169.18:62261] script 'C:/home/mainframe.co.nz/th3_err0r.php' not found or unable to stat, referer: anonymousfox.co
[Sun Dec 26 10:03:22.745668 2021] [php7:error] [pid 11708:tid 1484] [client 85.202.169.18:54976] script 'C:/home/mainframe.co.nz/alfindex.php' not found or unable to stat, referer: anonymousfox.co
[Sun Dec 26 10:03:25.495666 2021] [php7:error] [pid 11708:tid 1484] [client 85.202.169.18:56318] script 'C:/home/mainframe.co.nz/alfa.php' not found or unable to stat, referer: anonymousfox.co
[Sun Dec 26 10:03:34.995740 2021] [php7:error] [pid 11708:tid 1484] [client 85.202.169.18:51589] script 'C:/home/mainframe.co.nz/wp-booking.php' not found or unable to stat, referer: anonymousfox.co
[Sun Dec 26 10:03:39.901928 2021] [php7:error] [pid 11708:tid 1484] [client 85.202.169.18:59280] script 'C:/home/mainframe.co.nz/cindex.php' not found or unable to stat, referer: anonymousfox.co
[Sun Dec 26 10:03:56.436935 2021] [php7:error] [pid 11708:tid 1484] [client 85.202.169.18:56550] script 'C:/home/mainframe.co.nz/wp-1ogin_bak.php' not found or unable to stat, referer: anonymousfox.co
[Sun Dec 26 10:04:32.265148 2021] [php7:error] [pid 11708:tid 1352] [client 85.202.169.18:53910] script 'C:/home/mainframe.co.nz/old-index.php' not found or unable to stat, referer: anonymousfox.co
[Sun Dec 26 10:04:36.968578 2021] [php7:error] [pid 11708:tid 1420] [client 85.202.169.18:51498] script 'C:/home/mainframe.co.nz/config.bak.php' not found or unable to stat, referer: anonymousfox.co
[Sun Dec 26 10:06:06.661771 2021] [php7:error] [pid 11708:tid 1468] [client 85.202.169.18:54673] script 'C:/home/mainframe.co.nz/haders.php' not found or unable to stat, referer: anonymousfox.co
[Sun Dec 26 10:07:02.803923 2021] [php7:error] [pid 11708:tid 1468] [client 85.202.169.18:61419] script 'C:/home/mainframe.co.nz/upload.php' not found or unable to stat, referer: anonymousfox.co
[Sun Dec 26 10:07:21.772633 2021] [php7:error] [pid 11708:tid 1236] [client 85.202.169.18:49514] script 'C:/home/mainframe.co.nz/test.php' not found or unable to stat, referer: anonymousfox.co
[Sun Dec 26 13:45:23.655674 2021] [php7:error] [pid 11708:tid 1444] [client 87.251.85.227:41271] script 'C:/home/mainframe.co.nz/123.php' not found or unable to stat, referer: http://mainframe.co.nz/123.php
[Sun Dec 26 14:25:09.680213 2021] [php7:error] [pid 11708:tid 1304] [client 132.148.154.149:47928] script 'C:/home/mainframe.co.nz/old-index.php' not found or unable to stat, referer: mainframe.co.nz
[Sun Dec 26 14:26:03.025355 2021] [php7:error] [pid 11708:tid 1304] [client 132.148.154.149:56656] script 'C:/home/mainframe.co.nz/wp-load.php' not found or unable to stat, referer: mainframe.co.nz
[Sun Dec 26 21:22:00.182734 2021] [core:error] [pid 11708:tid 1352] (20024)The given path is misformatted or contained invalid characters: [client 114.119.148.60:50534] AH00127: Cannot map GET /mailto:sales@mainframe.co.nz HTTP/1.1 to file
[Mon Dec 27 03:39:01.338918 2021] [php7:error] [pid 11708:tid 1096] [client 159.89.202.235:63639] script 'C:/home/mainframe.co.nz/xmlrpc.php' not found or unable to stat
[Mon Dec 27 05:03:21.233627 2021] [php7:error] [pid 11708:tid 872] [client 5.62.58.39:1269] script 'C:/home/mainframe.co.nz/xmlrpc.php' not found or unable to stat
[Mon Dec 27 06:35:44.357696 2021] [php7:error] [pid 11708:tid 1124] [client 45.227.255.159:58466] script 'C:/home/mainframe.co.nz/wp-login.php' not found or unable to stat
[Tue Dec 28 14:15:40.719980 2021] [php7:error] [pid 11708:tid 1304] [client 195.208.139.77:51085] script 'C:/home/mainframe.co.nz/wp-login.php' not found or unable to stat
[Tue Dec 28 14:15:41.204362 2021] [php7:error] [pid 11708:tid 1304] [client 195.208.139.77:51096] script 'C:/home/mainframe.co.nz/admin.php' not found or unable to stat
[Tue Dec 28 14:15:44.673126 2021] [php7:error] [pid 11708:tid 1304] [client 5.45.100.222:38730] script 'C:/home/mainframe.co.nz/wp-login.php' not found or unable to stat
[Tue Dec 28 14:15:46.424858 2021] [php7:error] [pid 11708:tid 1304] [client 162.247.74.204:33196] script 'C:/home/mainframe.co.nz/admin.php' not found or unable to stat
[Tue Dec 28 19:17:27.256566 2021] [php7:error] [pid 11708:tid 1152] [client 37.204.176.133:54866] script 'C:/home/mainframe.co.nz/wp-login.php' not found or unable to stat
[Tue Dec 28 19:17:27.616144 2021] [php7:error] [pid 11708:tid 1152] [client 37.204.176.133:54879] script 'C:/home/mainframe.co.nz/admin.php' not found or unable to stat
[Tue Dec 28 19:17:33.022235 2021] [php7:error] [pid 11708:tid 1452] [client 185.220.100.248:27484] script 'C:/home/mainframe.co.nz/wp-login.php' not found or unable to stat
[Tue Dec 28 19:17:35.647199 2021] [php7:error] [pid 11708:tid 1152] [client 89.163.252.230:39223] script 'C:/home/mainframe.co.nz/admin.php' not found or unable to stat
[Tue Dec 28 23:24:39.055564 2021] [php7:error] [pid 11708:tid 872] [client 85.249.19.159:59224] script 'C:/home/mainframe.co.nz/wp-login.php' not found or unable to stat
[Tue Dec 28 23:24:39.633681 2021] [php7:error] [pid 11708:tid 872] [client 85.249.19.159:44880] script 'C:/home/mainframe.co.nz/admin.php' not found or unable to stat
[Tue Dec 28 23:24:50.914926 2021] [php7:error] [pid 11708:tid 1420] [client 185.220.101.24:19834] script 'C:/home/mainframe.co.nz/wp-login.php' not found or unable to stat
[Tue Dec 28 23:24:53.102428 2021] [php7:error] [pid 11708:tid 224] [client 185.220.101.21:21988] script 'C:/home/mainframe.co.nz/admin.php' not found or unable to stat
[Wed Dec 29 02:40:56.526146 2021] [php7:error] [pid 11708:tid 1108] [client 187.53.160.145:56792] script 'C:/home/mainframe.co.nz/wp-login.php' not found or unable to stat
[Wed Dec 29 02:40:57.166776 2021] [php7:error] [pid 11708:tid 1452] [client 187.53.160.145:56814] script 'C:/home/mainframe.co.nz/admin.php' not found or unable to stat
[Wed Dec 29 02:41:02.729274 2021] [php7:error] [pid 11708:tid 1496] [client 45.13.104.179:34480] script 'C:/home/mainframe.co.nz/wp-login.php' not found or unable to stat
[Wed Dec 29 02:41:04.541764 2021] [php7:error] [pid 11708:tid 1324] [client 45.128.133.242:40676] script 'C:/home/mainframe.co.nz/admin.php' not found or unable to stat
[Wed Dec 29 02:50:22.761286 2021] [php7:error] [pid 11708:tid 1288] [client 132.191.0.106:46449] script 'C:/home/mainframe.co.nz/wp-login.php' not found or unable to stat
[Wed Dec 29 02:50:23.979962 2021] [php7:error] [pid 11708:tid 1288] [client 132.191.0.106:46551] script 'C:/home/mainframe.co.nz/admin.php' not found or unable to stat
[Wed Dec 29 03:56:26.655971 2021] [php7:error] [pid 11708:tid 1352] [client 46.106.202.201:55582] script 'C:/home/mainframe.co.nz/wp-login.php' not found or unable to stat
[Wed Dec 29 03:56:27.155967 2021] [php7:error] [pid 11708:tid 1352] [client 46.106.202.201:55595] script 'C:/home/mainframe.co.nz/admin.php' not found or unable to stat
[Wed Dec 29 03:56:30.359100 2021] [php7:error] [pid 11708:tid 1352] [client 185.220.101.163:20078] script 'C:/home/mainframe.co.nz/wp-login.php' not found or unable to stat
[Wed Dec 29 03:56:33.905992 2021] [php7:error] [pid 11708:tid 1124] [client 94.142.241.194:12925] script 'C:/home/mainframe.co.nz/admin.php' not found or unable to stat
[Wed Dec 29 13:43:09.620552 2021] [php7:error] [pid 11708:tid 1428] [client 14.29.178.230:64822] script 'C:/home/mainframe.co.nz/wp-login.php' not found or unable to stat
[Wed Dec 29 15:18:11.211890 2021] [php7:error] [pid 11708:tid 1436] [client 45.227.255.159:42104] script 'C:/home/mainframe.co.nz/wp-login.php' not found or unable to stat
[Wed Dec 29 18:39:07.730116 2021] [php7:error] [pid 11708:tid 1204] [client 87.251.85.227:35986] script 'C:/home/mainframe.co.nz/root.php' not found or unable to stat, referer: http://mainframe.co.nz/root.php
[Thu Dec 30 05:36:37.019253 2021] [php7:error] [pid 11708:tid 1344] [client 159.89.207.75:62478] script 'C:/home/mainframe.co.nz/xmlrpc.php' not found or unable to stat
[Thu Dec 30 13:11:22.717975 2021] [php7:error] [pid 11708:tid 1428] [client 184.168.98.160:33972] script 'C:/home/mainframe.co.nz/wp-login.php' not found or unable to stat
[Thu Dec 30 22:18:09.125230 2021] [php7:error] [pid 11708:tid 1480] [client 128.199.169.101:51540] script 'C:/home/mainframe.co.nz/xmlrpc.php' not found or unable to stat
[Fri Dec 31 01:21:37.547427 2021] [php7:error] [pid 11708:tid 1180] [client 52.151.250.45:53449] script 'C:/home/mainframe.co.nz/phpinfo.php' not found or unable to stat
[Fri Dec 31 01:21:37.563049 2021] [php7:error] [pid 11708:tid 1180] [client 52.151.250.45:53452] script 'C:/home/mainframe.co.nz/info.php' not found or unable to stat
[Fri Dec 31 01:21:43.016238 2021] [php7:error] [pid 11708:tid 1180] [client 52.151.250.45:53477] script 'C:/home/mainframe.co.nz/phpinfo.php' not found or unable to stat
[Fri Dec 31 01:21:43.031799 2021] [php7:error] [pid 11708:tid 1180] [client 52.151.250.45:53480] script 'C:/home/mainframe.co.nz/info.php' not found or unable to stat
[Fri Dec 31 07:46:27.579851 2021] [php7:error] [pid 11708:tid 1116] [client 101.0.81.254:42990] script 'C:/home/mainframe.co.nz/wp-login.php' not found or unable to stat
[Sat Jan 01 00:24:02.760364 2022] [php7:error] [pid 11708:tid 1124] [client 45.227.255.159:33652] script 'C:/home/mainframe.co.nz/wp-login.php' not found or unable to stat
[Sat Jan 01 00:52:43.914493 2022] [php7:error] [pid 11708:tid 1460] [client 20.114.248.64:59544] script 'C:/home/mainframe.co.nz/xmlrpc.php' not found or unable to stat
[Sat Jan 01 02:44:18.531095 2022] [php7:error] [pid 11708:tid 876] [client 87.251.85.227:49884] script 'C:/home/mainframe.co.nz/roots.php' not found or unable to stat, referer: http://mainframe.co.nz/roots.php
[Sat Jan 01 07:34:09.253334 2022] [php7:error] [pid 11708:tid 1180] [client 85.214.156.198:63079] script 'C:/home/mainframe.co.nz/a.php' not found or unable to stat
[Sat Jan 01 07:34:09.597080 2022] [php7:error] [pid 11708:tid 1180] [client 85.214.156.198:63079] script 'C:/home/mainframe.co.nz/z.php' not found or unable to stat
[Sat Jan 01 07:34:10.019025 2022] [php7:error] [pid 11708:tid 1180] [client 85.214.156.198:63079] script 'C:/home/mainframe.co.nz/e.php' not found or unable to stat
[Sat Jan 01 07:34:10.565837 2022] [php7:error] [pid 11708:tid 1180] [client 85.214.156.198:63079] script 'C:/home/mainframe.co.nz/r.php' not found or unable to stat
[Sat Jan 01 07:34:10.815839 2022] [php7:error] [pid 11708:tid 1180] [client 85.214.156.198:63079] script 'C:/home/mainframe.co.nz/mawar.php' not found or unable to stat
[Sat Jan 01 07:34:11.175234 2022] [php7:error] [pid 11708:tid 1180] [client 85.214.156.198:63079] script 'C:/home/mainframe.co.nz/pop.php' not found or unable to stat
[Sat Jan 01 07:34:11.456472 2022] [php7:error] [pid 11708:tid 1180] [client 85.214.156.198:63079] script 'C:/home/mainframe.co.nz/4949.php' not found or unable to stat
[Sat Jan 01 07:34:11.753337 2022] [php7:error] [pid 11708:tid 1180] [client 85.214.156.198:63079] script 'C:/home/mainframe.co.nz/slo.php' not found or unable to stat
[Sat Jan 01 07:34:12.050211 2022] [php7:error] [pid 11708:tid 1180] [client 85.214.156.198:63079] script 'C:/home/mainframe.co.nz/aamon.PhP' not found or unable to stat
[Sat Jan 01 07:34:12.503324 2022] [php7:error] [pid 11708:tid 1180] [client 85.214.156.198:63079] script 'C:/home/mainframe.co.nz/mail.php' not found or unable to stat
[Sat Jan 01 07:34:12.768972 2022] [php7:error] [pid 11708:tid 1180] [client 85.214.156.198:63079] script 'C:/home/mainframe.co.nz/ssd.php' not found or unable to stat
[Sat Jan 01 07:34:13.159584 2022] [php7:error] [pid 11708:tid 1180] [client 85.214.156.198:63079] script 'C:/home/mainframe.co.nz/smtp.php' not found or unable to stat
[Sat Jan 01 07:34:13.409595 2022] [php7:error] [pid 11708:tid 1180] [client 85.214.156.198:63079] script 'C:/home/mainframe.co.nz/lol.php' not found or unable to stat
[Sat Jan 01 07:34:13.628340 2022] [php7:error] [pid 11708:tid 1180] [client 85.214.156.198:63079] script 'C:/home/mainframe.co.nz/ebram.php' not found or unable to stat
[Sat Jan 01 07:34:13.862714 2022] [php7:error] [pid 11708:tid 1180] [client 85.214.156.198:63079] script 'C:/home/mainframe.co.nz/LOL.php' not found or unable to stat
[Sat Jan 01 07:34:14.097083 2022] [php7:error] [pid 11708:tid 1180] [client 85.214.156.198:63079] script 'C:/home/mainframe.co.nz/urunler.php' not found or unable to stat
[Sat Jan 01 07:34:14.393962 2022] [php7:error] [pid 11708:tid 1180] [client 85.214.156.198:63079] script 'C:/home/mainframe.co.nz/top.php' not found or unable to stat
