[Sun Apr 12 02:03:04.272789 2020] [authn_file:error] [pid 4640:tid 1480] (OS 3)The system cannot find the path specified. : [client 101.98.130.171:55720] AH01620: Could not open password file: C:/home/mainframe.co.nz/sql_backups/nz.htpasswd
[Sun Apr 12 03:32:28.400464 2020] [php7:error] [pid 4640:tid 1492] [client 54.36.148.120:61602] script 'C:/home/mainframe.co.nz/signup.php' not found or unable to stat
[Sun Apr 12 18:31:34.126620 2020] [php7:error] [pid 4640:tid 1480] [client 158.69.60.101:63490] script 'C:/home/mainframe.co.nz/xmlrpc.php' not found or unable to stat
[Sun Apr 12 18:37:43.262366 2020] [php7:error] [pid 4640:tid 1480] [client 158.69.60.101:52481] script 'C:/home/mainframe.co.nz/xmlrpc.php' not found or unable to stat
[Mon Apr 13 01:43:59.328211 2020] [authz_core:error] [pid 4640:tid 1316] [client 101.98.130.171:63007] AH01630: client denied by server configuration: C:/home/mainframe.co.nz/sql_backups/.htaccess
[Mon Apr 13 19:29:56.312433 2020] [core:error] [pid 4640:tid 1440] (20024)The given path is misformatted or contained invalid characters: [client 54.36.148.197:19128] AH00127: Cannot map GET /mailto:sales@mainframe.co.nz HTTP/1.1 to file
[Tue Apr 14 02:30:14.926457 2020] [authz_core:error] [pid 4640:tid 1408] [client 101.98.130.171:58433] AH01630: client denied by server configuration: C:/home/mainframe.co.nz/sql_backups/.htaccess
[Tue Apr 14 18:10:15.575368 2020] [php7:error] [pid 3176:tid 1352] [client 158.69.38.243:50568] script 'C:/home/mainframe.co.nz/xmlrpc.php' not found or unable to stat
[Tue Apr 14 23:08:40.910391 2020] [core:error] [pid 3176:tid 1352] (20024)The given path is misformatted or contained invalid characters: [client 54.36.148.138:35226] AH00127: Cannot map GET /mailto:sales@mainframe.co.nz HTTP/1.1 to file
[Wed Apr 15 07:05:48.536360 2020] [php7:error] [pid 3176:tid 1432] [client 216.244.66.235:46728] script 'C:/home/mainframe.co.nz/signup.php' not found or unable to stat
[Wed Apr 15 13:15:31.581669 2020] [php7:error] [pid 3176:tid 1376] [client 95.179.201.234:40128] script 'C:/home/mainframe.co.nz/wp-login.php' not found or unable to stat
[Thu Apr 16 14:12:38.522088 2020] [php7:error] [pid 6360:tid 1424] [client 158.69.38.243:60622] script 'C:/home/mainframe.co.nz/xmlrpc.php' not found or unable to stat
[Thu Apr 16 17:41:16.915091 2020] [php7:error] [pid 6360:tid 1444] [client 51.159.30.6:50403] script 'C:/home/mainframe.co.nz/wp-login.php' not found or unable to stat
[Fri Apr 17 14:12:46.075838 2020] [php7:error] [pid 6360:tid 1132] [client 178.62.233.203:21628] script 'C:/home/mainframe.co.nz/wp-login.php' not found or unable to stat
[Sat Apr 18 16:29:39.234969 2020] [php7:error] [pid 6360:tid 1220] [client 138.197.200.113:43094] script 'C:/home/mainframe.co.nz/wp-login.php' not found or unable to stat
[Sun Apr 19 23:01:32.790017 2020] [php7:error] [pid 6360:tid 1364] [client 167.172.49.57:54902] script 'C:/home/mainframe.co.nz/wp-login.php' not found or unable to stat
[Sun Apr 19 23:51:01.885295 2020] [php7:error] [pid 6360:tid 1488] [client 188.213.49.210:54221] script 'C:/home/mainframe.co.nz/wp-login.php' not found or unable to stat
[Mon Apr 20 17:14:30.043022 2020] [php7:error] [pid 6360:tid 1328] [client 185.39.10.73:62941] script 'C:/home/mainframe.co.nz/wp-login.php' not found or unable to stat
[Wed Apr 22 03:52:18.528861 2020] [php7:error] [pid 6360:tid 1120] [client 213.165.92.7:34714] script 'C:/home/mainframe.co.nz/wp-login.php' not found or unable to stat
[Thu Apr 23 07:44:17.809698 2020] [core:error] [pid 6360:tid 1436] (20024)The given path is misformatted or contained invalid characters: [client 66.249.79.161:53038] AH00127: Cannot map GET /mailto:sales@mainframe.co.nz HTTP/1.1 to file
[Thu Apr 23 14:37:54.679162 2020] [php7:error] [pid 6360:tid 1060] [client 194.61.24.102:56716] script 'C:/home/mainframe.co.nz/xmlrpc.php' not found or unable to stat
[Fri Apr 24 05:47:13.856457 2020] [php7:error] [pid 6360:tid 1288] [client 88.198.205.13:38107] script 'C:/home/mainframe.co.nz/index.php' not found or unable to stat, referer: mainframe.co.nz
[Fri Apr 24 22:15:56.928539 2020] [core:error] [pid 6360:tid 1396] (20024)The given path is misformatted or contained invalid characters: [client 54.36.148.100:43700] AH00127: Cannot map GET /mailto:sales@mainframe.co.nz HTTP/1.1 to file
[Sat Apr 25 17:44:45.350264 2020] [php7:error] [pid 6360:tid 1032] [client 34.73.237.110:44950] script 'C:/home/mainframe.co.nz/wp-login.php' not found or unable to stat
[Sat Apr 25 18:04:02.696604 2020] [php7:error] [pid 6360:tid 1236] [client 5.135.143.224:46700] script 'C:/home/mainframe.co.nz/xmlrpcs.php' not found or unable to stat, referer: mainframe.co.nz
[Tue Apr 28 07:10:00.788949 2020] [php7:error] [pid 6360:tid 1040] [client 66.115.173.18:34610] script 'C:/home/mainframe.co.nz/wp-login.php' not found or unable to stat
[Wed Apr 29 02:33:01.947133 2020] [php7:error] [pid 6360:tid 1468] [client 91.121.183.15:52117] script 'C:/home/mainframe.co.nz/wp-login.php' not found or unable to stat
[Thu Apr 30 14:30:56.409654 2020] [php7:error] [pid 7452:tid 1404] [client 206.189.26.231:36474] script 'C:/home/mainframe.co.nz/wp-login.php' not found or unable to stat
[Fri May 01 04:44:30.705293 2020] [core:error] [pid 7452:tid 1332] (20024)The given path is misformatted or contained invalid characters: [client 54.36.150.91:25960] AH00127: Cannot map GET /mailto:sales@mainframe.co.nz HTTP/1.1 to file
[Sat May 02 15:26:01.639157 2020] [php7:error] [pid 7452:tid 1480] [client 37.120.203.71:11057] script 'C:/home/mainframe.co.nz/index.php' not found or unable to stat
[Mon May 04 01:09:33.655642 2020] [php7:error] [pid 7452:tid 1424] [client 104.238.96.87:36332] script 'C:/home/mainframe.co.nz/wp-login.php' not found or unable to stat
[Mon May 04 01:12:02.882617 2020] [php7:error] [pid 7452:tid 1484] [client 186.234.80.117:46088] script 'C:/home/mainframe.co.nz/wp-login.php' not found or unable to stat
[Thu May 07 20:19:05.851424 2020] [php7:error] [pid 7452:tid 1344] [client 216.244.66.235:37100] script 'C:/home/mainframe.co.nz/signup.php' not found or unable to stat
[Fri May 08 09:51:35.414325 2020] [php7:error] [pid 7452:tid 1456] [client 54.36.148.209:28896] script 'C:/home/mainframe.co.nz/contact.php' not found or unable to stat
[Sat May 09 15:20:40.959974 2020] [php7:error] [pid 7452:tid 1456] [client 78.163.15.3:54942] script 'C:/home/mainframe.co.nz/wp-login.php' not found or unable to stat
[Mon May 11 01:39:50.794988 2020] [php7:error] [pid 7452:tid 1440] [client 188.93.230.15:39846] script 'C:/home/mainframe.co.nz/installer-backup.php' not found or unable to stat
[Mon May 11 01:39:50.794988 2020] [php7:error] [pid 7452:tid 1272] [client 188.93.230.15:39848] script 'C:/home/mainframe.co.nz/installer.php' not found or unable to stat
[Mon May 11 01:40:15.672663 2020] [php7:error] [pid 7452:tid 1404] [client 37.9.169.4:47848] script 'C:/home/mainframe.co.nz/installer.php' not found or unable to stat
[Mon May 11 01:40:15.686364 2020] [php7:error] [pid 7452:tid 1440] [client 37.9.169.4:47846] script 'C:/home/mainframe.co.nz/installer-backup.php' not found or unable to stat
[Mon May 11 06:29:19.043054 2020] [php7:error] [pid 7452:tid 1344] [client 54.36.246.232:33716] script 'C:/home/mainframe.co.nz/wp-cl-plugin.php' not found or unable to stat, referer: mainframe.co.nz
[Mon May 11 06:29:57.183497 2020] [php7:error] [pid 7452:tid 1424] [client 54.36.246.232:36226] script 'C:/home/mainframe.co.nz/wp-dl-plugin.php' not found or unable to stat, referer: mainframe.co.nz
[Mon May 11 06:31:42.843984 2020] [php7:error] [pid 7452:tid 1284] [client 54.36.246.232:43863] script 'C:/home/mainframe.co.nz/index.php' not found or unable to stat, referer: mainframe.co.nz
[Mon May 11 11:58:07.155224 2020] [php7:error] [pid 7452:tid 1452] [client 104.44.140.94:62758] script 'C:/home/mainframe.co.nz/wp-login.php' not found or unable to stat
[Tue May 12 04:07:45.922597 2020] [php7:error] [pid 7452:tid 1284] [client 161.35.53.207:35906] script 'C:/home/mainframe.co.nz/wp-login.php' not found or unable to stat
[Tue May 12 09:41:43.473058 2020] [core:error] [pid 7452:tid 1492] (20024)The given path is misformatted or contained invalid characters: [client 95.163.255.57:43616] AH00127: Cannot map GET /mailto:sales@mainframe.co.nz HTTP/1.1 to file
[Tue May 12 13:07:15.169531 2020] [php7:error] [pid 7452:tid 1284] [client 5.135.138.188:51333] script 'C:/home/mainframe.co.nz/index.php' not found or unable to stat, referer: mainframe.co.nz
[Tue May 12 13:07:26.841472 2020] [php7:error] [pid 7452:tid 1284] [client 5.135.138.188:52497] script 'C:/home/mainframe.co.nz/wp-dl-plugin.php' not found or unable to stat, referer: mainframe.co.nz
[Tue May 12 13:07:36.638446 2020] [php7:error] [pid 7452:tid 1424] [client 5.135.138.188:53612] script 'C:/home/mainframe.co.nz/wp-cl-plugin.php' not found or unable to stat, referer: mainframe.co.nz
[Tue May 12 15:50:16.176915 2020] [core:error] [pid 7452:tid 1436] (20024)The given path is misformatted or contained invalid characters: [client 66.249.64.14:35438] AH00127: Cannot map GET /mailto:sales@mainframe.co.nz HTTP/1.1 to file
[Thu May 14 02:03:58.723721 2020] [php7:error] [pid 7452:tid 1404] [client 62.210.185.4:55822] script 'C:/home/mainframe.co.nz/wp-login.php' not found or unable to stat
[Thu May 14 16:18:52.328507 2020] [cgi:error] [pid 7452:tid 1268] [client 104.214.77.198:59764] AH02811: script not found or unable to stat: C:/Apache24/cgi-bin/test-cgi
[Thu May 14 21:55:09.648513 2020] [php7:error] [pid 7452:tid 1312] [client 188.213.49.210:57089] script 'C:/home/mainframe.co.nz/wp-login.php' not found or unable to stat
[Fri May 15 23:33:08.047793 2020] [php7:error] [pid 7452:tid 1464] [client 13.90.147.166:54353] script 'C:/home/mainframe.co.nz/xmlrpc.php' not found or unable to stat
[Fri May 15 23:36:42.487449 2020] [php7:error] [pid 7452:tid 1372] [client 142.44.251.104:61548] script 'C:/home/mainframe.co.nz/xmlrpc.php' not found or unable to stat
[Sat May 16 12:56:20.142711 2020] [php7:error] [pid 7452:tid 1392] [client 78.111.166.3:52458] script 'C:/home/mainframe.co.nz/wp-dl-plugin.php' not found or unable to stat, referer: mainframe.co.nz
[Sat May 16 12:57:19.220518 2020] [php7:error] [pid 7452:tid 1392] [client 78.111.166.3:38750] script 'C:/home/mainframe.co.nz/wp-cl-plugin.php' not found or unable to stat, referer: mainframe.co.nz
[Sat May 16 12:57:23.030143 2020] [php7:error] [pid 7452:tid 1392] [client 78.111.166.3:39734] script 'C:/home/mainframe.co.nz/index.php' not found or unable to stat, referer: mainframe.co.nz
[Sat May 16 13:07:09.343316 2020] [php7:error] [pid 7452:tid 1444] [client 139.59.29.219:39042] script 'C:/home/mainframe.co.nz/index.php' not found or unable to stat, referer: mainframe.co.nz
[Sat May 16 18:10:44.783923 2020] [php7:error] [pid 7452:tid 1404] [client 165.22.191.129:37704] script 'C:/home/mainframe.co.nz/wp-login.php' not found or unable to stat
[Sun May 17 06:01:46.220493 2020] [php7:error] [pid 7452:tid 1488] [client 54.145.35.229:42586] script 'C:/home/mainframe.co.nz/wp-login.php' not found or unable to stat
[Sun May 17 17:22:28.682947 2020] [cgi:error] [pid 7452:tid 1452] [client 185.188.218.6:58676] AH02811: script not found or unable to stat: C:/Apache24/cgi-bin/test-cgi
[Sun May 17 18:06:47.695482 2020] [php7:error] [pid 7452:tid 1380] [client 188.213.49.210:49578] script 'C:/home/mainframe.co.nz/wp-login.php' not found or unable to stat
[Tue May 19 09:17:18.487970 2020] [php7:error] [pid 7452:tid 1308] [client 192.99.149.195:37506] script 'C:/home/mainframe.co.nz/wp-login.php' not found or unable to stat
[Tue May 19 16:16:22.994143 2020] [cgi:error] [pid 7452:tid 1476] [client 203.211.143.85:33532] AH02811: script not found or unable to stat: C:/Apache24/cgi-bin/test-cgi
[Wed May 20 00:06:48.918583 2020] [php7:error] [pid 7452:tid 1332] [client 202.92.6.166:39748] script 'C:/home/mainframe.co.nz/wp-login.php' not found or unable to stat
[Wed May 20 06:14:14.711857 2020] [cgi:error] [pid 7452:tid 1400] [client 122.114.237.5:52666] AH02811: script not found or unable to stat: C:/Apache24/cgi-bin/test-cgi
[Thu May 21 04:37:32.478772 2020] [php7:error] [pid 7452:tid 1420] [client 185.79.156.186:38864] script 'C:/home/mainframe.co.nz/wp-login.php' not found or unable to stat
[Thu May 21 08:03:34.811289 2020] [php7:error] [pid 7452:tid 1256] [client 178.137.88.65:54634] script 'C:/home/mainframe.co.nz/xmlrpc.php' not found or unable to stat
[Thu May 21 23:43:40.592946 2020] [php7:error] [pid 7452:tid 1324] [client 51.255.43.81:46215] script 'C:/home/mainframe.co.nz/wp-craft-report.php' not found or unable to stat, referer: mainframe.co.nz
[Sat May 23 03:27:18.447340 2020] [php7:error] [pid 7452:tid 1256] [client 52.57.172.58:48052] script 'C:/home/mainframe.co.nz/wp-login.php' not found or unable to stat
[Sun May 24 03:32:04.009505 2020] [php7:error] [pid 3244:tid 1488] [client 84.17.59.70:31063] script 'C:/home/mainframe.co.nz/index.php' not found or unable to stat
[Tue May 26 02:32:05.590316 2020] [php7:error] [pid 3244:tid 1436] [client 185.234.217.39:62539] script 'C:/home/mainframe.co.nz/wp-login.php' not found or unable to stat
[Tue May 26 02:32:05.699686 2020] [php7:error] [pid 3244:tid 1436] [client 185.234.217.39:62539] script 'C:/home/mainframe.co.nz/wp-login.php' not found or unable to stat
[Tue May 26 05:43:47.596849 2020] [php7:error] [pid 3244:tid 1472] [client 178.128.151.69:40350] script 'C:/home/mainframe.co.nz/wp-system.php' not found or unable to stat, referer: mainframe.co.nz
[Tue May 26 06:33:25.371892 2020] [php7:error] [pid 3244:tid 1400] [client 69.10.44.100:58327] script 'C:/home/mainframe.co.nz/xmlrpc.php' not found or unable to stat
[Tue May 26 10:09:37.207329 2020] [php7:error] [pid 3244:tid 1348] [client 139.59.29.219:49408] script 'C:/home/mainframe.co.nz/wp-dl-plugin.php' not found or unable to stat, referer: mainframe.co.nz
[Tue May 26 10:09:45.785498 2020] [php7:error] [pid 3244:tid 1364] [client 139.59.29.219:50862] script 'C:/home/mainframe.co.nz/index.php' not found or unable to stat, referer: mainframe.co.nz
[Tue May 26 10:09:51.769587 2020] [php7:error] [pid 3244:tid 1364] [client 139.59.29.219:51978] script 'C:/home/mainframe.co.nz/wp-cl-plugin.php' not found or unable to stat, referer: mainframe.co.nz
[Wed May 27 00:33:28.473914 2020] [php7:error] [pid 3244:tid 1448] [client 63.33.222.89:55740] script 'C:/home/mainframe.co.nz/wp-login.php' not found or unable to stat
[Fri May 29 00:19:13.601199 2020] [php7:error] [pid 3244:tid 1432] [client 216.244.66.235:37208] script 'C:/home/mainframe.co.nz/signup.php' not found or unable to stat
[Fri May 29 14:24:19.504823 2020] [php7:error] [pid 3244:tid 1336] [client 158.69.38.243:49894] script 'C:/home/mainframe.co.nz/xmlrpc.php' not found or unable to stat
[Sat May 30 08:53:54.491979 2020] [php7:error] [pid 3244:tid 1464] [client 104.155.17.180:50308] script 'C:/home/mainframe.co.nz/install.php' not found or unable to stat
[Sun May 31 01:46:30.298221 2020] [php7:error] [pid 3244:tid 1468] [client 194.61.54.101:57046] script 'C:/home/mainframe.co.nz/wp-login.php' not found or unable to stat
[Sun May 31 13:59:34.205027 2020] [php7:error] [pid 3244:tid 1336] [client 5.188.84.186:58903] script 'C:/home/mainframe.co.nz/wp-login.php' not found or unable to stat
[Mon Jun 01 04:43:59.189231 2020] [php7:error] [pid 3244:tid 1392] [client 118.31.2.213:34540] script 'C:/home/mainframe.co.nz/wp-login.php' not found or unable to stat
[Mon Jun 01 21:50:20.743242 2020] [php7:error] [pid 3244:tid 1300] [client 173.201.196.7:63020] script 'C:/home/mainframe.co.nz/installer.php' not found or unable to stat
[Mon Jun 01 21:50:20.743242 2020] [php7:error] [pid 3244:tid 1288] [client 173.201.196.7:63022] script 'C:/home/mainframe.co.nz/installer-backup.php' not found or unable to stat
[Wed Jun 03 02:16:07.761600 2020] [php7:error] [pid 3948:tid 1392] [client 104.40.220.72:1600] script 'C:/home/mainframe.co.nz/wp-login.php' not found or unable to stat
[Wed Jun 03 05:54:32.962982 2020] [php7:error] [pid 3948:tid 1476] [client 85.110.196.95:64392] script 'C:/home/mainframe.co.nz/wp-login.php' not found or unable to stat
[Wed Jun 03 15:02:32.454073 2020] [authz_core:error] [pid 3948:tid 1460] [client 141.255.147.223:56332] AH01630: client denied by server configuration: C:/home/mainframe.co.nz/sql_backups/.htaccess
[Wed Jun 03 15:02:42.032237 2020] [auth_basic:error] [pid 3948:tid 1328] [client 141.255.147.223:56333] AH01618: user admin not found: /sql_backups
[Thu Jun 04 01:54:11.145069 2020] [php7:error] [pid 3948:tid 1452] [client 185.234.216.28:52542] script 'C:/home/mainframe.co.nz/wp-login.php' not found or unable to stat
[Thu Jun 04 01:54:11.404828 2020] [php7:error] [pid 3948:tid 1452] [client 185.234.216.28:52542] script 'C:/home/mainframe.co.nz/wp-login.php' not found or unable to stat
[Fri Jun 05 02:32:34.676819 2020] [php7:error] [pid 3948:tid 1184] [client 198.136.62.200:52238] script 'C:/home/mainframe.co.nz/wp-login.php' not found or unable to stat
[Fri Jun 05 10:39:26.285371 2020] [php7:error] [pid 3948:tid 1192] [client 157.245.133.78:39138] script 'C:/home/mainframe.co.nz/wp-login.php' not found or unable to stat
[Fri Jun 05 12:02:40.784905 2020] [php7:error] [pid 3948:tid 1320] [client 216.244.66.235:44858] script 'C:/home/mainframe.co.nz/signup.php' not found or unable to stat
[Sat Jun 06 18:41:43.192793 2020] [php7:error] [pid 3948:tid 1436] [client 95.217.38.42:49328] script 'C:/home/mainframe.co.nz/wp-login.php' not found or unable to stat
[Sun Jun 07 20:34:36.213203 2020] [php7:error] [pid 3948:tid 1432] [client 188.213.49.210:61693] script 'C:/home/mainframe.co.nz/wp-login.php' not found or unable to stat
[Mon Jun 08 14:52:14.265428 2020] [php7:error] [pid 3948:tid 1248] [client 188.213.49.210:54633] script 'C:/home/mainframe.co.nz/wp-login.php' not found or unable to stat
[Mon Jun 08 18:01:01.018983 2020] [php7:error] [pid 3948:tid 1160] [client 41.231.54.59:46850] script 'C:/home/mainframe.co.nz/wp-login.php' not found or unable to stat
[Wed Jun 10 05:34:04.326044 2020] [php7:error] [pid 3948:tid 1464] [client 217.182.75.172:57784] script 'C:/home/mainframe.co.nz/wp-login.php' not found or unable to stat
[Fri Jun 12 03:02:34.952771 2020] [php7:error] [pid 3948:tid 1480] [client 45.252.248.16:36908] script 'C:/home/mainframe.co.nz/wp-login.php' not found or unable to stat
[Fri Jun 12 07:14:58.165994 2020] [php7:error] [pid 3948:tid 1476] [client 77.81.31.6:44966] script 'C:/home/mainframe.co.nz/ajax-index.php' not found or unable to stat, referer: mainframe.co.nz
[Fri Jun 12 08:48:13.078645 2020] [php7:error] [pid 3948:tid 1292] [client 108.160.133.137:50310] script 'C:/home/mainframe.co.nz/ajax-index.php' not found or unable to stat, referer: mainframe.co.nz
[Tue Jun 16 00:46:48.362035 2020] [php7:error] [pid 3948:tid 1312] [client 109.61.134.185:61189] script 'C:/home/mainframe.co.nz/wp-login.php' not found or unable to stat
[Tue Jun 16 00:46:48.799531 2020] [php7:error] [pid 3948:tid 1312] [client 109.61.134.185:61197] script 'C:/home/mainframe.co.nz/admin.php' not found or unable to stat
[Tue Jun 16 00:46:53.814816 2020] [php7:error] [pid 3948:tid 1248] [client 209.141.39.98:36122] script 'C:/home/mainframe.co.nz/wp-login.php' not found or unable to stat
[Tue Jun 16 00:46:56.455557 2020] [php7:error] [pid 3948:tid 1248] [client 46.38.235.14:45721] script 'C:/home/mainframe.co.nz/admin.php' not found or unable to stat
[Tue Jun 16 19:01:18.405122 2020] [php7:error] [pid 3948:tid 1484] [client 162.243.126.96:44702] script 'C:/home/mainframe.co.nz/index.php' not found or unable to stat, referer: mainframe.co.nz
[Tue Jun 16 22:13:12.628280 2020] [php7:error] [pid 3948:tid 1464] [client 5.188.62.25:60746] script 'C:/home/mainframe.co.nz/admin.php' not found or unable to stat
[Wed Jun 17 00:55:40.280119 2020] [php7:error] [pid 3948:tid 1464] [client 157.245.188.231:57994] script 'C:/home/mainframe.co.nz/wp-login.php' not found or unable to stat
[Thu Jun 18 20:15:27.904999 2020] [php7:error] [pid 3948:tid 768] [client 119.155.5.99:60575] script 'C:/home/mainframe.co.nz/wp-login.php' not found or unable to stat
[Fri Jun 19 07:23:52.115587 2020] [php7:error] [pid 3948:tid 1160] [client 82.117.194.229:36658] script 'C:/home/mainframe.co.nz/siteindex.php' not found or unable to stat, referer: mainframe.co.nz
[Fri Jun 19 10:20:24.938155 2020] [php7:error] [pid 3948:tid 1312] [client 137.117.178.120:1088] script 'C:/home/mainframe.co.nz/xmlrpc.php' not found or unable to stat
[Sat Jun 20 14:51:27.015817 2020] [php7:error] [pid 3948:tid 1440] [client 188.213.49.210:49612] script 'C:/home/mainframe.co.nz/wp-login.php' not found or unable to stat
[Sat Jun 20 15:09:35.293109 2020] [php7:error] [pid 3948:tid 1440] [client 51.255.43.81:49943] script 'C:/home/mainframe.co.nz/index.php' not found or unable to stat, referer: mainframe.co.nz
[Tue Jun 23 09:34:56.785608 2020] [php7:error] [pid 3948:tid 1248] [client 5.101.156.189:61395] script 'C:/home/mainframe.co.nz/wp-login.php' not found or unable to stat
[Tue Jun 23 09:34:56.785608 2020] [php7:error] [pid 3948:tid 1328] [client 5.101.156.189:61391] script 'C:/home/mainframe.co.nz/wp-login.php' not found or unable to stat
[Tue Jun 23 09:34:56.785608 2020] [php7:error] [pid 3948:tid 1176] [client 5.101.156.189:61387] script 'C:/home/mainframe.co.nz/wp-login.php' not found or unable to stat
[Tue Jun 23 09:34:56.785608 2020] [php7:error] [pid 3948:tid 1128] [client 5.101.156.189:61385] script 'C:/home/mainframe.co.nz/wp-login.php' not found or unable to stat
[Tue Jun 23 09:34:56.785608 2020] [php7:error] [pid 3948:tid 1424] [client 5.101.156.189:61393] script 'C:/home/mainframe.co.nz/wp-login.php' not found or unable to stat
[Tue Jun 23 09:34:56.785608 2020] [php7:error] [pid 3948:tid 1120] [client 5.101.156.189:61397] script 'C:/home/mainframe.co.nz/wp-login.php' not found or unable to stat
[Tue Jun 23 09:34:56.801248 2020] [php7:error] [pid 3948:tid 1152] [client 5.101.156.189:61409] script 'C:/home/mainframe.co.nz/wp-login.php' not found or unable to stat
[Tue Jun 23 09:35:16.526506 2020] [php7:error] [pid 3948:tid 1128] [client 165.227.86.14:62522] script 'C:/home/mainframe.co.nz/wp-login.php' not found or unable to stat
[Tue Jun 23 09:35:16.526506 2020] [php7:error] [pid 3948:tid 1328] [client 165.227.86.14:62524] script 'C:/home/mainframe.co.nz/wp-login.php' not found or unable to stat
[Tue Jun 23 11:45:27.170265 2020] [php7:error] [pid 3948:tid 1292] [client 188.213.49.210:62187] script 'C:/home/mainframe.co.nz/wp-login.php' not found or unable to stat
[Wed Jun 24 10:12:32.463022 2020] [php7:error] [pid 3948:tid 1064] [client 51.255.83.132:43798] script 'C:/home/mainframe.co.nz/wp-login.php' not found or unable to stat
[Wed Jun 24 20:35:24.695470 2020] [php7:error] [pid 3948:tid 1056] [client 185.38.175.71:33310] script 'C:/home/mainframe.co.nz/xmlrpc.php' not found or unable to stat
[Thu Jun 25 19:03:46.142024 2020] [php7:error] [pid 3948:tid 1272] [client 185.220.101.134:6040] script 'C:/home/mainframe.co.nz/xmlrpc.php' not found or unable to stat
[Thu Jun 25 21:35:03.837854 2020] [php7:error] [pid 3948:tid 1028] [client 51.159.30.99:61490] script 'C:/home/mainframe.co.nz/wp-login.php' not found or unable to stat
[Fri Jun 26 13:33:38.747764 2020] [php7:error] [pid 3948:tid 1136] [client 5.100.249.231:45915] script 'C:/home/mainframe.co.nz/wp-craft-report.php' not found or unable to stat, referer: mainframe.co.nz
[Fri Jun 26 13:33:41.232624 2020] [php7:error] [pid 3948:tid 1136] [client 5.100.249.231:46208] script 'C:/home/mainframe.co.nz/wp-cl-plugin.php' not found or unable to stat, referer: mainframe.co.nz
[Sat Jun 27 04:08:54.264308 2020] [php7:error] [pid 3948:tid 1160] [client 185.220.101.212:14486] script 'C:/home/mainframe.co.nz/xmlrpc.php' not found or unable to stat
[Sat Jun 27 19:25:45.590612 2020] [php7:error] [pid 3948:tid 1204] [client 203.96.135.99:53293] script 'C:/home/mainframe.co.nz/signup.php' not found or unable to stat
[Sat Jun 27 20:33:11.032566 2020] [php7:error] [pid 3948:tid 1064] [client 203.96.135.99:56740] script 'C:/home/mainframe.co.nz/signup.php' not found or unable to stat
[Mon Jun 29 15:02:05.077421 2020] [php7:error] [pid 3948:tid 1440] [client 5.255.174.141:12089] script 'C:/home/mainframe.co.nz/xmlrpc.php' not found or unable to stat
[Mon Jun 29 15:02:05.186787 2020] [php7:error] [pid 3948:tid 1440] [client 5.255.174.141:12089] script 'C:/home/mainframe.co.nz/wp-login.php' not found or unable to stat
[Tue Jun 30 02:36:47.282645 2020] [php7:error] [pid 3948:tid 1192] [client 95.140.203.217:36743] script 'C:/home/mainframe.co.nz/index.php' not found or unable to stat, referer: mainframe.co.nz
[Tue Jun 30 05:17:35.451544 2020] [php7:error] [pid 3948:tid 1176] [client 216.244.66.235:46802] script 'C:/home/mainframe.co.nz/contact.php' not found or unable to stat
[Wed Jul 01 14:50:50.374891 2020] [php7:error] [pid 3948:tid 1428] [client 148.72.59.154:47942] script 'C:/home/mainframe.co.nz/installer.php' not found or unable to stat
[Wed Jul 01 14:50:50.374891 2020] [php7:error] [pid 3948:tid 1436] [client 148.72.59.154:47940] script 'C:/home/mainframe.co.nz/installer-backup.php' not found or unable to stat
[Wed Jul 01 21:46:01.428783 2020] [php7:error] [pid 3948:tid 1328] [client 108.160.133.137:40740] script 'C:/home/mainframe.co.nz/ajax-index.php' not found or unable to stat
[Thu Jul 02 01:13:37.328829 2020] [php7:error] [pid 3948:tid 1440] [client 159.65.19.39:44400] script 'C:/home/mainframe.co.nz/wp-login.php' not found or unable to stat
[Thu Jul 02 05:25:29.732535 2020] [php7:error] [pid 3948:tid 1460] [client 145.239.29.217:46924] script 'C:/home/mainframe.co.nz/wp-login.php' not found or unable to stat
[Thu Jul 02 10:52:48.458172 2020] [php7:error] [pid 3948:tid 1348] [client 216.244.66.235:54658] script 'C:/home/mainframe.co.nz/signup.php' not found or unable to stat
[Fri Jul 03 04:40:40.762747 2020] [php7:error] [pid 3948:tid 1092] [client 159.89.172.219:40372] script 'C:/home/mainframe.co.nz/wp-login.php' not found or unable to stat
[Fri Jul 03 06:44:22.086082 2020] [php7:error] [pid 3948:tid 1056] [client 51.77.135.89:54660] script 'C:/home/mainframe.co.nz/xmlrpc.php' not found or unable to stat
[Fri Jul 03 14:54:14.379795 2020] [php7:error] [pid 3948:tid 1328] [client 193.169.252.37:63341] script 'C:/home/mainframe.co.nz/wp-login.php' not found or unable to stat
[Fri Jul 03 14:54:14.520315 2020] [php7:error] [pid 3948:tid 1328] [client 193.169.252.37:63341] script 'C:/home/mainframe.co.nz/wp-login.php' not found or unable to stat
[Fri Jul 03 15:24:07.445196 2020] [php7:error] [pid 3948:tid 1072] [client 185.220.100.255:24106] script 'C:/home/mainframe.co.nz/xmlrpc.php' not found or unable to stat
[Sat Jul 04 03:31:38.333976 2020] [php7:error] [pid 3948:tid 1120] [client 193.70.2.138:57829] script 'C:/home/mainframe.co.nz/config.bak.php' not found or unable to stat, referer: mainframe.co.nz
[Sat Jul 04 08:25:20.449643 2020] [php7:error] [pid 3948:tid 1476] [client 194.61.54.101:51926] script 'C:/home/mainframe.co.nz/wp-login.php' not found or unable to stat
[Sun Jul 05 01:52:30.026235 2020] [php7:error] [pid 3948:tid 1488] [client 139.59.43.196:43244] script 'C:/home/mainframe.co.nz/wp-login.php' not found or unable to stat
[Mon Jul 06 13:33:10.128079 2020] [php7:error] [pid 3948:tid 620] [client 5.188.62.25:52888] script 'C:/home/mainframe.co.nz/login.php' not found or unable to stat
[Mon Jul 06 16:24:31.571287 2020] [php7:error] [pid 3948:tid 1092] [client 34.80.252.217:47916] script 'C:/home/mainframe.co.nz/wp-login.php' not found or unable to stat
[Tue Jul 07 22:29:55.471517 2020] [php7:error] [pid 3948:tid 1176] [client 51.38.115.166:50502] script 'C:/home/mainframe.co.nz/wp-1ogin_bak.php' not found or unable to stat, referer: mainframe.co.nz
[Thu Jul 09 17:05:52.754921 2020] [core:error] [pid 3948:tid 1436] (20024)The given path is misformatted or contained invalid characters: [client 95.163.255.58:55365] AH00127: Cannot map GET /mailto:sales@mainframe.co.nz HTTP/1.1 to file
[Thu Jul 09 17:58:46.184433 2020] [php7:error] [pid 3948:tid 1432] [client 216.244.66.235:50894] script 'C:/home/mainframe.co.nz/signup.php' not found or unable to stat
[Sat Jul 11 07:09:25.941611 2020] [php7:error] [pid 3948:tid 1440] [client 138.197.100.151:48300] script 'C:/home/mainframe.co.nz/wp-login.php' not found or unable to stat
[Sun Jul 12 00:21:01.721628 2020] [php7:error] [pid 3948:tid 788] [client 158.69.158.103:56396] script 'C:/home/mainframe.co.nz/xmlrpc.php' not found or unable to stat
[Sun Jul 12 09:16:31.788342 2020] [core:error] [pid 3948:tid 1416] (20024)The given path is misformatted or contained invalid characters: [client 66.249.64.13:38158] AH00127: Cannot map GET /mailto:sales@mainframe.co.nz HTTP/1.1 to file
[Sun Jul 12 15:55:40.076699 2020] [php7:error] [pid 3948:tid 788] [client 51.178.9.174:53936] script 'C:/home/mainframe.co.nz/wp-login.php' not found or unable to stat
[Sun Jul 12 21:26:27.024590 2020] [php7:error] [pid 3948:tid 1128] [client 216.244.66.235:58692] script 'C:/home/mainframe.co.nz/signup.php' not found or unable to stat
[Mon Jul 13 04:40:56.996147 2020] [php7:error] [pid 3948:tid 1348] [client 51.178.52.84:39854] script 'C:/home/mainframe.co.nz/wp-login.php' not found or unable to stat
[Mon Jul 13 04:50:32.190314 2020] [php7:error] [pid 3948:tid 1440] [client 194.182.75.170:53534] script 'C:/home/mainframe.co.nz/wp-login.php' not found or unable to stat
[Mon Jul 13 04:55:31.139639 2020] [php7:error] [pid 3948:tid 1028] [client 62.210.185.4:42222] script 'C:/home/mainframe.co.nz/wp-login.php' not found or unable to stat
[Mon Jul 13 05:04:53.469446 2020] [php7:error] [pid 3948:tid 1212] [client 185.157.222.47:52720] script 'C:/home/mainframe.co.nz/wp-login.php' not found or unable to stat
[Wed Jul 15 02:15:48.373355 2020] [cgi:error] [pid 3948:tid 1408] [client 185.220.102.252:29500] AH02811: script not found or unable to stat: C:/Apache24/cgi-bin/php
[Wed Jul 15 02:15:48.717182 2020] [cgi:error] [pid 3948:tid 1408] [client 185.220.102.252:29500] AH02811: script not found or unable to stat: C:/Apache24/cgi-bin/php5
[Wed Jul 15 02:15:48.982869 2020] [cgi:error] [pid 3948:tid 1408] [client 185.220.102.252:29500] AH02811: script not found or unable to stat: C:/Apache24/cgi-bin/php4
[Wed Jul 15 02:15:49.280179 2020] [cgi:error] [pid 3948:tid 1408] [client 185.220.102.252:29500] AH02811: script not found or unable to stat: C:/Apache24/cgi-bin/php-cgi
[Wed Jul 15 02:15:49.670261 2020] [cgi:error] [pid 3948:tid 1408] [client 185.220.102.252:29500] AH02811: script not found or unable to stat: C:/Apache24/cgi-bin/php.cgi
[Wed Jul 15 02:15:50.026756 2020] [cgi:error] [pid 3948:tid 1408] [client 185.220.102.252:29500] AH02811: script not found or unable to stat: C:/Apache24/cgi-bin/php4.cgi
[Wed Jul 15 02:15:50.423182 2020] [cgi:error] [pid 3948:tid 1408] [client 185.220.102.252:29500] AH02811: script not found or unable to stat: C:/Apache24/cgi-bin/php5.cgi
[Wed Jul 15 02:15:50.795252 2020] [php7:error] [pid 3948:tid 1408] [client 185.220.102.252:29500] script 'C:/home/mainframe.co.nz/index.php' not found or unable to stat
[Wed Jul 15 02:15:51.139133 2020] [php7:error] [pid 3948:tid 1408] [client 185.220.102.252:29500] script 'C:/home/mainframe.co.nz/index.php' not found or unable to stat
[Wed Jul 15 02:15:51.764010 2020] [php7:error] [pid 3948:tid 1408] [client 185.220.102.252:29500] script 'C:/home/mainframe.co.nz/index.php' not found or unable to stat
[Wed Jul 15 03:29:29.576641 2020] [cgi:error] [pid 3948:tid 1064] [client 185.220.100.251:31022] AH02811: script not found or unable to stat: C:/Apache24/cgi-bin/php
[Wed Jul 15 03:29:29.839844 2020] [cgi:error] [pid 3948:tid 1064] [client 185.220.100.251:31022] AH02811: script not found or unable to stat: C:/Apache24/cgi-bin/php5
[Wed Jul 15 03:29:30.103985 2020] [cgi:error] [pid 3948:tid 1064] [client 185.220.100.251:31022] AH02811: script not found or unable to stat: C:/Apache24/cgi-bin/php4
[Wed Jul 15 03:29:30.290946 2020] [cgi:error] [pid 3948:tid 1064] [client 185.220.100.251:31022] AH02811: script not found or unable to stat: C:/Apache24/cgi-bin/php-cgi
[Wed Jul 15 03:29:30.478444 2020] [cgi:error] [pid 3948:tid 1064] [client 185.220.100.251:31022] AH02811: script not found or unable to stat: C:/Apache24/cgi-bin/php.cgi
[Wed Jul 15 03:29:30.997498 2020] [cgi:error] [pid 3948:tid 1064] [client 185.220.100.251:31022] AH02811: script not found or unable to stat: C:/Apache24/cgi-bin/php4.cgi
[Wed Jul 15 03:29:31.182062 2020] [cgi:error] [pid 3948:tid 1064] [client 185.220.100.251:31022] AH02811: script not found or unable to stat: C:/Apache24/cgi-bin/php5.cgi
[Wed Jul 15 03:29:31.415962 2020] [php7:error] [pid 3948:tid 1064] [client 185.220.100.251:31022] script 'C:/home/mainframe.co.nz/index.php' not found or unable to stat
[Wed Jul 15 03:29:31.603486 2020] [php7:error] [pid 3948:tid 1064] [client 185.220.100.251:31022] script 'C:/home/mainframe.co.nz/index.php' not found or unable to stat
[Wed Jul 15 03:29:32.072209 2020] [php7:error] [pid 3948:tid 1064] [client 185.220.100.251:31022] script 'C:/home/mainframe.co.nz/index.php' not found or unable to stat
[Wed Jul 15 13:15:25.745644 2020] [cgi:error] [pid 3948:tid 1092] [client 192.42.116.14:55256] AH02811: script not found or unable to stat: C:/Apache24/cgi-bin/php
[Wed Jul 15 13:15:26.292464 2020] [cgi:error] [pid 3948:tid 1092] [client 192.42.116.14:55256] AH02811: script not found or unable to stat: C:/Apache24/cgi-bin/php5
[Wed Jul 15 13:15:26.583648 2020] [cgi:error] [pid 3948:tid 1092] [client 192.42.116.14:55256] AH02811: script not found or unable to stat: C:/Apache24/cgi-bin/php4
[Wed Jul 15 13:15:26.870572 2020] [cgi:error] [pid 3948:tid 1092] [client 192.42.116.14:55256] AH02811: script not found or unable to stat: C:/Apache24/cgi-bin/php-cgi
[Wed Jul 15 13:15:27.140627 2020] [cgi:error] [pid 3948:tid 1092] [client 192.42.116.14:55256] AH02811: script not found or unable to stat: C:/Apache24/cgi-bin/php.cgi
[Wed Jul 15 13:15:27.417513 2020] [cgi:error] [pid 3948:tid 1092] [client 192.42.116.14:55256] AH02811: script not found or unable to stat: C:/Apache24/cgi-bin/php4.cgi
[Wed Jul 15 13:15:27.703114 2020] [cgi:error] [pid 3948:tid 1092] [client 192.42.116.14:55256] AH02811: script not found or unable to stat: C:/Apache24/cgi-bin/php5.cgi
[Wed Jul 15 13:15:28.016308 2020] [php7:error] [pid 3948:tid 1092] [client 192.42.116.14:55256] script 'C:/home/mainframe.co.nz/index.php' not found or unable to stat
[Wed Jul 15 13:15:28.262135 2020] [php7:error] [pid 3948:tid 1092] [client 192.42.116.14:55256] script 'C:/home/mainframe.co.nz/index.php' not found or unable to stat
[Wed Jul 15 13:15:28.888174 2020] [php7:error] [pid 3948:tid 1092] [client 192.42.116.14:55256] script 'C:/home/mainframe.co.nz/index.php' not found or unable to stat
[Wed Jul 15 14:32:40.106056 2020] [cgi:error] [pid 3948:tid 1320] [client 185.220.102.7:45555] AH02811: script not found or unable to stat: C:/Apache24/cgi-bin/php
[Wed Jul 15 14:32:40.293559 2020] [cgi:error] [pid 3948:tid 1320] [client 185.220.102.7:45555] AH02811: script not found or unable to stat: C:/Apache24/cgi-bin/php5
[Wed Jul 15 14:32:40.481043 2020] [cgi:error] [pid 3948:tid 1320] [client 185.220.102.7:45555] AH02811: script not found or unable to stat: C:/Apache24/cgi-bin/php4
[Wed Jul 15 14:32:40.699804 2020] [cgi:error] [pid 3948:tid 1320] [client 185.220.102.7:45555] AH02811: script not found or unable to stat: C:/Apache24/cgi-bin/php-cgi
[Wed Jul 15 14:32:40.871905 2020] [cgi:error] [pid 3948:tid 1320] [client 185.220.102.7:45555] AH02811: script not found or unable to stat: C:/Apache24/cgi-bin/php.cgi
[Wed Jul 15 14:32:41.106068 2020] [cgi:error] [pid 3948:tid 1320] [client 185.220.102.7:45555] AH02811: script not found or unable to stat: C:/Apache24/cgi-bin/php4.cgi
[Wed Jul 15 14:32:41.293564 2020] [cgi:error] [pid 3948:tid 1320] [client 185.220.102.7:45555] AH02811: script not found or unable to stat: C:/Apache24/cgi-bin/php5.cgi
[Wed Jul 15 14:32:41.481067 2020] [php7:error] [pid 3948:tid 1320] [client 185.220.102.7:45555] script 'C:/home/mainframe.co.nz/index.php' not found or unable to stat
[Wed Jul 15 14:32:41.637814 2020] [php7:error] [pid 3948:tid 1320] [client 185.220.102.7:45555] script 'C:/home/mainframe.co.nz/index.php' not found or unable to stat
[Wed Jul 15 14:32:41.991107 2020] [php7:error] [pid 3948:tid 1320] [client 185.220.102.7:45555] script 'C:/home/mainframe.co.nz/index.php' not found or unable to stat
[Wed Jul 15 22:10:37.110258 2020] [php7:error] [pid 3948:tid 1176] [client 51.83.139.55:32861] script 'C:/home/mainframe.co.nz/xmlrpc.php' not found or unable to stat
[Thu Jul 16 03:52:18.179834 2020] [cgi:error] [pid 3948:tid 1348] [client 185.100.87.206:34987] AH02811: script not found or unable to stat: C:/home/mainframe.co.nz/php.cgi
[Thu Jul 16 03:52:18.507991 2020] [cgi:error] [pid 3948:tid 1348] [client 185.100.87.206:34987] AH02811: script not found or unable to stat: C:/home/mainframe.co.nz/php4.cgi
[Thu Jul 16 03:52:18.773635 2020] [cgi:error] [pid 3948:tid 1348] [client 185.100.87.206:34987] AH02811: script not found or unable to stat: C:/home/mainframe.co.nz/php5.cgi
[Thu Jul 16 03:52:21.978700 2020] [cgi:error] [pid 3948:tid 1348] [client 185.100.87.206:34987] AH02811: script not found or unable to stat: C:/Apache24/cgi-bin/php
[Thu Jul 16 03:52:22.257952 2020] [cgi:error] [pid 3948:tid 1348] [client 185.100.87.206:34987] AH02811: script not found or unable to stat: C:/Apache24/cgi-bin/php4
[Thu Jul 16 03:52:22.586094 2020] [cgi:error] [pid 3948:tid 1348] [client 185.100.87.206:34987] AH02811: script not found or unable to stat: C:/Apache24/cgi-bin/php5
[Thu Jul 16 03:52:22.883443 2020] [cgi:error] [pid 3948:tid 1348] [client 185.100.87.206:34987] AH02811: script not found or unable to stat: C:/Apache24/cgi-bin/php.cgi
[Thu Jul 16 03:52:23.133649 2020] [cgi:error] [pid 3948:tid 1348] [client 185.100.87.206:34987] AH02811: script not found or unable to stat: C:/Apache24/cgi-bin/php4.cgi
[Thu Jul 16 03:52:23.464047 2020] [cgi:error] [pid 3948:tid 1348] [client 185.100.87.206:34987] AH02811: script not found or unable to stat: C:/Apache24/cgi-bin/php5.cgi
[Thu Jul 16 03:52:23.758996 2020] [cgi:error] [pid 3948:tid 1348] [client 185.100.87.206:34987] AH02811: script not found or unable to stat: C:/Apache24/cgi-bin/php-cgi
[Thu Jul 16 03:52:24.009417 2020] [cgi:error] [pid 3948:tid 1348] [client 185.100.87.206:34987] AH02811: script not found or unable to stat: C:/Apache24/cgi-bin/php4-cgi
[Thu Jul 16 03:52:24.325117 2020] [cgi:error] [pid 3948:tid 1348] [client 185.100.87.206:34987] AH02811: script not found or unable to stat: C:/Apache24/cgi-bin/php5-cgi
[Thu Jul 16 03:52:24.695507 2020] [php7:error] [pid 3948:tid 1348] [client 185.100.87.206:34987] script 'C:/home/mainframe.co.nz/index.php' not found or unable to stat
[Thu Jul 16 03:52:24.961137 2020] [php7:error] [pid 3948:tid 1348] [client 185.100.87.206:34987] script 'C:/home/mainframe.co.nz/index.php' not found or unable to stat
[Thu Jul 16 03:52:25.711102 2020] [php7:error] [pid 3948:tid 1348] [client 185.100.87.206:34987] script 'C:/home/mainframe.co.nz/index.php' not found or unable to stat
[Thu Jul 16 05:33:54.682971 2020] [cgi:error] [pid 3948:tid 1412] [client 185.232.52.64:48180] AH02811: script not found or unable to stat: C:/home/mainframe.co.nz/php.cgi
[Thu Jul 16 05:33:55.057828 2020] [cgi:error] [pid 3948:tid 1412] [client 185.232.52.64:48180] AH02811: script not found or unable to stat: C:/home/mainframe.co.nz/php4.cgi
[Thu Jul 16 05:33:55.901578 2020] [cgi:error] [pid 3948:tid 1412] [client 185.232.52.64:48180] AH02811: script not found or unable to stat: C:/home/mainframe.co.nz/php5.cgi
[Thu Jul 16 05:34:00.932880 2020] [cgi:error] [pid 3948:tid 1412] [client 185.232.52.64:48180] AH02811: script not found or unable to stat: C:/Apache24/cgi-bin/php
[Thu Jul 16 05:34:01.467528 2020] [cgi:error] [pid 3948:tid 1412] [client 185.232.52.64:48180] AH02811: script not found or unable to stat: C:/Apache24/cgi-bin/php4
[Thu Jul 16 05:34:01.905071 2020] [cgi:error] [pid 3948:tid 1412] [client 185.232.52.64:48180] AH02811: script not found or unable to stat: C:/Apache24/cgi-bin/php5
[Thu Jul 16 05:34:02.327060 2020] [cgi:error] [pid 3948:tid 1412] [client 185.232.52.64:48180] AH02811: script not found or unable to stat: C:/Apache24/cgi-bin/php.cgi
[Thu Jul 16 05:34:02.771762 2020] [cgi:error] [pid 3948:tid 1412] [client 185.232.52.64:48180] AH02811: script not found or unable to stat: C:/Apache24/cgi-bin/php4.cgi
[Thu Jul 16 05:34:03.112078 2020] [cgi:error] [pid 3948:tid 1412] [client 185.232.52.64:48180] AH02811: script not found or unable to stat: C:/Apache24/cgi-bin/php5.cgi
[Thu Jul 16 05:34:03.655074 2020] [cgi:error] [pid 3948:tid 1412] [client 185.232.52.64:48180] AH02811: script not found or unable to stat: C:/Apache24/cgi-bin/php-cgi
[Thu Jul 16 05:34:03.998831 2020] [cgi:error] [pid 3948:tid 1412] [client 185.232.52.64:48180] AH02811: script not found or unable to stat: C:/Apache24/cgi-bin/php4-cgi
[Thu Jul 16 05:34:04.530058 2020] [cgi:error] [pid 3948:tid 1412] [client 185.232.52.64:48180] AH02811: script not found or unable to stat: C:/Apache24/cgi-bin/php5-cgi
[Thu Jul 16 05:34:04.905062 2020] [php7:error] [pid 3948:tid 1412] [client 185.232.52.64:48180] script 'C:/home/mainframe.co.nz/index.php' not found or unable to stat
[Thu Jul 16 05:34:05.342989 2020] [php7:error] [pid 3948:tid 1412] [client 185.232.52.64:48180] script 'C:/home/mainframe.co.nz/index.php' not found or unable to stat
[Thu Jul 16 05:34:06.248822 2020] [php7:error] [pid 3948:tid 1412] [client 185.232.52.64:48180] script 'C:/home/mainframe.co.nz/index.php' not found or unable to stat
[Thu Jul 16 06:29:13.255086 2020] [php7:error] [pid 3948:tid 1456] [client 139.59.29.219:59438] script 'C:/home/mainframe.co.nz/siteindex.php' not found or unable to stat
[Thu Jul 16 14:21:28.845721 2020] [php7:error] [pid 3948:tid 1452] [client 5.2.72.101:59042] script 'C:/home/mainframe.co.nz/xmlrpc.php' not found or unable to stat
[Thu Jul 16 18:55:42.783903 2020] [cgi:error] [pid 3948:tid 1412] [client 89.31.57.5:49410] AH02811: script not found or unable to stat: C:/home/mainframe.co.nz/php.cgi
[Thu Jul 16 18:55:42.959972 2020] [cgi:error] [pid 3948:tid 1412] [client 89.31.57.5:49410] AH02811: script not found or unable to stat: C:/home/mainframe.co.nz/php4.cgi
[Thu Jul 16 18:55:43.205649 2020] [cgi:error] [pid 3948:tid 1412] [client 89.31.57.5:49410] AH02811: script not found or unable to stat: C:/home/mainframe.co.nz/php5.cgi
[Thu Jul 16 18:55:45.236769 2020] [cgi:error] [pid 3948:tid 1412] [client 89.31.57.5:49410] AH02811: script not found or unable to stat: C:/Apache24/cgi-bin/php
[Thu Jul 16 18:55:45.393009 2020] [cgi:error] [pid 3948:tid 1412] [client 89.31.57.5:49410] AH02811: script not found or unable to stat: C:/Apache24/cgi-bin/php4
[Thu Jul 16 18:55:45.627273 2020] [cgi:error] [pid 3948:tid 1412] [client 89.31.57.5:49410] AH02811: script not found or unable to stat: C:/Apache24/cgi-bin/php5
[Thu Jul 16 18:55:45.814964 2020] [cgi:error] [pid 3948:tid 1412] [client 89.31.57.5:49410] AH02811: script not found or unable to stat: C:/Apache24/cgi-bin/php.cgi
[Thu Jul 16 18:55:46.002506 2020] [cgi:error] [pid 3948:tid 1412] [client 89.31.57.5:49410] AH02811: script not found or unable to stat: C:/Apache24/cgi-bin/php4.cgi
[Thu Jul 16 18:55:46.236862 2020] [cgi:error] [pid 3948:tid 1412] [client 89.31.57.5:49410] AH02811: script not found or unable to stat: C:/Apache24/cgi-bin/php5.cgi
[Thu Jul 16 18:55:46.457864 2020] [cgi:error] [pid 3948:tid 1412] [client 89.31.57.5:49410] AH02811: script not found or unable to stat: C:/Apache24/cgi-bin/php-cgi
[Thu Jul 16 18:55:46.674381 2020] [cgi:error] [pid 3948:tid 1412] [client 89.31.57.5:49410] AH02811: script not found or unable to stat: C:/Apache24/cgi-bin/php4-cgi
[Thu Jul 16 18:55:46.909139 2020] [cgi:error] [pid 3948:tid 1412] [client 89.31.57.5:49410] AH02811: script not found or unable to stat: C:/Apache24/cgi-bin/php5-cgi
[Thu Jul 16 18:55:47.096400 2020] [php7:error] [pid 3948:tid 1412] [client 89.31.57.5:49410] script 'C:/home/mainframe.co.nz/index.php' not found or unable to stat
[Thu Jul 16 18:55:47.252236 2020] [php7:error] [pid 3948:tid 1412] [client 89.31.57.5:49410] script 'C:/home/mainframe.co.nz/index.php' not found or unable to stat
[Thu Jul 16 18:55:47.627759 2020] [php7:error] [pid 3948:tid 1412] [client 89.31.57.5:49410] script 'C:/home/mainframe.co.nz/index.php' not found or unable to stat
[Thu Jul 16 19:12:43.188520 2020] [php7:error] [pid 3948:tid 1136] [client 176.10.99.200:60650] script 'C:/home/mainframe.co.nz/xmlrpc.php' not found or unable to stat
[Thu Jul 16 19:32:44.199136 2020] [php7:error] [pid 3948:tid 1064] [client 199.249.230.108:55754] script 'C:/home/mainframe.co.nz/xmlrpc.php' not found or unable to stat
[Thu Jul 16 20:18:13.034016 2020] [php7:error] [pid 3948:tid 1272] [client 185.220.101.233:19532] script 'C:/home/mainframe.co.nz/xmlrpc.php' not found or unable to stat
[Thu Jul 16 20:35:16.698931 2020] [cgi:error] [pid 3948:tid 1160] [client 185.220.101.14:22230] AH02811: script not found or unable to stat: C:/home/mainframe.co.nz/php.cgi
[Thu Jul 16 20:35:16.932670 2020] [cgi:error] [pid 3948:tid 1160] [client 185.220.101.14:22230] AH02811: script not found or unable to stat: C:/home/mainframe.co.nz/php4.cgi
[Thu Jul 16 20:35:17.182667 2020] [cgi:error] [pid 3948:tid 1160] [client 185.220.101.14:22230] AH02811: script not found or unable to stat: C:/home/mainframe.co.nz/php5.cgi
[Thu Jul 16 20:35:20.026548 2020] [cgi:error] [pid 3948:tid 1160] [client 185.220.101.14:22230] AH02811: script not found or unable to stat: C:/Apache24/cgi-bin/php
[Thu Jul 16 20:35:20.307765 2020] [cgi:error] [pid 3948:tid 1160] [client 185.220.101.14:22230] AH02811: script not found or unable to stat: C:/Apache24/cgi-bin/php4
[Thu Jul 16 20:35:20.545166 2020] [cgi:error] [pid 3948:tid 1160] [client 185.220.101.14:22230] AH02811: script not found or unable to stat: C:/Apache24/cgi-bin/php5
[Thu Jul 16 20:35:20.776597 2020] [cgi:error] [pid 3948:tid 1160] [client 185.220.101.14:22230] AH02811: script not found or unable to stat: C:/Apache24/cgi-bin/php.cgi
[Thu Jul 16 20:35:21.057599 2020] [cgi:error] [pid 3948:tid 1160] [client 185.220.101.14:22230] AH02811: script not found or unable to stat: C:/Apache24/cgi-bin/php4.cgi
[Thu Jul 16 20:35:21.338843 2020] [cgi:error] [pid 3948:tid 1160] [client 185.220.101.14:22230] AH02811: script not found or unable to stat: C:/Apache24/cgi-bin/php5.cgi
[Thu Jul 16 20:35:21.651215 2020] [cgi:error] [pid 3948:tid 1160] [client 185.220.101.14:22230] AH02811: script not found or unable to stat: C:/Apache24/cgi-bin/php-cgi
[Thu Jul 16 20:35:21.886002 2020] [cgi:error] [pid 3948:tid 1160] [client 185.220.101.14:22230] AH02811: script not found or unable to stat: C:/Apache24/cgi-bin/php4-cgi
[Thu Jul 16 20:35:22.135915 2020] [cgi:error] [pid 3948:tid 1160] [client 185.220.101.14:22230] AH02811: script not found or unable to stat: C:/Apache24/cgi-bin/php5-cgi
[Thu Jul 16 20:35:22.401402 2020] [php7:error] [pid 3948:tid 1160] [client 185.220.101.14:22230] script 'C:/home/mainframe.co.nz/index.php' not found or unable to stat
[Thu Jul 16 20:35:22.698351 2020] [php7:error] [pid 3948:tid 1160] [client 185.220.101.14:22230] script 'C:/home/mainframe.co.nz/index.php' not found or unable to stat
[Thu Jul 16 20:35:23.276421 2020] [php7:error] [pid 3948:tid 1160] [client 185.220.101.14:22230] script 'C:/home/mainframe.co.nz/index.php' not found or unable to stat
[Thu Jul 16 22:56:13.228497 2020] [php7:error] [pid 3948:tid 1456] [client 142.44.251.104:54032] script 'C:/home/mainframe.co.nz/xmlrpc.php' not found or unable to stat
[Fri Jul 17 01:02:16.923907 2020] [php7:error] [pid 3948:tid 1228] [client 23.129.64.210:39119] script 'C:/home/mainframe.co.nz/xmlrpc.php' not found or unable to stat
[Fri Jul 17 10:08:54.726013 2020] [cgi:error] [pid 3948:tid 1136] [client 51.68.139.151:37714] AH02811: script not found or unable to stat: C:/home/mainframe.co.nz/php.cgi
[Fri Jul 17 10:08:55.054009 2020] [cgi:error] [pid 3948:tid 1136] [client 51.68.139.151:37714] AH02811: script not found or unable to stat: C:/home/mainframe.co.nz/php4.cgi
[Fri Jul 17 10:08:55.257499 2020] [cgi:error] [pid 3948:tid 1136] [client 51.68.139.151:37714] AH02811: script not found or unable to stat: C:/home/mainframe.co.nz/php5.cgi
[Fri Jul 17 10:08:57.991402 2020] [cgi:error] [pid 3948:tid 1136] [client 51.68.139.151:37714] AH02811: script not found or unable to stat: C:/Apache24/cgi-bin/php
[Fri Jul 17 10:08:58.257494 2020] [cgi:error] [pid 3948:tid 1136] [client 51.68.139.151:37714] AH02811: script not found or unable to stat: C:/Apache24/cgi-bin/php4
[Fri Jul 17 10:08:58.547781 2020] [cgi:error] [pid 3948:tid 1136] [client 51.68.139.151:37714] AH02811: script not found or unable to stat: C:/Apache24/cgi-bin/php5
[Fri Jul 17 10:08:58.835637 2020] [cgi:error] [pid 3948:tid 1136] [client 51.68.139.151:37714] AH02811: script not found or unable to stat: C:/Apache24/cgi-bin/php.cgi
[Fri Jul 17 10:08:59.132423 2020] [cgi:error] [pid 3948:tid 1136] [client 51.68.139.151:37714] AH02811: script not found or unable to stat: C:/Apache24/cgi-bin/php4.cgi
[Fri Jul 17 10:08:59.373412 2020] [cgi:error] [pid 3948:tid 1136] [client 51.68.139.151:37714] AH02811: script not found or unable to stat: C:/Apache24/cgi-bin/php5.cgi
[Fri Jul 17 10:08:59.663400 2020] [cgi:error] [pid 3948:tid 1136] [client 51.68.139.151:37714] AH02811: script not found or unable to stat: C:/Apache24/cgi-bin/php-cgi
[Fri Jul 17 10:08:59.916890 2020] [cgi:error] [pid 3948:tid 1136] [client 51.68.139.151:37714] AH02811: script not found or unable to stat: C:/Apache24/cgi-bin/php4-cgi
