[Thu Jan 14 04:35:30.634840 2021] [php7:error] [pid 3684:tid 1208] [client 207.180.212.51:55222] script 'C:/home/mainframe.co.nz/wp-login.php' not found or unable to stat
[Thu Jan 14 07:52:45.419279 2021] [php7:error] [pid 3684:tid 1040] [client 50.87.144.89:59654] script 'C:/home/mainframe.co.nz/index2.php' not found or unable to stat
[Thu Jan 14 07:52:50.544314 2021] [php7:error] [pid 3684:tid 1040] [client 50.87.144.89:59804] script 'C:/home/mainframe.co.nz/index2.php' not found or unable to stat
[Thu Jan 14 07:53:41.419557 2021] [php7:error] [pid 3684:tid 1160] [client 50.87.144.89:10256] script 'C:/home/mainframe.co.nz/index2.php' not found or unable to stat
[Thu Jan 14 07:53:46.545966 2021] [php7:error] [pid 3684:tid 1160] [client 50.87.144.89:10400] script 'C:/home/mainframe.co.nz/index2.php' not found or unable to stat
[Thu Jan 14 11:56:08.427097 2021] [php7:error] [pid 3684:tid 1364] [client 207.180.198.228:39760] script 'C:/home/mainframe.co.nz/index2.php' not found or unable to stat
[Thu Jan 14 11:56:13.630247 2021] [php7:error] [pid 3684:tid 1364] [client 207.180.198.228:39778] script 'C:/home/mainframe.co.nz/index2.php' not found or unable to stat
[Thu Jan 14 11:57:05.664445 2021] [php7:error] [pid 3684:tid 1140] [client 207.180.198.228:39946] script 'C:/home/mainframe.co.nz/index2.php' not found or unable to stat
[Thu Jan 14 11:57:10.867593 2021] [php7:error] [pid 3684:tid 1140] [client 207.180.198.228:39958] script 'C:/home/mainframe.co.nz/index2.php' not found or unable to stat
[Thu Jan 14 18:14:25.796726 2021] [php7:error] [pid 3684:tid 1088] [client 192.240.180.114:52015] script 'C:/home/mainframe.co.nz/c.php' not found or unable to stat
[Thu Jan 14 18:14:25.906091 2021] [php7:error] [pid 3684:tid 1088] [client 192.240.180.114:52023] script 'C:/home/mainframe.co.nz/anons79.php' not found or unable to stat
[Thu Jan 14 18:14:57.486024 2021] [php7:error] [pid 3684:tid 1088] [client 192.240.180.114:52875] script 'C:/home/mainframe.co.nz/logs/c.php' not found or unable to stat
[Thu Jan 14 18:14:57.595402 2021] [php7:error] [pid 3684:tid 1088] [client 192.240.180.114:52879] script 'C:/home/mainframe.co.nz/logs/anons79.php' not found or unable to stat
[Thu Jan 14 18:24:46.285311 2021] [php7:error] [pid 3684:tid 1432] [client 69.160.62.42:41753] script 'C:/home/mainframe.co.nz/c.php' not found or unable to stat
[Thu Jan 14 18:24:46.410317 2021] [php7:error] [pid 3684:tid 1432] [client 69.160.62.42:41759] script 'C:/home/mainframe.co.nz/anons79.php' not found or unable to stat
[Thu Jan 14 18:25:17.660458 2021] [php7:error] [pid 3684:tid 1432] [client 69.160.62.42:42977] script 'C:/home/mainframe.co.nz/logs/c.php' not found or unable to stat
[Thu Jan 14 18:25:17.785469 2021] [php7:error] [pid 3684:tid 1432] [client 69.160.62.42:42981] script 'C:/home/mainframe.co.nz/logs/anons79.php' not found or unable to stat
[Thu Jan 14 19:11:47.580013 2021] [php7:error] [pid 3684:tid 1120] [client 5.135.154.75:54257] script 'C:/home/mainframe.co.nz/larva.php' not found or unable to stat
[Fri Jan 15 12:40:58.477349 2021] [php7:error] [pid 3684:tid 1240] [client 192.169.218.28:51462] script 'C:/home/mainframe.co.nz/wp-login.php' not found or unable to stat
[Fri Jan 15 23:26:33.770274 2021] [php7:error] [pid 3684:tid 1260] [client 54.178.182.46:11564] script 'C:/home/mainframe.co.nz/wp-login.php' not found or unable to stat
[Fri Jan 15 23:26:36.457851 2021] [php7:error] [pid 3684:tid 1176] [client 54.178.182.46:13985] script 'C:/home/mainframe.co.nz/wp-login.php' not found or unable to stat
[Sat Jan 16 04:53:23.524754 2021] [php7:error] [pid 3684:tid 1120] [client 192.99.4.124:41856] script 'C:/home/mainframe.co.nz/data.php' not found or unable to stat, referer: http://simplesite.com
[Sat Jan 16 04:53:27.212266 2021] [php7:error] [pid 3684:tid 1176] [client 192.99.4.124:42248] script 'C:/home/mainframe.co.nz/data.php' not found or unable to stat, referer: http://simplesite.com
[Sat Jan 16 05:10:21.589635 2021] [php7:error] [pid 3684:tid 1444] [client 210.86.239.43:47640] script 'C:/home/mainframe.co.nz/cron.php' not found or unable to stat, referer: http://simplesite.com
[Sat Jan 16 06:31:44.208463 2021] [php7:error] [pid 3684:tid 1296] [client 35.183.60.188:34665] script 'C:/home/mainframe.co.nz/wp-login.php' not found or unable to stat
[Sat Jan 16 06:31:44.239641 2021] [php7:error] [pid 3684:tid 1296] [client 35.183.60.188:39596] script 'C:/home/mainframe.co.nz/wp-login.php' not found or unable to stat
[Sat Jan 16 06:47:12.957678 2021] [php7:error] [pid 3684:tid 1356] [client 160.153.147.17:49006] script 'C:/home/mainframe.co.nz/readme.php' not found or unable to stat, referer: http://simplesite.com
[Sat Jan 16 06:47:46.051580 2021] [php7:error] [pid 3684:tid 1404] [client 93.188.2.5:48483] script 'C:/home/mainframe.co.nz/mini.php' not found or unable to stat, referer: http://simplesite.com
[Sat Jan 16 07:21:40.613982 2021] [php7:error] [pid 3684:tid 1052] [client 208.109.43.16:43446] script 'C:/home/mainframe.co.nz/media-admin.php' not found or unable to stat, referer: http://simplesite.com
[Sat Jan 16 08:24:46.997151 2021] [php7:error] [pid 3684:tid 1052] [client 208.113.153.217:47178] script 'C:/home/mainframe.co.nz/a.php' not found or unable to stat, referer: http://simplesite.com
[Sat Jan 16 12:29:54.100339 2021] [php7:error] [pid 3684:tid 1088] [client 5.135.101.211:34297] script 'C:/home/mainframe.co.nz/index2.php' not found or unable to stat
[Sat Jan 16 12:29:59.272238 2021] [php7:error] [pid 3684:tid 1088] [client 5.135.101.211:34327] script 'C:/home/mainframe.co.nz/index2.php' not found or unable to stat
[Sat Jan 16 12:31:05.555412 2021] [php7:error] [pid 3684:tid 1328] [client 5.135.101.211:34650] script 'C:/home/mainframe.co.nz/index2.php' not found or unable to stat
[Sat Jan 16 12:31:10.727072 2021] [php7:error] [pid 3684:tid 1088] [client 5.135.101.211:34673] script 'C:/home/mainframe.co.nz/index2.php' not found or unable to stat
[Sat Jan 16 12:52:08.687129 2021] [php7:error] [pid 3684:tid 1388] [client 78.110.50.145:42202] script 'C:/home/mainframe.co.nz/m.php' not found or unable to stat, referer: http://simplesite.com
[Sat Jan 16 12:52:12.499648 2021] [php7:error] [pid 3684:tid 1440] [client 78.110.50.145:42988] script 'C:/home/mainframe.co.nz/m.php' not found or unable to stat, referer: http://simplesite.com
[Sat Jan 16 14:12:52.379908 2021] [php7:error] [pid 3684:tid 1384] [client 91.208.99.2:58660] script 'C:/home/mainframe.co.nz/config.php' not found or unable to stat, referer: http://simplesite.com
[Sat Jan 16 16:39:13.092977 2021] [php7:error] [pid 3684:tid 1496] [client 69.65.40.75:54222] script 'C:/home/mainframe.co.nz/ups.php' not found or unable to stat, referer: http://simplesite.com
[Sat Jan 16 17:45:44.313945 2021] [php7:error] [pid 3684:tid 1368] [client 185.182.56.72:54164] script 'C:/home/mainframe.co.nz/doc.php' not found or unable to stat, referer: http://simplesite.com
[Sat Jan 16 17:46:51.129494 2021] [php7:error] [pid 3684:tid 1040] [client 69.65.40.75:59570] script 'C:/home/mainframe.co.nz/lib.php' not found or unable to stat, referer: http://simplesite.com
[Sat Jan 16 18:39:57.917969 2021] [php7:error] [pid 3684:tid 1088] [client 54.69.51.126:54414] script 'C:/home/mainframe.co.nz/wp-xmlrpc.php' not found or unable to stat, referer: http://simplesite.com
[Sat Jan 16 18:47:38.305680 2021] [php7:error] [pid 3684:tid 1096] [client 192.99.38.64:33892] script 'C:/home/mainframe.co.nz/sitemap.php' not found or unable to stat, referer: http://simplesite.com
[Sat Jan 16 21:03:43.450500 2021] [php7:error] [pid 3684:tid 1496] [client 78.110.50.145:48088] script 'C:/home/mainframe.co.nz/home.php' not found or unable to stat, referer: http://simplesite.com
[Sat Jan 16 22:38:25.883775 2021] [php7:error] [pid 3684:tid 1440] [client 149.129.105.68:41956] script 'C:/home/mainframe.co.nz/error.php' not found or unable to stat, referer: http://simplesite.com
[Sat Jan 16 23:33:20.892922 2021] [php7:error] [pid 3684:tid 1304] [client 176.221.51.68:57816] script 'C:/home/mainframe.co.nz/php.php' not found or unable to stat, referer: http://simplesite.com
[Sat Jan 16 23:33:25.174204 2021] [php7:error] [pid 3684:tid 1304] [client 176.221.51.68:58526] script 'C:/home/mainframe.co.nz/php.php' not found or unable to stat, referer: http://simplesite.com
[Sun Jan 17 04:18:32.251638 2021] [php7:error] [pid 3684:tid 1404] [client 193.202.110.27:47402] script 'C:/home/mainframe.co.nz/test.php' not found or unable to stat, referer: http://simplesite.com
[Sun Jan 17 04:18:38.095473 2021] [php7:error] [pid 3684:tid 1368] [client 46.105.107.181:59074] script 'C:/home/mainframe.co.nz/check.php' not found or unable to stat, referer: http://simplesite.com
[Sun Jan 17 04:52:13.782238 2021] [php7:error] [pid 3684:tid 1468] [client 8.210.64.70:42601] script 'C:/home/mainframe.co.nz/wp-logout.php' not found or unable to stat, referer: http://simplesite.com
[Sun Jan 17 04:52:35.610452 2021] [php7:error] [pid 3684:tid 1468] [client 192.99.38.64:48240] script 'C:/home/mainframe.co.nz/wp-plugins.php' not found or unable to stat, referer: http://simplesite.com
[Sun Jan 17 05:08:35.717114 2021] [php7:error] [pid 3684:tid 1152] [client 47.91.128.217:59465] script 'C:/home/mainframe.co.nz/log.php' not found or unable to stat, referer: http://simplesite.com
[Sun Jan 17 05:08:39.920264 2021] [php7:error] [pid 3684:tid 1052] [client 47.91.128.217:59732] script 'C:/home/mainframe.co.nz/log.php' not found or unable to stat, referer: http://simplesite.com
[Sun Jan 17 05:36:05.197292 2021] [php7:error] [pid 3684:tid 1232] [client 45.124.65.6:46870] script 'C:/home/mainframe.co.nz/post.php' not found or unable to stat, referer: http://simplesite.com
[Sun Jan 17 05:38:42.169530 2021] [php7:error] [pid 3684:tid 1096] [client 47.240.98.190:57538] script 'C:/home/mainframe.co.nz/system.php' not found or unable to stat, referer: http://simplesite.com
[Sun Jan 17 05:39:03.483404 2021] [php7:error] [pid 3684:tid 1380] [client 192.99.4.124:37619] script 'C:/home/mainframe.co.nz/2.php' not found or unable to stat, referer: http://simplesite.com
[Sun Jan 17 05:39:06.717803 2021] [php7:error] [pid 3684:tid 1496] [client 192.99.4.124:38021] script 'C:/home/mainframe.co.nz/2.php' not found or unable to stat, referer: http://simplesite.com
[Sun Jan 17 06:31:43.878824 2021] [php7:error] [pid 3684:tid 1296] [client 208.113.170.111:57756] script 'C:/home/mainframe.co.nz/wso.php' not found or unable to stat, referer: http://simplesite.com
[Sun Jan 17 07:47:20.121780 2021] [php7:error] [pid 3684:tid 1496] [client 46.209.144.158:34558] script 'C:/home/mainframe.co.nz/404.php' not found or unable to stat, referer: http://simplesite.com
[Sun Jan 17 08:00:00.739793 2021] [php7:error] [pid 3684:tid 1368] [client 162.254.150.6:55266] script 'C:/home/mainframe.co.nz/yusa.php' not found or unable to stat, referer: http://simplesite.com
[Sun Jan 17 08:05:00.436046 2021] [php7:error] [pid 3684:tid 1356] [client 81.88.49.33:50668] script 'C:/home/mainframe.co.nz/footer.php' not found or unable to stat, referer: http://simplesite.com
[Sun Jan 17 08:57:58.442224 2021] [php7:error] [pid 3684:tid 1488] [client 138.197.154.176:57626] script 'C:/home/mainframe.co.nz/wp-login.php' not found or unable to stat
[Sun Jan 17 09:02:20.277304 2021] [php7:error] [pid 3684:tid 1488] [client 107.180.109.49:54572] script 'C:/home/mainframe.co.nz/xml.php' not found or unable to stat, referer: http://simplesite.com
[Sun Jan 17 09:05:04.972385 2021] [php7:error] [pid 3684:tid 1488] [client 47.52.30.46:37918] script 'C:/home/mainframe.co.nz/indexe.php' not found or unable to stat, referer: http://simplesite.com
[Sun Jan 17 09:05:09.941166 2021] [php7:error] [pid 3684:tid 1368] [client 47.52.30.46:38698] script 'C:/home/mainframe.co.nz/indexe.php' not found or unable to stat, referer: http://simplesite.com
[Sun Jan 17 09:37:21.268879 2021] [php7:error] [pid 3684:tid 1260] [client 43.229.84.224:33946] script 'C:/home/mainframe.co.nz/seter.php' not found or unable to stat, referer: http://simplesite.com
[Sun Jan 17 09:54:06.580414 2021] [php7:error] [pid 3684:tid 1140] [client 109.169.83.2:39534] script 'C:/home/mainframe.co.nz/index2.php' not found or unable to stat
[Sun Jan 17 09:54:11.721056 2021] [php7:error] [pid 3684:tid 1140] [client 109.169.83.2:39578] script 'C:/home/mainframe.co.nz/index2.php' not found or unable to stat
[Sun Jan 17 09:55:03.019523 2021] [php7:error] [pid 3684:tid 1356] [client 109.169.83.2:40020] script 'C:/home/mainframe.co.nz/index2.php' not found or unable to stat
[Sun Jan 17 09:55:08.175884 2021] [php7:error] [pid 3684:tid 1444] [client 109.169.83.2:40068] script 'C:/home/mainframe.co.nz/index2.php' not found or unable to stat
[Sun Jan 17 09:56:30.146351 2021] [php7:error] [pid 3684:tid 1444] [client 35.188.172.154:43872] script 'C:/home/mainframe.co.nz/mod.php' not found or unable to stat, referer: http://simplesite.com
[Sun Jan 17 10:07:50.746803 2021] [php7:error] [pid 3684:tid 1096] [client 162.254.150.6:45364] script 'C:/home/mainframe.co.nz/default.php' not found or unable to stat, referer: http://simplesite.com
[Sun Jan 17 11:10:39.307952 2021] [php7:error] [pid 3684:tid 1256] [client 54.38.143.226:55352] script 'C:/home/mainframe.co.nz/license.php' not found or unable to stat, referer: http://simplesite.com
[Sun Jan 17 11:28:08.894017 2021] [php7:error] [pid 3684:tid 1096] [client 198.71.240.34:56738] script 'C:/home/mainframe.co.nz/alfa.php' not found or unable to stat, referer: http://simplesite.com
[Sun Jan 17 11:29:06.020634 2021] [php7:error] [pid 3684:tid 1456] [client 78.85.17.64:59740] script 'C:/home/mainframe.co.nz/wp-info.php' not found or unable to stat, referer: http://simplesite.com
[Sun Jan 17 11:45:56.972051 2021] [php7:error] [pid 3684:tid 1388] [client 47.52.30.46:55222] script 'C:/home/mainframe.co.nz/htaccess.php' not found or unable to stat, referer: http://simplesite.com
[Sun Jan 17 12:47:05.801956 2021] [php7:error] [pid 3684:tid 1456] [client 212.12.75.6:50676] script 'C:/home/mainframe.co.nz/index2.php' not found or unable to stat
[Sun Jan 17 12:47:11.051983 2021] [php7:error] [pid 3684:tid 1096] [client 212.12.75.6:50798] script 'C:/home/mainframe.co.nz/index2.php' not found or unable to stat
[Sun Jan 17 12:48:04.397428 2021] [php7:error] [pid 3684:tid 1496] [client 212.12.75.6:51978] script 'C:/home/mainframe.co.nz/index2.php' not found or unable to stat
[Sun Jan 17 12:48:09.647467 2021] [php7:error] [pid 3684:tid 1496] [client 212.12.75.6:52136] script 'C:/home/mainframe.co.nz/index2.php' not found or unable to stat
[Sun Jan 17 16:16:03.484948 2021] [php7:error] [pid 3684:tid 1380] [client 167.179.74.246:35072] script 'C:/home/mainframe.co.nz/index2.php' not found or unable to stat
[Sun Jan 17 16:16:42.360134 2021] [php7:error] [pid 3684:tid 1296] [client 167.179.74.246:36146] script 'C:/home/mainframe.co.nz/index2.php' not found or unable to stat
[Sun Jan 17 16:17:21.237738 2021] [php7:error] [pid 3684:tid 1140] [client 167.179.74.246:37246] script 'C:/home/mainframe.co.nz/index2.php' not found or unable to stat
[Sun Jan 17 16:18:00.114269 2021] [php7:error] [pid 3684:tid 1140] [client 167.179.74.246:38406] script 'C:/home/mainframe.co.nz/index2.php' not found or unable to stat
[Sun Jan 17 16:47:00.806644 2021] [php7:error] [pid 3684:tid 1488] [client 167.179.74.246:33046] script 'C:/home/mainframe.co.nz/index2.php' not found or unable to stat
[Sun Jan 17 16:47:39.681835 2021] [php7:error] [pid 3684:tid 1488] [client 167.179.74.246:34096] script 'C:/home/mainframe.co.nz/index2.php' not found or unable to stat
[Sun Jan 17 16:48:18.542942 2021] [php7:error] [pid 3684:tid 1488] [client 167.179.74.246:35172] script 'C:/home/mainframe.co.nz/index2.php' not found or unable to stat
[Sun Jan 17 16:48:57.419389 2021] [php7:error] [pid 3684:tid 1488] [client 167.179.74.246:36144] script 'C:/home/mainframe.co.nz/index2.php' not found or unable to stat
[Sun Jan 17 22:19:03.337404 2021] [php7:error] [pid 3684:tid 1432] [client 66.249.64.49:42914] script 'C:/home/mainframe.co.nz/wp-login.php' not found or unable to stat
[Mon Jan 18 20:50:04.918170 2021] [php7:error] [pid 3684:tid 1208] [client 70.37.91.38:50748] script 'C:/home/mainframe.co.nz/xmlrpc.php' not found or unable to stat
[Mon Jan 18 20:53:12.204642 2021] [php7:error] [pid 3684:tid 1176] [client 18.229.73.207:52097] script 'C:/home/mainframe.co.nz/wp-login.php' not found or unable to stat
[Mon Jan 18 20:53:14.626418 2021] [php7:error] [pid 3684:tid 1176] [client 18.229.73.207:33815] script 'C:/home/mainframe.co.nz/wp-login.php' not found or unable to stat
[Tue Jan 19 01:03:11.314442 2021] [php7:error] [pid 3684:tid 1248] [client 177.70.21.197:42470] script 'C:/home/mainframe.co.nz/index2.php' not found or unable to stat
[Tue Jan 19 01:03:16.548881 2021] [php7:error] [pid 3684:tid 1248] [client 177.70.21.197:42658] script 'C:/home/mainframe.co.nz/index2.php' not found or unable to stat
[Tue Jan 19 01:04:10.004641 2021] [php7:error] [pid 3684:tid 1248] [client 177.70.21.197:44470] script 'C:/home/mainframe.co.nz/index2.php' not found or unable to stat
[Tue Jan 19 01:04:15.254586 2021] [php7:error] [pid 3684:tid 1248] [client 177.70.21.197:44640] script 'C:/home/mainframe.co.nz/index2.php' not found or unable to stat
[Tue Jan 19 01:05:08.709278 2021] [php7:error] [pid 3684:tid 1248] [client 177.70.21.197:46240] script 'C:/home/mainframe.co.nz/index2.php' not found or unable to stat
[Tue Jan 19 01:05:13.959364 2021] [php7:error] [pid 3684:tid 1248] [client 177.70.21.197:46382] script 'C:/home/mainframe.co.nz/index2.php' not found or unable to stat
[Tue Jan 19 01:06:07.414032 2021] [php7:error] [pid 3684:tid 1176] [client 177.70.21.197:47938] script 'C:/home/mainframe.co.nz/index2.php' not found or unable to stat
[Tue Jan 19 01:06:12.664060 2021] [php7:error] [pid 3684:tid 1176] [client 177.70.21.197:48084] script 'C:/home/mainframe.co.nz/index2.php' not found or unable to stat
[Tue Jan 19 01:15:38.216940 2021] [php7:error] [pid 3684:tid 1208] [client 177.70.21.197:32964] script 'C:/home/mainframe.co.nz/index2.php' not found or unable to stat
[Tue Jan 19 01:15:43.466983 2021] [php7:error] [pid 3684:tid 1208] [client 177.70.21.197:33074] script 'C:/home/mainframe.co.nz/index2.php' not found or unable to stat
[Tue Jan 19 01:16:36.921909 2021] [php7:error] [pid 3684:tid 1120] [client 177.70.21.197:34280] script 'C:/home/mainframe.co.nz/index2.php' not found or unable to stat
[Tue Jan 19 01:16:42.171929 2021] [php7:error] [pid 3684:tid 1368] [client 177.70.21.197:34396] script 'C:/home/mainframe.co.nz/index2.php' not found or unable to stat
[Tue Jan 19 01:17:35.642375 2021] [php7:error] [pid 3684:tid 1208] [client 177.70.21.197:35580] script 'C:/home/mainframe.co.nz/index2.php' not found or unable to stat
[Tue Jan 19 01:17:40.876703 2021] [php7:error] [pid 3684:tid 1420] [client 177.70.21.197:35706] script 'C:/home/mainframe.co.nz/index2.php' not found or unable to stat
[Tue Jan 19 01:18:34.331611 2021] [php7:error] [pid 3684:tid 1328] [client 177.70.21.197:36874] script 'C:/home/mainframe.co.nz/index2.php' not found or unable to stat
[Tue Jan 19 01:18:39.565896 2021] [php7:error] [pid 3684:tid 1368] [client 177.70.21.197:37072] script 'C:/home/mainframe.co.nz/index2.php' not found or unable to stat
[Tue Jan 19 13:31:54.090789 2021] [php7:error] [pid 3684:tid 1496] [client 37.97.185.158:33860] script 'C:/home/mainframe.co.nz/emergency.php' not found or unable to stat, referer: mainframe.co.nz
[Wed Jan 20 03:20:57.393830 2021] [php7:error] [pid 3684:tid 1232] [client 13.232.96.15:51444] script 'C:/home/mainframe.co.nz/wp-login.php' not found or unable to stat
[Wed Jan 20 03:20:58.159464 2021] [php7:error] [pid 3684:tid 1232] [client 13.232.96.15:59754] script 'C:/home/mainframe.co.nz/wp-login.php' not found or unable to stat
[Wed Jan 20 03:24:20.180546 2021] [php7:error] [pid 3684:tid 1000] [client 165.227.0.36:40768] script 'C:/home/mainframe.co.nz/wp-login.php' not found or unable to stat
[Thu Jan 21 08:17:44.990054 2021] [php7:error] [pid 3684:tid 1296] [client 122.155.202.200:43890] script 'C:/home/mainframe.co.nz/controller.php' not found or unable to stat, referer: http://simplesite.com
[Thu Jan 21 08:35:55.689597 2021] [php7:error] [pid 3684:tid 1296] [client 192.99.38.64:50598] script 'C:/home/mainframe.co.nz/gank.php.PhP' not found or unable to stat, referer: http://simplesite.com
[Thu Jan 21 08:35:56.001998 2021] [php7:error] [pid 3684:tid 1256] [client 93.188.2.5:62104] script 'C:/home/mainframe.co.nz/img.php' not found or unable to stat, referer: http://simplesite.com
[Thu Jan 21 08:35:56.345753 2021] [php7:error] [pid 3684:tid 1052] [client 93.188.2.5:51568] script 'C:/home/mainframe.co.nz/img.php' not found or unable to stat, referer: http://simplesite.com
[Thu Jan 21 08:52:31.424288 2021] [php7:error] [pid 3684:tid 1088] [client 81.88.49.50:36156] script 'C:/home/mainframe.co.nz/docindex.php' not found or unable to stat, referer: http://simplesite.com
[Thu Jan 21 10:32:24.474771 2021] [php7:error] [pid 3684:tid 1468] [client 45.76.117.111:57984] script 'C:/home/mainframe.co.nz/55index.php' not found or unable to stat, referer: http://simplesite.com
[Thu Jan 21 10:33:51.571697 2021] [php7:error] [pid 3684:tid 1248] [client 37.9.169.20:36120] script 'C:/home/mainframe.co.nz/wp-blog.php' not found or unable to stat, referer: http://simplesite.com
[Thu Jan 21 14:33:49.489377 2021] [php7:error] [pid 3684:tid 1176] [client 198.71.227.6:48196] script 'C:/home/mainframe.co.nz/hello.php' not found or unable to stat, referer: http://simplesite.com
[Thu Jan 21 16:56:09.239369 2021] [php7:error] [pid 3684:tid 1052] [client 122.155.202.200:39074] script 'C:/home/mainframe.co.nz/o.php' not found or unable to stat, referer: http://simplesite.com
[Thu Jan 21 19:06:39.116657 2021] [php7:error] [pid 3684:tid 1328] [client 58.27.227.50:64947] script 'C:/home/mainframe.co.nz/wp-login.php' not found or unable to stat
[Thu Jan 21 19:06:41.819871 2021] [php7:error] [pid 3684:tid 1440] [client 58.27.227.50:64987] script 'C:/home/mainframe.co.nz/admin.php' not found or unable to stat
[Thu Jan 21 19:06:58.836893 2021] [php7:error] [pid 3684:tid 1440] [client 185.220.101.205:27836] script 'C:/home/mainframe.co.nz/wp-login.php' not found or unable to stat
[Thu Jan 21 19:07:02.915035 2021] [php7:error] [pid 3684:tid 1440] [client 185.220.101.199:10040] script 'C:/home/mainframe.co.nz/admin.php' not found or unable to stat
[Thu Jan 21 20:58:36.178541 2021] [php7:error] [pid 3684:tid 1000] [client 146.228.113.46:39776] script 'C:/home/mainframe.co.nz/shell.php' not found or unable to stat, referer: http://simplesite.com
[Thu Jan 21 21:20:49.853812 2021] [php7:error] [pid 3684:tid 1120] [client 113.111.81.160:9818] script 'C:/home/mainframe.co.nz/wp-login.php' not found or unable to stat
[Thu Jan 21 22:05:18.042716 2021] [php7:error] [pid 3684:tid 1248] [client 195.248.240.36:52611] script 'C:/home/mainframe.co.nz/file.php' not found or unable to stat, referer: http://simplesite.com
[Thu Jan 21 22:21:38.952927 2021] [php7:error] [pid 3684:tid 1328] [client 47.52.105.66:37762] script 'C:/home/mainframe.co.nz/content-post.php' not found or unable to stat, referer: http://simplesite.com
[Fri Jan 22 07:56:28.909805 2021] [php7:error] [pid 3684:tid 1348] [client 197.242.150.20:54402] script 'C:/home/mainframe.co.nz/wp-login.php' not found or unable to stat
[Sat Jan 23 19:22:49.428928 2021] [php7:error] [pid 3684:tid 1384] [client 34.236.55.223:54811] script 'C:/home/mainframe.co.nz/wp-login.php' not found or unable to stat
[Sat Jan 23 19:22:51.569645 2021] [php7:error] [pid 3684:tid 1144] [client 34.236.55.223:37938] script 'C:/home/mainframe.co.nz/wp-login.php' not found or unable to stat
[Sat Jan 23 19:32:26.507156 2021] [php7:error] [pid 3684:tid 1240] [client 195.162.71.245:64701] script 'C:/home/mainframe.co.nz/wp-login.php' not found or unable to stat
[Sat Jan 23 19:32:26.897770 2021] [php7:error] [pid 3684:tid 1240] [client 195.162.71.245:64717] script 'C:/home/mainframe.co.nz/admin.php' not found or unable to stat
[Sat Jan 23 19:32:29.538408 2021] [php7:error] [pid 3684:tid 1356] [client 185.220.102.243:1886] script 'C:/home/mainframe.co.nz/wp-login.php' not found or unable to stat
[Sat Jan 23 19:32:30.679036 2021] [php7:error] [pid 3684:tid 1356] [client 185.100.87.240:12612] script 'C:/home/mainframe.co.nz/admin.php' not found or unable to stat
[Sat Jan 23 22:21:24.347620 2021] [php7:error] [pid 3684:tid 1240] [client 149.255.60.161:34746] script 'C:/home/mainframe.co.nz/wp-login.php' not found or unable to stat
[Sat Jan 23 23:01:33.915218 2021] [php7:error] [pid 3684:tid 1120] [client 109.169.83.2:55174] script 'C:/home/mainframe.co.nz/index2.php' not found or unable to stat
[Sat Jan 23 23:01:39.071483 2021] [php7:error] [pid 3684:tid 1120] [client 109.169.83.2:55300] script 'C:/home/mainframe.co.nz/index2.php' not found or unable to stat
[Sat Jan 23 23:02:30.354296 2021] [php7:error] [pid 3684:tid 1120] [client 109.169.83.2:56428] script 'C:/home/mainframe.co.nz/index2.php' not found or unable to stat
[Sat Jan 23 23:02:35.494970 2021] [php7:error] [pid 3684:tid 1356] [client 109.169.83.2:56548] script 'C:/home/mainframe.co.nz/index2.php' not found or unable to stat
[Sun Jan 24 00:21:41.022994 2021] [php7:error] [pid 3684:tid 1248] [client 78.183.36.5:65380] script 'C:/home/mainframe.co.nz/xmlrpc.php' not found or unable to stat
[Sun Jan 24 01:28:02.297461 2021] [php7:error] [pid 3684:tid 1368] [client 52.249.192.241:57424] script 'C:/home/mainframe.co.nz/xmlrpc.php' not found or unable to stat
[Sun Jan 24 06:27:40.414605 2021] [php7:error] [pid 3684:tid 1140] [client 35.178.16.1:35296] script 'C:/home/mainframe.co.nz/wp-login.php' not found or unable to stat
[Sun Jan 24 06:27:40.586465 2021] [php7:error] [pid 3684:tid 1140] [client 35.178.16.1:25435] script 'C:/home/mainframe.co.nz/wp-login.php' not found or unable to stat
[Sun Jan 24 10:53:29.849897 2021] [php7:error] [pid 3684:tid 1144] [client 135.125.10.175:54919] script 'C:/home/mainframe.co.nz/emergency.php' not found or unable to stat, referer: www.google.com
[Sun Jan 24 18:37:00.758739 2021] [php7:error] [pid 3684:tid 1064] [client 52.30.16.188:53833] script 'C:/home/mainframe.co.nz/wp-login.php' not found or unable to stat
[Sun Jan 24 18:37:00.899346 2021] [php7:error] [pid 3684:tid 1064] [client 52.30.16.188:7057] script 'C:/home/mainframe.co.nz/wp-login.php' not found or unable to stat
[Sun Jan 24 21:24:10.888819 2021] [php7:error] [pid 3684:tid 1144] [client 192.169.218.227:42386] script 'C:/home/mainframe.co.nz/wp-login.php' not found or unable to stat
[Sun Jan 24 23:21:59.108027 2021] [php7:error] [pid 3684:tid 1288] [client 13.53.64.97:2699] script 'C:/home/mainframe.co.nz/wp-login.php' not found or unable to stat
[Sun Jan 24 23:21:59.326779 2021] [php7:error] [pid 3684:tid 1288] [client 13.53.64.97:28920] script 'C:/home/mainframe.co.nz/wp-login.php' not found or unable to stat
[Mon Jan 25 01:10:16.349261 2021] [php7:error] [pid 3684:tid 1000] [client 192.185.82.131:17742] script 'C:/home/mainframe.co.nz/index2.php' not found or unable to stat
[Mon Jan 25 01:10:21.427409 2021] [php7:error] [pid 3684:tid 1000] [client 192.185.82.131:17868] script 'C:/home/mainframe.co.nz/index2.php' not found or unable to stat
[Mon Jan 25 01:11:11.607063 2021] [php7:error] [pid 3684:tid 1288] [client 192.185.82.131:19194] script 'C:/home/mainframe.co.nz/index2.php' not found or unable to stat
[Mon Jan 25 01:11:16.685170 2021] [php7:error] [pid 3684:tid 1288] [client 192.185.82.131:19296] script 'C:/home/mainframe.co.nz/index2.php' not found or unable to stat
[Mon Jan 25 17:02:51.827200 2021] [php7:error] [pid 3684:tid 1304] [client 34.209.105.222:21242] script 'C:/home/mainframe.co.nz/wp-login.php' not found or unable to stat
[Mon Jan 25 17:02:51.967816 2021] [php7:error] [pid 3684:tid 1304] [client 34.209.105.222:61811] script 'C:/home/mainframe.co.nz/wp-login.php' not found or unable to stat
[Mon Jan 25 21:30:07.268648 2021] [php7:error] [pid 3684:tid 1192] [client 52.15.212.3:16800] script 'C:/home/mainframe.co.nz/wp-login.php' not found or unable to stat
[Mon Jan 25 21:30:07.471764 2021] [php7:error] [pid 3684:tid 1192] [client 52.15.212.3:7838] script 'C:/home/mainframe.co.nz/wp-login.php' not found or unable to stat
[Tue Jan 26 04:22:43.549518 2021] [php7:error] [pid 3684:tid 1272] [client 52.192.73.251:23273] script 'C:/home/mainframe.co.nz/wp-login.php' not found or unable to stat
[Tue Jan 26 04:22:44.066553 2021] [php7:error] [pid 3684:tid 1272] [client 52.192.73.251:33388] script 'C:/home/mainframe.co.nz/wp-login.php' not found or unable to stat
[Tue Jan 26 04:42:09.267019 2021] [php7:error] [pid 3684:tid 1028] [client 13.77.171.177:38594] script 'C:/home/mainframe.co.nz/index2.php' not found or unable to stat
[Tue Jan 26 04:42:45.970323 2021] [php7:error] [pid 3684:tid 1028] [client 13.77.171.177:39688] script 'C:/home/mainframe.co.nz/index2.php' not found or unable to stat
[Tue Jan 26 04:43:23.129086 2021] [php7:error] [pid 3684:tid 1028] [client 13.77.171.177:40770] script 'C:/home/mainframe.co.nz/index2.php' not found or unable to stat
[Tue Jan 26 04:43:59.833731 2021] [php7:error] [pid 3684:tid 1496] [client 13.77.171.177:41720] script 'C:/home/mainframe.co.nz/index2.php' not found or unable to stat
[Tue Jan 26 04:46:16.837574 2021] [php7:error] [pid 3684:tid 1272] [client 13.77.171.177:45268] script 'C:/home/mainframe.co.nz/index2.php' not found or unable to stat
[Tue Jan 26 04:46:53.573535 2021] [php7:error] [pid 3684:tid 1304] [client 13.77.171.177:46232] script 'C:/home/mainframe.co.nz/index2.php' not found or unable to stat
[Tue Jan 26 04:47:30.214336 2021] [php7:error] [pid 3684:tid 1304] [client 13.77.171.177:47238] script 'C:/home/mainframe.co.nz/index2.php' not found or unable to stat
[Tue Jan 26 04:48:06.920186 2021] [php7:error] [pid 3684:tid 1248] [client 13.77.171.177:48302] script 'C:/home/mainframe.co.nz/index2.php' not found or unable to stat
[Tue Jan 26 08:23:19.052552 2021] [php7:error] [pid 3684:tid 1288] [client 195.83.17.101:47634] script 'C:/home/mainframe.co.nz/.libs.php' not found or unable to stat
[Tue Jan 26 08:23:24.255698 2021] [php7:error] [pid 3684:tid 1260] [client 195.83.17.101:47710] script 'C:/home/mainframe.co.nz/index2.php' not found or unable to stat
[Tue Jan 26 08:23:34.646365 2021] [php7:error] [pid 3684:tid 1356] [client 195.83.17.101:47878] script 'C:/home/mainframe.co.nz/mils.php' not found or unable to stat
[Tue Jan 26 08:24:12.757337 2021] [php7:error] [pid 3684:tid 1104] [client 195.83.17.101:48538] script 'C:/home/mainframe.co.nz/.libs.php' not found or unable to stat
[Tue Jan 26 08:24:17.944857 2021] [php7:error] [pid 3684:tid 1104] [client 195.83.17.101:48620] script 'C:/home/mainframe.co.nz/index2.php' not found or unable to stat
[Tue Jan 26 08:24:28.335533 2021] [php7:error] [pid 3684:tid 1104] [client 195.83.17.101:48762] script 'C:/home/mainframe.co.nz/mils.php' not found or unable to stat
[Tue Jan 26 08:25:06.556846 2021] [php7:error] [pid 3684:tid 1104] [client 195.83.17.101:49362] script 'C:/home/mainframe.co.nz/.libs.php' not found or unable to stat
[Tue Jan 26 08:25:11.744381 2021] [php7:error] [pid 3684:tid 1104] [client 195.83.17.101:49422] script 'C:/home/mainframe.co.nz/index2.php' not found or unable to stat
[Tue Jan 26 08:25:22.135392 2021] [php7:error] [pid 3684:tid 1104] [client 195.83.17.101:49586] script 'C:/home/mainframe.co.nz/logs/mils.php' not found or unable to stat
[Tue Jan 26 08:26:00.355447 2021] [php7:error] [pid 3684:tid 1356] [client 195.83.17.101:50140] script 'C:/home/mainframe.co.nz/.libs.php' not found or unable to stat
[Tue Jan 26 08:26:05.542914 2021] [php7:error] [pid 3684:tid 1356] [client 195.83.17.101:50212] script 'C:/home/mainframe.co.nz/index2.php' not found or unable to stat
[Tue Jan 26 08:26:15.942819 2021] [php7:error] [pid 3684:tid 1356] [client 195.83.17.101:50374] script 'C:/home/mainframe.co.nz/mils.php' not found or unable to stat
[Tue Jan 26 17:25:45.248362 2021] [php7:error] [pid 3684:tid 1496] [client 173.212.197.229:40890] script 'C:/home/mainframe.co.nz/.libs.php' not found or unable to stat
[Tue Jan 26 17:25:50.452891 2021] [php7:error] [pid 3684:tid 1496] [client 173.212.197.229:41044] script 'C:/home/mainframe.co.nz/index2.php' not found or unable to stat
[Tue Jan 26 17:26:00.859184 2021] [php7:error] [pid 3684:tid 1340] [client 173.212.197.229:41416] script 'C:/home/mainframe.co.nz/mils.php' not found or unable to stat
[Tue Jan 26 17:26:38.999989 2021] [php7:error] [pid 3684:tid 1388] [client 173.212.197.229:42834] script 'C:/home/mainframe.co.nz/.libs.php' not found or unable to stat
[Tue Jan 26 17:26:44.203151 2021] [php7:error] [pid 3684:tid 1388] [client 173.212.197.229:43004] script 'C:/home/mainframe.co.nz/index2.php' not found or unable to stat
[Tue Jan 26 17:26:54.610737 2021] [php7:error] [pid 3684:tid 1388] [client 173.212.197.229:43380] script 'C:/home/mainframe.co.nz/mils.php' not found or unable to stat
[Tue Jan 26 17:27:32.735931 2021] [php7:error] [pid 3684:tid 1028] [client 173.212.197.229:44748] script 'C:/home/mainframe.co.nz/.libs.php' not found or unable to stat
[Tue Jan 26 17:27:37.954671 2021] [php7:error] [pid 3684:tid 1420] [client 173.212.197.229:44932] script 'C:/home/mainframe.co.nz/index2.php' not found or unable to stat
[Tue Jan 26 17:27:48.360981 2021] [php7:error] [pid 3684:tid 1364] [client 173.212.197.229:45274] script 'C:/home/mainframe.co.nz/logs/mils.php' not found or unable to stat
[Tue Jan 26 17:28:26.504482 2021] [php7:error] [pid 3684:tid 1364] [client 173.212.197.229:46646] script 'C:/home/mainframe.co.nz/.libs.php' not found or unable to stat
[Tue Jan 26 17:28:31.707677 2021] [php7:error] [pid 3684:tid 1364] [client 173.212.197.229:46838] script 'C:/home/mainframe.co.nz/index2.php' not found or unable to stat
[Tue Jan 26 17:28:42.098290 2021] [php7:error] [pid 3684:tid 1388] [client 173.212.197.229:47134] script 'C:/home/mainframe.co.nz/mils.php' not found or unable to stat
[Tue Jan 26 17:39:02.686390 2021] [php7:error] [pid 3684:tid 1320] [client 161.35.158.138:43870] script 'C:/home/mainframe.co.nz/wp-login.php' not found or unable to stat
[Tue Jan 26 17:44:04.289348 2021] [php7:error] [pid 3684:tid 1420] [client 173.212.197.229:41348] script 'C:/home/mainframe.co.nz/.libs.php' not found or unable to stat
[Tue Jan 26 17:44:09.492490 2021] [php7:error] [pid 3684:tid 1420] [client 173.212.197.229:41448] script 'C:/home/mainframe.co.nz/index2.php' not found or unable to stat
[Tue Jan 26 17:44:19.883153 2021] [php7:error] [pid 3684:tid 1420] [client 173.212.197.229:41642] script 'C:/home/mainframe.co.nz/mils.php' not found or unable to stat
[Tue Jan 26 17:44:58.009901 2021] [php7:error] [pid 3684:tid 1420] [client 173.212.197.229:42476] script 'C:/home/mainframe.co.nz/.libs.php' not found or unable to stat
[Tue Jan 26 17:45:03.197422 2021] [php7:error] [pid 3684:tid 1420] [client 173.212.197.229:42594] script 'C:/home/mainframe.co.nz/index2.php' not found or unable to stat
[Tue Jan 26 17:45:13.603715 2021] [php7:error] [pid 3684:tid 1420] [client 173.212.197.229:42794] script 'C:/home/mainframe.co.nz/mils.php' not found or unable to stat
[Tue Jan 26 17:45:51.699021 2021] [php7:error] [pid 3684:tid 1420] [client 173.212.197.229:43552] script 'C:/home/mainframe.co.nz/.libs.php' not found or unable to stat
[Tue Jan 26 17:45:56.902178 2021] [php7:error] [pid 3684:tid 1420] [client 173.212.197.229:43682] script 'C:/home/mainframe.co.nz/index2.php' not found or unable to stat
[Tue Jan 26 17:46:07.308469 2021] [php7:error] [pid 3684:tid 1420] [client 173.212.197.229:43876] script 'C:/home/mainframe.co.nz/logs/mils.php' not found or unable to stat
[Tue Jan 26 17:46:45.433639 2021] [php7:error] [pid 3684:tid 1420] [client 173.212.197.229:44746] script 'C:/home/mainframe.co.nz/.libs.php' not found or unable to stat
[Tue Jan 26 17:46:50.638115 2021] [php7:error] [pid 3684:tid 1420] [client 173.212.197.229:44872] script 'C:/home/mainframe.co.nz/index2.php' not found or unable to stat
[Tue Jan 26 17:47:01.044502 2021] [php7:error] [pid 3684:tid 1420] [client 173.212.197.229:45090] script 'C:/home/mainframe.co.nz/mils.php' not found or unable to stat
[Tue Jan 26 22:46:10.577558 2021] [php7:error] [pid 3684:tid 1248] [client 129.146.120.47:65077] script 'C:/home/mainframe.co.nz/xmlrpc.php' not found or unable to stat
[Tue Jan 26 23:32:40.916936 2021] [php7:error] [pid 3684:tid 1248] [client 158.69.83.144:39156] script 'C:/home/mainframe.co.nz/wikindex.php' not found or unable to stat, referer: mainframe.co.nz
[Tue Jan 26 23:35:13.999819 2021] [php7:error] [pid 3684:tid 1288] [client 158.69.83.144:35756] script 'C:/home/mainframe.co.nz/baindex.php' not found or unable to stat, referer: mainframe.co.nz
[Wed Jan 27 03:54:23.179236 2021] [php7:error] [pid 3684:tid 1384] [client 108.163.251.245:39238] script 'C:/home/mainframe.co.nz/ups.php' not found or unable to stat, referer: http://simplesite.com
[Wed Jan 27 04:11:58.746665 2021] [php7:error] [pid 3684:tid 1400] [client 15.207.65.82:37278] script 'C:/home/mainframe.co.nz/doc.php' not found or unable to stat, referer: http://simplesite.com
[Wed Jan 27 04:49:08.095540 2021] [php7:error] [pid 3684:tid 1088] [client 195.83.17.101:38510] script 'C:/home/mainframe.co.nz/.libs.php' not found or unable to stat
[Wed Jan 27 04:49:13.283132 2021] [php7:error] [pid 3684:tid 1400] [client 195.83.17.101:38660] script 'C:/home/mainframe.co.nz/index2.php' not found or unable to stat
[Wed Jan 27 04:49:23.673796 2021] [php7:error] [pid 3684:tid 1088] [client 195.83.17.101:38952] script 'C:/home/mainframe.co.nz/mils.php' not found or unable to stat
[Wed Jan 27 04:50:01.894144 2021] [php7:error] [pid 3684:tid 1400] [client 195.83.17.101:40078] script 'C:/home/mainframe.co.nz/.libs.php' not found or unable to stat
[Wed Jan 27 04:50:07.081604 2021] [php7:error] [pid 3684:tid 1088] [client 195.83.17.101:40212] script 'C:/home/mainframe.co.nz/index2.php' not found or unable to stat
[Wed Jan 27 04:50:17.472287 2021] [php7:error] [pid 3684:tid 1088] [client 195.83.17.101:40482] script 'C:/home/mainframe.co.nz/mils.php' not found or unable to stat
[Wed Jan 27 04:50:55.583359 2021] [php7:error] [pid 3684:tid 1088] [client 195.83.17.101:41438] script 'C:/home/mainframe.co.nz/.libs.php' not found or unable to stat
[Wed Jan 27 04:51:00.786508 2021] [php7:error] [pid 3684:tid 1088] [client 195.83.17.101:41574] script 'C:/home/mainframe.co.nz/index2.php' not found or unable to stat
[Wed Jan 27 04:51:11.177175 2021] [php7:error] [pid 3684:tid 1216] [client 195.83.17.101:41848] script 'C:/home/mainframe.co.nz/logs/mils.php' not found or unable to stat
[Wed Jan 27 04:51:49.396111 2021] [php7:error] [pid 3684:tid 1140] [client 195.83.17.101:42870] script 'C:/home/mainframe.co.nz/.libs.php' not found or unable to stat
[Wed Jan 27 04:51:54.602625 2021] [php7:error] [pid 3684:tid 1240] [client 195.83.17.101:43012] script 'C:/home/mainframe.co.nz/index2.php' not found or unable to stat
[Wed Jan 27 04:52:04.993240 2021] [php7:error] [pid 3684:tid 1216] [client 195.83.17.101:43296] script 'C:/home/mainframe.co.nz/mils.php' not found or unable to stat
[Wed Jan 27 05:04:01.376459 2021] [php7:error] [pid 3684:tid 1160] [client 31.31.196.4:37684] script 'C:/home/mainframe.co.nz/gank.php.PhP' not found or unable to stat, referer: http://simplesite.com
[Wed Jan 27 17:20:38.890543 2021] [php7:error] [pid 3684:tid 1388] [client 186.226.61.16:51130] script 'C:/home/mainframe.co.nz/index2.php' not found or unable to stat
[Wed Jan 27 17:20:44.343717 2021] [php7:error] [pid 3684:tid 1388] [client 186.226.61.16:51276] script 'C:/home/mainframe.co.nz/index2.php' not found or unable to stat
[Wed Jan 27 17:21:56.034675 2021] [php7:error] [pid 3684:tid 1388] [client 186.226.61.16:53204] script 'C:/home/mainframe.co.nz/index2.php' not found or unable to stat
[Wed Jan 27 17:22:01.503546 2021] [php7:error] [pid 3684:tid 1320] [client 186.226.61.16:53354] script 'C:/home/mainframe.co.nz/index2.php' not found or unable to stat
[Wed Jan 27 18:16:20.297514 2021] [php7:error] [pid 3684:tid 1192] [client 37.187.129.23:34244] script 'C:/home/mainframe.co.nz/wp-login.php' not found or unable to stat
[Wed Jan 27 21:22:13.813122 2021] [php7:error] [pid 3684:tid 1192] [client 173.254.205.154:46268] script 'C:/home/mainframe.co.nz/index2.php' not found or unable to stat
[Wed Jan 27 21:22:18.938160 2021] [php7:error] [pid 3684:tid 1388] [client 173.254.205.154:46302] script 'C:/home/mainframe.co.nz/index2.php' not found or unable to stat
[Wed Jan 27 21:23:22.877340 2021] [php7:error] [pid 3684:tid 1272] [client 173.254.205.154:46794] script 'C:/home/mainframe.co.nz/index2.php' not found or unable to stat
[Wed Jan 27 21:23:28.002462 2021] [php7:error] [pid 3684:tid 1272] [client 173.254.205.154:46834] script 'C:/home/mainframe.co.nz/index2.php' not found or unable to stat
[Thu Jan 28 16:14:16.894704 2021] [php7:error] [pid 3684:tid 1064] [client 173.212.219.223:52276] script 'C:/home/mainframe.co.nz/wp-login.php' not found or unable to stat
[Thu Jan 28 20:00:49.856498 2021] [php7:error] [pid 3684:tid 1388] [client 52.42.79.222:1856] script 'C:/home/mainframe.co.nz/wp-login.php' not found or unable to stat
[Thu Jan 28 20:00:50.028308 2021] [php7:error] [pid 3684:tid 1388] [client 52.42.79.222:45335] script 'C:/home/mainframe.co.nz/wp-login.php' not found or unable to stat
[Thu Jan 28 20:30:43.804361 2021] [php7:error] [pid 3684:tid 1240] [client 192.254.146.23:42214] script 'C:/home/mainframe.co.nz/index2.php' not found or unable to stat
[Thu Jan 28 20:31:20.102992 2021] [php7:error] [pid 3684:tid 1240] [client 192.254.146.23:43440] script 'C:/home/mainframe.co.nz/index2.php' not found or unable to stat
[Thu Jan 28 20:31:56.417961 2021] [php7:error] [pid 3684:tid 1240] [client 192.254.146.23:44642] script 'C:/home/mainframe.co.nz/index2.php' not found or unable to stat
[Thu Jan 28 20:32:32.730637 2021] [php7:error] [pid 3684:tid 1240] [client 192.254.146.23:45832] script 'C:/home/mainframe.co.nz/index2.php' not found or unable to stat
[Fri Jan 29 05:39:33.400645 2021] [php7:error] [pid 3684:tid 1356] [client 186.226.61.16:38518] script 'C:/home/mainframe.co.nz/index2.php' not found or unable to stat
[Fri Jan 29 05:39:38.889647 2021] [php7:error] [pid 3684:tid 1356] [client 186.226.61.16:38548] script 'C:/home/mainframe.co.nz/index2.php' not found or unable to stat
[Fri Jan 29 05:41:13.122784 2021] [php7:error] [pid 3684:tid 1356] [client 186.226.61.16:39332] script 'C:/home/mainframe.co.nz/index2.php' not found or unable to stat
[Fri Jan 29 05:41:19.857193 2021] [php7:error] [pid 3684:tid 1356] [client 186.226.61.16:39388] script 'C:/home/mainframe.co.nz/index2.php' not found or unable to stat
[Fri Jan 29 22:38:46.400152 2021] [php7:error] [pid 3684:tid 1064] [client 192.254.146.23:54302] script 'C:/home/mainframe.co.nz/index2.php' not found or unable to stat
[Fri Jan 29 22:39:22.870385 2021] [php7:error] [pid 3684:tid 1064] [client 192.254.146.23:56104] script 'C:/home/mainframe.co.nz/index2.php' not found or unable to stat
[Fri Jan 29 22:39:59.184435 2021] [php7:error] [pid 3684:tid 1016] [client 192.254.146.23:57788] script 'C:/home/mainframe.co.nz/index2.php' not found or unable to stat
[Fri Jan 29 22:40:35.497087 2021] [php7:error] [pid 3684:tid 1016] [client 192.254.146.23:59630] script 'C:/home/mainframe.co.nz/index2.php' not found or unable to stat
[Fri Jan 29 22:47:55.886027 2021] [php7:error] [pid 3684:tid 1064] [client 192.254.146.23:49964] script 'C:/home/mainframe.co.nz/index2.php' not found or unable to stat
[Fri Jan 29 22:48:32.292438 2021] [php7:error] [pid 3684:tid 1160] [client 192.254.146.23:51578] script 'C:/home/mainframe.co.nz/index2.php' not found or unable to stat
[Fri Jan 29 22:49:08.731606 2021] [php7:error] [pid 3684:tid 1160] [client 192.254.146.23:53160] script 'C:/home/mainframe.co.nz/index2.php' not found or unable to stat
[Fri Jan 29 22:49:45.419282 2021] [php7:error] [pid 3684:tid 1380] [client 192.254.146.23:54706] script 'C:/home/mainframe.co.nz/index2.php' not found or unable to stat
[Sat Jan 30 09:38:52.401171 2021] [php7:error] [pid 3684:tid 1304] [client 185.255.133.240:52608] script 'C:/home/mainframe.co.nz/up.php' not found or unable to stat
[Sat Jan 30 11:11:39.618746 2021] [php7:error] [pid 3684:tid 1188] [client 158.69.83.144:46272] script 'C:/home/mainframe.co.nz/index.php' not found or unable to stat, referer: mainframe.co.nz
[Sat Jan 30 23:10:04.493399 2021] [php7:error] [pid 3684:tid 1384] [client 58.236.214.149:61268] script 'C:/home/mainframe.co.nz/wp-login.php' not found or unable to stat, referer: http://mainframe.co.nz/wp-login.php
[Sat Jan 30 23:10:08.368434 2021] [php7:error] [pid 3684:tid 1384] [client 58.236.214.149:61277] script 'C:/home/mainframe.co.nz/admin.php' not found or unable to stat, referer: http://mainframe.co.nz/admin.php
[Sun Jan 31 02:17:05.132231 2021] [php7:error] [pid 3684:tid 1380] [client 211.176.125.70:60001] script 'C:/home/mainframe.co.nz/wp-login.php' not found or unable to stat
[Sun Jan 31 03:02:30.621087 2021] [php7:error] [pid 3684:tid 1412] [client 211.176.125.70:42594] script 'C:/home/mainframe.co.nz/admin.php' not found or unable to stat
[Sun Jan 31 04:08:59.947500 2021] [php7:error] [pid 3684:tid 1328] [client 18.136.72.135:59874] script 'C:/home/mainframe.co.nz/wp-login.php' not found or unable to stat
[Sun Jan 31 04:09:00.416235 2021] [php7:error] [pid 3684:tid 1328] [client 18.136.72.135:63170] script 'C:/home/mainframe.co.nz/wp-login.php' not found or unable to stat
[Sun Jan 31 07:13:22.883650 2021] [php7:error] [pid 3684:tid 1040] [client 193.142.146.4:56136] script 'C:/home/mainframe.co.nz/wp-login.php' not found or unable to stat
[Sun Jan 31 13:17:23.295928 2021] [php7:error] [pid 3684:tid 1328] [client 104.215.252.71:53060] script 'C:/home/mainframe.co.nz/index2.php' not found or unable to stat
[Sun Jan 31 13:18:03.501139 2021] [php7:error] [pid 3684:tid 1464] [client 104.215.252.71:54066] script 'C:/home/mainframe.co.nz/index2.php' not found or unable to stat
[Sun Jan 31 13:18:43.626316 2021] [php7:error] [pid 3684:tid 1328] [client 104.215.252.71:55172] script 'C:/home/mainframe.co.nz/index2.php' not found or unable to stat
[Sun Jan 31 13:19:23.768562 2021] [php7:error] [pid 3684:tid 1328] [client 104.215.252.71:56236] script 'C:/home/mainframe.co.nz/index2.php' not found or unable to stat
[Sun Jan 31 13:43:40.729481 2021] [php7:error] [pid 3684:tid 1444] [client 104.215.252.71:37232] script 'C:/home/mainframe.co.nz/index2.php' not found or unable to stat
[Sun Jan 31 13:44:20.809166 2021] [php7:error] [pid 3684:tid 1464] [client 104.215.252.71:38184] script 'C:/home/mainframe.co.nz/index2.php' not found or unable to stat
[Sun Jan 31 13:45:00.920049 2021] [php7:error] [pid 3684:tid 1016] [client 104.215.252.71:39128] script 'C:/home/mainframe.co.nz/index2.php' not found or unable to stat
[Sun Jan 31 13:45:40.998375 2021] [php7:error] [pid 3684:tid 1464] [client 104.215.252.71:40066] script 'C:/home/mainframe.co.nz/index2.php' not found or unable to stat
[Sun Jan 31 22:04:50.373336 2021] [php7:error] [pid 3684:tid 1312] [client 129.146.120.47:59370] script 'C:/home/mainframe.co.nz/xmlrpc.php' not found or unable to stat
[Mon Feb 01 05:46:35.170390 2021] [php7:error] [pid 3684:tid 1488] [client 192.254.146.23:36036] script 'C:/home/mainframe.co.nz/index2.php' not found or unable to stat
[Mon Feb 01 05:47:11.469889 2021] [php7:error] [pid 3684:tid 1388] [client 192.254.146.23:37270] script 'C:/home/mainframe.co.nz/index2.php' not found or unable to stat
[Mon Feb 01 05:47:47.782565 2021] [php7:error] [pid 3684:tid 1312] [client 192.254.146.23:38288] script 'C:/home/mainframe.co.nz/index2.php' not found or unable to stat
[Mon Feb 01 05:48:24.096730 2021] [php7:error] [pid 3684:tid 1072] [client 192.254.146.23:39550] script 'C:/home/mainframe.co.nz/index2.php' not found or unable to stat
[Mon Feb 01 06:07:07.225609 2021] [php7:error] [pid 3684:tid 1188] [client 192.254.146.23:34876] script 'C:/home/mainframe.co.nz/index2.php' not found or unable to stat
[Mon Feb 01 06:07:43.553840 2021] [php7:error] [pid 3684:tid 1480] [client 192.254.146.23:35556] script 'C:/home/mainframe.co.nz/index2.php' not found or unable to stat
[Mon Feb 01 06:08:19.852382 2021] [php7:error] [pid 3684:tid 1340] [client 192.254.146.23:36552] script 'C:/home/mainframe.co.nz/index2.php' not found or unable to stat
[Mon Feb 01 06:08:56.166462 2021] [php7:error] [pid 3684:tid 1232] [client 192.254.146.23:37600] script 'C:/home/mainframe.co.nz/index2.php' not found or unable to stat
[Mon Feb 01 06:38:01.572863 2021] [php7:error] [pid 3684:tid 1280] [client 3.93.169.222:33518] script 'C:/home/mainframe.co.nz/wp-login.php' not found or unable to stat
[Mon Feb 01 07:37:19.580636 2021] [php7:error] [pid 3684:tid 1280] [client 61.101.181.139:34791] script 'C:/home/mainframe.co.nz/wp-login.php' not found or unable to stat, referer: http://mainframe.co.nz/wp-login.php
[Mon Feb 01 07:37:23.158775 2021] [php7:error] [pid 3684:tid 1280] [client 61.101.181.139:51079] script 'C:/home/mainframe.co.nz/admin.php' not found or unable to stat, referer: http://mainframe.co.nz/admin.php
[Mon Feb 01 18:09:35.519445 2021] [php7:error] [pid 3684:tid 1072] [client 209.151.194.156:56854] script 'C:/home/mainframe.co.nz/index2.php' not found or unable to stat
[Mon Feb 01 18:10:12.052205 2021] [php7:error] [pid 3684:tid 1288] [client 209.151.194.156:57136] script 'C:/home/mainframe.co.nz/index2.php' not found or unable to stat
[Mon Feb 01 18:10:48.333630 2021] [php7:error] [pid 3684:tid 1288] [client 209.151.194.156:57416] script 'C:/home/mainframe.co.nz/index2.php' not found or unable to stat
[Mon Feb 01 18:11:24.574980 2021] [php7:error] [pid 3684:tid 1288] [client 209.151.194.156:57640] script 'C:/home/mainframe.co.nz/index2.php' not found or unable to stat
