[Fri May 07 07:15:28.445067 2021] [php7:error] [pid 3324:tid 1484] [client 91.238.103.82:45412] script 'C:/home/mainframe.co.nz/index2.php' not found or unable to stat
[Fri May 07 07:15:33.663795 2021] [php7:error] [pid 3324:tid 1012] [client 91.238.103.82:45468] script 'C:/home/mainframe.co.nz/Index2.php' not found or unable to stat
[Fri May 07 07:16:26.822000 2021] [php7:error] [pid 3324:tid 1012] [client 91.238.103.82:46090] script 'C:/home/mainframe.co.nz/index2.php' not found or unable to stat
[Fri May 07 07:16:32.056330 2021] [php7:error] [pid 3324:tid 1012] [client 91.238.103.82:46148] script 'C:/home/mainframe.co.nz/Index2.php' not found or unable to stat
[Fri May 07 07:17:25.260856 2021] [php7:error] [pid 3324:tid 1012] [client 91.238.103.82:46872] script 'C:/home/mainframe.co.nz/index2.php' not found or unable to stat
[Fri May 07 07:17:30.479582 2021] [php7:error] [pid 3324:tid 1012] [client 91.238.103.82:46942] script 'C:/home/mainframe.co.nz/Index2.php' not found or unable to stat
[Fri May 07 07:22:13.300523 2021] [php7:error] [pid 3324:tid 1388] [client 91.205.173.195:42686] script 'C:/home/mainframe.co.nz/index2.php' not found or unable to stat
[Fri May 07 07:22:18.487993 2021] [php7:error] [pid 3324:tid 1388] [client 91.205.173.195:42850] script 'C:/home/mainframe.co.nz/Index2.php' not found or unable to stat
[Fri May 07 07:23:11.660841 2021] [php7:error] [pid 3324:tid 1012] [client 91.205.173.195:44288] script 'C:/home/mainframe.co.nz/index2.php' not found or unable to stat
[Fri May 07 07:23:16.863940 2021] [php7:error] [pid 3324:tid 1336] [client 91.205.173.195:44402] script 'C:/home/mainframe.co.nz/Index2.php' not found or unable to stat
[Fri May 07 07:24:09.614928 2021] [php7:error] [pid 3324:tid 1028] [client 91.205.173.195:45660] script 'C:/home/mainframe.co.nz/index2.php' not found or unable to stat
[Fri May 07 07:24:14.808588 2021] [php7:error] [pid 3324:tid 1484] [client 91.205.173.195:45792] script 'C:/home/mainframe.co.nz/Index2.php' not found or unable to stat
[Fri May 07 07:25:07.637719 2021] [php7:error] [pid 3324:tid 1004] [client 91.205.173.195:46914] script 'C:/home/mainframe.co.nz/index2.php' not found or unable to stat
[Fri May 07 07:25:12.840796 2021] [php7:error] [pid 3324:tid 1004] [client 91.205.173.195:47022] script 'C:/home/mainframe.co.nz/Index2.php' not found or unable to stat
[Fri May 07 07:36:57.702243 2021] [php7:error] [pid 3324:tid 1004] [client 91.205.173.195:60846] script 'C:/home/mainframe.co.nz/index2.php' not found or unable to stat
[Fri May 07 07:37:02.889718 2021] [php7:error] [pid 3324:tid 1012] [client 91.205.173.195:60942] script 'C:/home/mainframe.co.nz/Index2.php' not found or unable to stat
[Fri May 07 07:37:55.641883 2021] [php7:error] [pid 3324:tid 1004] [client 91.205.173.195:33708] script 'C:/home/mainframe.co.nz/index2.php' not found or unable to stat
[Fri May 07 07:38:00.844989 2021] [php7:error] [pid 3324:tid 1416] [client 91.205.173.195:33816] script 'C:/home/mainframe.co.nz/Index2.php' not found or unable to stat
[Fri May 07 07:38:54.033421 2021] [php7:error] [pid 3324:tid 1028] [client 91.205.173.195:34884] script 'C:/home/mainframe.co.nz/index2.php' not found or unable to stat
[Fri May 07 07:38:59.236516 2021] [php7:error] [pid 3324:tid 1348] [client 91.205.173.195:34994] script 'C:/home/mainframe.co.nz/Index2.php' not found or unable to stat
[Fri May 07 07:39:52.315906 2021] [php7:error] [pid 3324:tid 1336] [client 91.205.173.195:36236] script 'C:/home/mainframe.co.nz/index2.php' not found or unable to stat
[Fri May 07 07:39:57.503532 2021] [php7:error] [pid 3324:tid 1336] [client 91.205.173.195:36346] script 'C:/home/mainframe.co.nz/Index2.php' not found or unable to stat
[Fri May 07 14:24:19.775681 2021] [php7:error] [pid 3324:tid 1432] [client 109.104.93.153:45702] script 'C:/home/mainframe.co.nz/xmlrpc.php' not found or unable to stat
[Fri May 07 20:46:18.341519 2021] [php7:error] [pid 3324:tid 1472] [client 34.241.77.13:21263] script 'C:/home/mainframe.co.nz/wp-login.php' not found or unable to stat
[Sat May 08 01:57:27.852048 2021] [php7:error] [pid 3324:tid 1372] [client 103.67.235.9:40034] script 'C:/home/mainframe.co.nz/wp-login.php' not found or unable to stat
[Sat May 08 06:29:08.731002 2021] [php7:error] [pid 3324:tid 1168] [client 13.232.96.15:1701] script 'C:/home/mainframe.co.nz/wp-login.php' not found or unable to stat
[Sun May 09 07:54:06.621649 2021] [php7:error] [pid 3324:tid 1364] [client 34.230.76.219:50858] script 'C:/home/mainframe.co.nz/wp-login.php' not found or unable to stat
[Sun May 09 13:42:28.815365 2021] [php7:error] [pid 3324:tid 1012] [client 193.142.146.229:50538] script 'C:/home/mainframe.co.nz/wp-login.php' not found or unable to stat
[Sun May 09 16:12:45.760471 2021] [php7:error] [pid 3324:tid 1012] [client 41.185.8.148:44166] script 'C:/home/mainframe.co.nz/wp-login.php' not found or unable to stat
[Mon May 10 07:33:14.096132 2021] [php7:error] [pid 3324:tid 1436] [client 62.210.113.228:36264] script 'C:/home/mainframe.co.nz/wp-login.php' not found or unable to stat
[Mon May 10 11:46:28.380992 2021] [php7:error] [pid 3324:tid 1440] [client 138.68.173.192:48748] script 'C:/home/mainframe.co.nz/404.php' not found or unable to stat
[Mon May 10 11:46:28.709107 2021] [php7:error] [pid 3324:tid 1440] [client 138.68.173.192:48806] script 'C:/home/mainframe.co.nz/upil.php' not found or unable to stat
[Mon May 10 11:46:28.865350 2021] [php7:error] [pid 3324:tid 1440] [client 138.68.173.192:48838] script 'C:/home/mainframe.co.nz/gay.php' not found or unable to stat
[Mon May 10 11:46:34.037193 2021] [php7:error] [pid 3324:tid 1440] [client 138.68.173.192:49522] script 'C:/home/mainframe.co.nz/.x.php' not found or unable to stat
[Mon May 10 11:46:39.365286 2021] [php7:error] [pid 3324:tid 1440] [client 138.68.173.192:50226] script 'C:/home/mainframe.co.nz/405.php' not found or unable to stat
[Mon May 10 11:47:01.302663 2021] [php7:error] [pid 3324:tid 1236] [client 138.68.173.192:55206] script 'C:/home/mainframe.co.nz/logs/404.php' not found or unable to stat
[Mon May 10 11:47:01.630787 2021] [php7:error] [pid 3324:tid 1236] [client 138.68.173.192:55288] script 'C:/home/mainframe.co.nz/logs/upil.php' not found or unable to stat
[Mon May 10 11:47:01.787185 2021] [php7:error] [pid 3324:tid 1236] [client 138.68.173.192:55320] script 'C:/home/mainframe.co.nz/logs/gay.php' not found or unable to stat
[Mon May 10 11:47:01.958916 2021] [php7:error] [pid 3324:tid 1236] [client 138.68.173.192:55352] script 'C:/home/mainframe.co.nz/logs/.x.php' not found or unable to stat
[Mon May 10 11:47:07.288260 2021] [php7:error] [pid 3324:tid 1236] [client 138.68.173.192:56074] script 'C:/home/mainframe.co.nz/logs/405.php' not found or unable to stat
[Mon May 10 12:31:40.947772 2021] [php7:error] [pid 3324:tid 1384] [client 176.123.9.201:52790] script 'C:/home/mainframe.co.nz/xmlrpc.php' not found or unable to stat
[Tue May 11 00:14:53.758128 2021] [php7:error] [pid 3324:tid 1440] [client 52.192.73.251:24882] script 'C:/home/mainframe.co.nz/wp-login.php' not found or unable to stat
[Tue May 11 10:05:56.453710 2021] [php7:error] [pid 3324:tid 1416] [client 141.94.20.194:61230] script 'C:/home/mainframe.co.nz/index.php' not found or unable to stat
[Tue May 11 18:06:43.825567 2021] [core:error] [pid 3324:tid 1308] (20024)The given path is misformatted or contained invalid characters: [client 114.119.132.211:36826] AH00127: Cannot map GET /mailto:sales%40mainframe.co.nz HTTP/1.1 to file
[Wed May 12 10:20:54.394595 2021] [php7:error] [pid 3324:tid 1004] [client 34.209.143.232:41450] script 'C:/home/mainframe.co.nz/index2.php' not found or unable to stat
[Wed May 12 10:21:31.067849 2021] [php7:error] [pid 3324:tid 1028] [client 34.209.143.232:42872] script 'C:/home/mainframe.co.nz/index2.php' not found or unable to stat
[Wed May 12 10:22:07.757880 2021] [php7:error] [pid 3324:tid 1028] [client 34.209.143.232:44172] script 'C:/home/mainframe.co.nz/index2.php' not found or unable to stat
[Wed May 12 10:22:44.367119 2021] [php7:error] [pid 3324:tid 1420] [client 34.209.143.232:45472] script 'C:/home/mainframe.co.nz/index2.php' not found or unable to stat
[Wed May 12 10:50:39.889060 2021] [php7:error] [pid 3324:tid 1368] [client 34.209.143.232:38814] script 'C:/home/mainframe.co.nz/index2.php' not found or unable to stat
[Wed May 12 10:51:16.453095 2021] [php7:error] [pid 3324:tid 1264] [client 34.209.143.232:39602] script 'C:/home/mainframe.co.nz/index2.php' not found or unable to stat
[Wed May 12 10:51:53.046655 2021] [php7:error] [pid 3324:tid 1264] [client 34.209.143.232:40406] script 'C:/home/mainframe.co.nz/index2.php' not found or unable to stat
[Wed May 12 10:52:29.704963 2021] [php7:error] [pid 3324:tid 1368] [client 34.209.143.232:41184] script 'C:/home/mainframe.co.nz/index2.php' not found or unable to stat
[Wed May 12 11:11:12.562583 2021] [php7:error] [pid 3324:tid 1468] [client 54.183.129.143:36558] script 'C:/home/mainframe.co.nz/index2.php' not found or unable to stat
[Wed May 12 11:11:48.952990 2021] [php7:error] [pid 3324:tid 1316] [client 54.183.129.143:37976] script 'C:/home/mainframe.co.nz/index2.php' not found or unable to stat
[Wed May 12 11:12:25.344732 2021] [php7:error] [pid 3324:tid 1456] [client 54.183.129.143:39404] script 'C:/home/mainframe.co.nz/index2.php' not found or unable to stat
[Wed May 12 11:13:01.750722 2021] [php7:error] [pid 3324:tid 1220] [client 54.183.129.143:40776] script 'C:/home/mainframe.co.nz/index2.php' not found or unable to stat
[Wed May 12 11:28:42.412751 2021] [php7:error] [pid 3324:tid 1384] [client 54.183.129.143:46750] script 'C:/home/mainframe.co.nz/index2.php' not found or unable to stat
[Wed May 12 11:29:18.820099 2021] [php7:error] [pid 3324:tid 1384] [client 54.183.129.143:47952] script 'C:/home/mainframe.co.nz/index2.php' not found or unable to stat
[Wed May 12 11:29:55.194895 2021] [php7:error] [pid 3324:tid 1384] [client 54.183.129.143:49182] script 'C:/home/mainframe.co.nz/index2.php' not found or unable to stat
[Wed May 12 11:30:31.586921 2021] [php7:error] [pid 3324:tid 1384] [client 54.183.129.143:50350] script 'C:/home/mainframe.co.nz/index2.php' not found or unable to stat
[Wed May 12 21:22:57.867072 2021] [php7:error] [pid 3324:tid 1220] [client 91.238.103.82:35318] script 'C:/home/mainframe.co.nz/index2.php' not found or unable to stat
[Wed May 12 21:23:03.101402 2021] [php7:error] [pid 3324:tid 1256] [client 91.238.103.82:35398] script 'C:/home/mainframe.co.nz/Index2.php' not found or unable to stat
[Wed May 12 21:23:56.305813 2021] [php7:error] [pid 3324:tid 1236] [client 91.238.103.82:36262] script 'C:/home/mainframe.co.nz/index2.php' not found or unable to stat
[Wed May 12 21:24:01.524586 2021] [php7:error] [pid 3324:tid 1356] [client 91.238.103.82:36346] script 'C:/home/mainframe.co.nz/Index2.php' not found or unable to stat
[Wed May 12 21:24:54.707077 2021] [php7:error] [pid 3324:tid 1420] [client 91.238.103.82:37240] script 'C:/home/mainframe.co.nz/index2.php' not found or unable to stat
[Wed May 12 21:24:59.941417 2021] [php7:error] [pid 3324:tid 1472] [client 91.238.103.82:37318] script 'C:/home/mainframe.co.nz/Index2.php' not found or unable to stat
[Wed May 12 21:25:53.161295 2021] [php7:error] [pid 3324:tid 1356] [client 91.238.103.82:38188] script 'C:/home/mainframe.co.nz/index2.php' not found or unable to stat
[Wed May 12 21:25:58.395664 2021] [php7:error] [pid 3324:tid 1256] [client 91.238.103.82:38276] script 'C:/home/mainframe.co.nz/Index2.php' not found or unable to stat
[Thu May 13 01:48:36.262124 2021] [php7:error] [pid 3324:tid 1384] [client 82.117.194.229:56380] script 'C:/home/mainframe.co.nz/new-index.php' not found or unable to stat, referer: mainframe.co.nz
[Thu May 13 01:48:53.027657 2021] [php7:error] [pid 3324:tid 1084] [client 82.117.194.229:59762] script 'C:/home/mainframe.co.nz/content.php' not found or unable to stat, referer: mainframe.co.nz
[Thu May 13 06:15:00.299713 2021] [php7:error] [pid 3324:tid 1236] [client 167.99.163.124:39358] script 'C:/home/mainframe.co.nz/wp-login.php' not found or unable to stat
[Thu May 13 06:15:00.299713 2021] [php7:error] [pid 3324:tid 1364] [client 167.99.163.124:39359] script 'C:/home/mainframe.co.nz/wp-login.php' not found or unable to stat
[Fri May 14 01:31:06.884892 2021] [php7:error] [pid 3324:tid 1236] [client 138.197.121.19:48412] script 'C:/home/mainframe.co.nz/wp-stream.php' not found or unable to stat, referer: mainframe.co.nz
[Fri May 14 01:40:09.195127 2021] [php7:error] [pid 3324:tid 1324] [client 91.205.173.195:35728] script 'C:/home/mainframe.co.nz/index2.php' not found or unable to stat
[Fri May 14 01:40:14.382587 2021] [php7:error] [pid 3324:tid 1404] [client 91.205.173.195:35912] script 'C:/home/mainframe.co.nz/Index2.php' not found or unable to stat
[Fri May 14 01:41:07.400359 2021] [php7:error] [pid 3324:tid 1488] [client 91.205.173.195:37704] script 'C:/home/mainframe.co.nz/index2.php' not found or unable to stat
[Fri May 14 01:41:12.603281 2021] [php7:error] [pid 3324:tid 1488] [client 91.205.173.195:37890] script 'C:/home/mainframe.co.nz/Index2.php' not found or unable to stat
[Fri May 14 01:42:05.370297 2021] [php7:error] [pid 3324:tid 1488] [client 91.205.173.195:39558] script 'C:/home/mainframe.co.nz/index2.php' not found or unable to stat
[Fri May 14 01:42:10.557759 2021] [php7:error] [pid 3324:tid 1488] [client 91.205.173.195:39722] script 'C:/home/mainframe.co.nz/Index2.php' not found or unable to stat
[Fri May 14 01:43:03.354321 2021] [php7:error] [pid 3324:tid 1488] [client 91.205.173.195:41654] script 'C:/home/mainframe.co.nz/index2.php' not found or unable to stat
[Fri May 14 01:43:08.544291 2021] [php7:error] [pid 3324:tid 1488] [client 91.205.173.195:41884] script 'C:/home/mainframe.co.nz/Index2.php' not found or unable to stat
[Fri May 14 02:00:05.662351 2021] [php7:error] [pid 3324:tid 1372] [client 91.205.173.195:36806] script 'C:/home/mainframe.co.nz/index2.php' not found or unable to stat
[Fri May 14 02:00:10.849819 2021] [php7:error] [pid 3324:tid 1400] [client 91.205.173.195:36884] script 'C:/home/mainframe.co.nz/Index2.php' not found or unable to stat
[Fri May 14 02:01:04.039507 2021] [php7:error] [pid 3324:tid 1400] [client 91.205.173.195:37896] script 'C:/home/mainframe.co.nz/index2.php' not found or unable to stat
[Fri May 14 02:01:09.226974 2021] [php7:error] [pid 3324:tid 1400] [client 91.205.173.195:37988] script 'C:/home/mainframe.co.nz/Index2.php' not found or unable to stat
[Fri May 14 02:02:22.477780 2021] [php7:error] [pid 3324:tid 1044] [client 91.205.173.195:39298] script 'C:/home/mainframe.co.nz/index2.php' not found or unable to stat
[Fri May 14 02:02:27.680878 2021] [php7:error] [pid 3324:tid 1044] [client 91.205.173.195:39390] script 'C:/home/mainframe.co.nz/Index2.php' not found or unable to stat
[Fri May 14 02:03:20.495360 2021] [php7:error] [pid 3324:tid 1440] [client 91.205.173.195:40340] script 'C:/home/mainframe.co.nz/index2.php' not found or unable to stat
[Fri May 14 02:03:25.698436 2021] [php7:error] [pid 3324:tid 1460] [client 91.205.173.195:40490] script 'C:/home/mainframe.co.nz/Index2.php' not found or unable to stat
[Fri May 14 07:29:40.044739 2021] [php7:error] [pid 3324:tid 1484] [client 51.83.215.173:59460] script 'C:/home/mainframe.co.nz/wp-login.php' not found or unable to stat
[Fri May 14 07:29:40.060372 2021] [php7:error] [pid 3324:tid 1400] [client 51.83.215.173:59468] script 'C:/home/mainframe.co.nz/wp-login.php' not found or unable to stat
[Fri May 14 07:29:40.060372 2021] [php7:error] [pid 3324:tid 1392] [client 51.83.215.173:59464] script 'C:/home/mainframe.co.nz/wp-login.php' not found or unable to stat
[Fri May 14 07:29:40.060372 2021] [php7:error] [pid 3324:tid 1424] [client 51.83.215.173:59462] script 'C:/home/mainframe.co.nz/wp-login.php' not found or unable to stat
[Fri May 14 07:29:40.060372 2021] [php7:error] [pid 3324:tid 1112] [client 51.83.215.173:59466] script 'C:/home/mainframe.co.nz/wp-login.php' not found or unable to stat
[Fri May 14 07:45:33.285423 2021] [php7:error] [pid 3324:tid 1400] [client 141.94.20.194:58954] script 'C:/home/mainframe.co.nz/index.php' not found or unable to stat
[Fri May 14 19:48:15.873845 2021] [php7:error] [pid 3324:tid 1396] [client 42.193.9.45:53494] script 'C:/home/mainframe.co.nz/wp-login.php' not found or unable to stat
[Sat May 15 06:20:17.295240 2021] [php7:error] [pid 3324:tid 1120] [client 158.69.170.61:60900] script 'C:/home/mainframe.co.nz/tinyfilemanager.php' not found or unable to stat
[Mon May 17 00:48:44.187889 2021] [core:error] [pid 3324:tid 1392] (20024)The given path is misformatted or contained invalid characters: [client 114.119.132.211:42442] AH00127: Cannot map GET /mailto:sales%40mainframe.co.nz HTTP/1.1 to file
[Mon May 17 15:40:19.852284 2021] [php7:error] [pid 3324:tid 1396] [client 35.181.87.238:58705] script 'C:/home/mainframe.co.nz/wp-login.php' not found or unable to stat
[Tue May 18 10:29:20.051654 2021] [php7:error] [pid 3324:tid 1208] [client 88.198.91.76:52732] script 'C:/home/mainframe.co.nz/wp-stream.php' not found or unable to stat, referer: mainframe.co.nz
[Tue May 18 16:06:31.570851 2021] [php7:error] [pid 3324:tid 1428] [client 193.142.146.229:56855] script 'C:/home/mainframe.co.nz/wp-login.php' not found or unable to stat
[Tue May 18 17:15:45.125351 2021] [php7:error] [pid 3324:tid 1404] [client 78.46.72.207:38565] script 'C:/home/mainframe.co.nz/.libs.php' not found or unable to stat
[Tue May 18 17:15:50.328441 2021] [php7:error] [pid 3324:tid 1228] [client 78.46.72.207:38588] script 'C:/home/mainframe.co.nz/index2.php' not found or unable to stat
[Tue May 18 17:16:00.719007 2021] [php7:error] [pid 3324:tid 1208] [client 78.46.72.207:38606] script 'C:/home/mainframe.co.nz/mils.php' not found or unable to stat
[Tue May 18 17:16:33.424808 2021] [php7:error] [pid 3324:tid 1488] [client 78.46.72.207:38671] script 'C:/home/mainframe.co.nz/.libs.php' not found or unable to stat
[Tue May 18 17:16:38.627909 2021] [php7:error] [pid 3324:tid 1488] [client 78.46.72.207:38687] script 'C:/home/mainframe.co.nz/index2.php' not found or unable to stat
[Tue May 18 17:16:49.049726 2021] [php7:error] [pid 3324:tid 1120] [client 78.46.72.207:38706] script 'C:/home/mainframe.co.nz/mils.php' not found or unable to stat
[Tue May 18 17:17:21.723998 2021] [php7:error] [pid 3324:tid 1120] [client 78.46.72.207:38782] script 'C:/home/mainframe.co.nz/.libs.php' not found or unable to stat
[Tue May 18 17:17:26.927173 2021] [php7:error] [pid 3324:tid 1120] [client 78.46.72.207:38795] script 'C:/home/mainframe.co.nz/index2.php' not found or unable to stat
[Tue May 18 17:17:37.333298 2021] [php7:error] [pid 3324:tid 1120] [client 78.46.72.207:38817] script 'C:/home/mainframe.co.nz/logs/mils.php' not found or unable to stat
[Tue May 18 17:18:10.023774 2021] [php7:error] [pid 3324:tid 1488] [client 78.46.72.207:38888] script 'C:/home/mainframe.co.nz/.libs.php' not found or unable to stat
[Tue May 18 17:18:15.226925 2021] [php7:error] [pid 3324:tid 1488] [client 78.46.72.207:38896] script 'C:/home/mainframe.co.nz/index2.php' not found or unable to stat
[Tue May 18 17:18:25.617427 2021] [php7:error] [pid 3324:tid 1488] [client 78.46.72.207:38910] script 'C:/home/mainframe.co.nz/mils.php' not found or unable to stat
[Tue May 18 18:33:24.002479 2021] [php7:error] [pid 3324:tid 1492] [client 45.55.41.53:45668] script 'C:/home/mainframe.co.nz/new-index.php' not found or unable to stat, referer: mainframe.co.nz
[Wed May 19 03:27:08.493610 2021] [php7:error] [pid 3324:tid 1132] [client 130.61.232.27:51286] script 'C:/home/mainframe.co.nz/index2.php' not found or unable to stat
[Wed May 19 03:27:45.557153 2021] [php7:error] [pid 3324:tid 1364] [client 130.61.232.27:52558] script 'C:/home/mainframe.co.nz/index2.php' not found or unable to stat
[Wed May 19 03:28:22.621724 2021] [php7:error] [pid 3324:tid 1404] [client 130.61.232.27:53906] script 'C:/home/mainframe.co.nz/index2.php' not found or unable to stat
[Wed May 19 03:28:59.652777 2021] [php7:error] [pid 3324:tid 1428] [client 130.61.232.27:55170] script 'C:/home/mainframe.co.nz/index2.php' not found or unable to stat
[Wed May 19 03:47:24.568042 2021] [php7:error] [pid 3324:tid 1428] [client 130.61.232.27:36032] script 'C:/home/mainframe.co.nz/index2.php' not found or unable to stat
[Wed May 19 03:48:01.632836 2021] [php7:error] [pid 3324:tid 1428] [client 130.61.232.27:37346] script 'C:/home/mainframe.co.nz/index2.php' not found or unable to stat
[Wed May 19 03:48:38.695125 2021] [php7:error] [pid 3324:tid 1364] [client 130.61.232.27:38584] script 'C:/home/mainframe.co.nz/index2.php' not found or unable to stat
[Wed May 19 03:49:15.774702 2021] [php7:error] [pid 3324:tid 1420] [client 130.61.232.27:39798] script 'C:/home/mainframe.co.nz/index2.php' not found or unable to stat
[Wed May 19 17:39:35.726195 2021] [php7:error] [pid 3324:tid 1404] [client 122.116.248.74:40159] script 'C:/home/mainframe.co.nz/wp-login.php' not found or unable to stat
[Wed May 19 17:39:35.726195 2021] [php7:error] [pid 3324:tid 1444] [client 122.116.248.74:40158] script 'C:/home/mainframe.co.nz/wp-login.php' not found or unable to stat
[Wed May 19 17:39:35.726195 2021] [php7:error] [pid 3324:tid 1084] [client 122.116.248.74:40162] script 'C:/home/mainframe.co.nz/wp-login.php' not found or unable to stat
[Wed May 19 17:39:35.773081 2021] [php7:error] [pid 3324:tid 1492] [client 122.116.248.74:40168] script 'C:/home/mainframe.co.nz/wp-login.php' not found or unable to stat
[Wed May 19 17:39:35.929307 2021] [php7:error] [pid 3324:tid 1084] [client 122.116.248.74:40196] script 'C:/home/mainframe.co.nz/wp-login.php' not found or unable to stat
[Thu May 20 05:26:45.960956 2021] [php7:error] [pid 3324:tid 1400] [client 130.61.232.27:50984] script 'C:/home/mainframe.co.nz/index2.php' not found or unable to stat
[Thu May 20 05:27:23.057522 2021] [php7:error] [pid 3324:tid 1444] [client 130.61.232.27:51646] script 'C:/home/mainframe.co.nz/index2.php' not found or unable to stat
[Thu May 20 05:28:00.119865 2021] [php7:error] [pid 3324:tid 1480] [client 130.61.232.27:52340] script 'C:/home/mainframe.co.nz/index2.php' not found or unable to stat
[Thu May 20 05:28:37.152775 2021] [php7:error] [pid 3324:tid 1480] [client 130.61.232.27:53028] script 'C:/home/mainframe.co.nz/index2.php' not found or unable to stat
[Thu May 20 05:57:02.685021 2021] [php7:error] [pid 3324:tid 1464] [client 130.61.232.27:48332] script 'C:/home/mainframe.co.nz/index2.php' not found or unable to stat
[Thu May 20 05:57:39.716095 2021] [php7:error] [pid 3324:tid 1488] [client 130.61.232.27:49000] script 'C:/home/mainframe.co.nz/index2.php' not found or unable to stat
[Thu May 20 05:58:16.780942 2021] [php7:error] [pid 3324:tid 1464] [client 130.61.232.27:49652] script 'C:/home/mainframe.co.nz/index2.php' not found or unable to stat
[Thu May 20 05:58:53.827739 2021] [php7:error] [pid 3324:tid 1444] [client 130.61.232.27:50334] script 'C:/home/mainframe.co.nz/index2.php' not found or unable to stat
[Thu May 20 11:55:30.857282 2021] [core:error] [pid 3324:tid 1412] (20024)The given path is misformatted or contained invalid characters: [client 114.119.129.211:23712] AH00127: Cannot map GET /mailto:sales%40mainframe.co.nz HTTP/1.1 to file
[Thu May 20 20:40:29.315709 2021] [php7:error] [pid 3324:tid 1492] [client 3.8.12.221:45959] script 'C:/home/mainframe.co.nz/wp-login.php' not found or unable to stat
[Fri May 21 07:23:10.838105 2021] [php7:error] [pid 3324:tid 1452] [client 196.44.176.55:53556] script 'C:/home/mainframe.co.nz/wp-login.php' not found or unable to stat
[Fri May 21 07:23:10.838105 2021] [php7:error] [pid 3324:tid 1368] [client 196.44.176.55:53554] script 'C:/home/mainframe.co.nz/wp-login.php' not found or unable to stat
[Fri May 21 15:07:22.522728 2021] [php7:error] [pid 3324:tid 1344] [client 130.61.232.27:39680] script 'C:/home/mainframe.co.nz/index2.php' not found or unable to stat
[Fri May 21 15:07:59.584956 2021] [php7:error] [pid 3324:tid 1344] [client 130.61.232.27:40804] script 'C:/home/mainframe.co.nz/index2.php' not found or unable to stat
[Fri May 21 15:08:36.602768 2021] [php7:error] [pid 3324:tid 1044] [client 130.61.232.27:42038] script 'C:/home/mainframe.co.nz/index2.php' not found or unable to stat
[Fri May 21 15:09:13.666410 2021] [php7:error] [pid 3324:tid 1384] [client 130.61.232.27:43330] script 'C:/home/mainframe.co.nz/index2.php' not found or unable to stat
[Fri May 21 15:19:02.510252 2021] [php7:error] [pid 3324:tid 1344] [client 130.61.232.27:33940] script 'C:/home/mainframe.co.nz/index2.php' not found or unable to stat
[Fri May 21 15:19:39.525677 2021] [php7:error] [pid 3324:tid 1424] [client 130.61.232.27:34958] script 'C:/home/mainframe.co.nz/index2.php' not found or unable to stat
[Fri May 21 15:20:16.590901 2021] [php7:error] [pid 3324:tid 1344] [client 130.61.232.27:35954] script 'C:/home/mainframe.co.nz/index2.php' not found or unable to stat
[Fri May 21 15:20:53.622058 2021] [php7:error] [pid 3324:tid 1424] [client 130.61.232.27:36940] script 'C:/home/mainframe.co.nz/index2.php' not found or unable to stat
[Sat May 22 12:35:55.483884 2021] [php7:error] [pid 3324:tid 1324] [client 50.31.138.167:42440] script 'C:/home/mainframe.co.nz/style.php' not found or unable to stat, referer: mainframe.co.nz
[Sun May 23 04:36:36.070607 2021] [php7:error] [pid 3324:tid 1132] [client 198.12.226.30:34958] script 'C:/home/mainframe.co.nz/wp-login.php' not found or unable to stat
[Sun May 23 04:36:36.086217 2021] [php7:error] [pid 3324:tid 1188] [client 198.12.226.30:34956] script 'C:/home/mainframe.co.nz/wp-login.php' not found or unable to stat
[Sun May 23 04:36:36.476845 2021] [php7:error] [pid 3324:tid 1188] [client 198.12.226.30:34994] script 'C:/home/mainframe.co.nz/wp-login.php' not found or unable to stat
[Sun May 23 04:36:36.492495 2021] [php7:error] [pid 3324:tid 1132] [client 198.12.226.30:34996] script 'C:/home/mainframe.co.nz/wp-login.php' not found or unable to stat
[Sun May 23 04:36:36.742507 2021] [php7:error] [pid 3324:tid 1188] [client 198.12.226.30:35018] script 'C:/home/mainframe.co.nz/wp-login.php' not found or unable to stat
[Sun May 23 04:36:36.742507 2021] [php7:error] [pid 3324:tid 1132] [client 198.12.226.30:35020] script 'C:/home/mainframe.co.nz/wp-login.php' not found or unable to stat
[Sun May 23 04:36:37.008110 2021] [php7:error] [pid 3324:tid 1188] [client 198.12.226.30:35038] script 'C:/home/mainframe.co.nz/wp-login.php' not found or unable to stat
[Sun May 23 04:36:37.008110 2021] [php7:error] [pid 3324:tid 1132] [client 198.12.226.30:35040] script 'C:/home/mainframe.co.nz/wp-login.php' not found or unable to stat
[Sun May 23 04:36:37.414417 2021] [php7:error] [pid 3324:tid 1132] [client 198.12.226.30:35072] script 'C:/home/mainframe.co.nz/wp-login.php' not found or unable to stat
[Tue May 25 00:19:06.469028 2021] [php7:error] [pid 3324:tid 1256] [client 5.135.180.161:41247] script 'C:/home/mainframe.co.nz/404.php' not found or unable to stat
[Tue May 25 00:19:06.828413 2021] [php7:error] [pid 3324:tid 1256] [client 5.135.180.161:41280] script 'C:/home/mainframe.co.nz/upil.php' not found or unable to stat
[Tue May 25 00:19:07.000274 2021] [php7:error] [pid 3324:tid 1256] [client 5.135.180.161:41294] script 'C:/home/mainframe.co.nz/gay.php' not found or unable to stat
[Tue May 25 00:19:07.172148 2021] [php7:error] [pid 3324:tid 1256] [client 5.135.180.161:41304] script 'C:/home/mainframe.co.nz/.x.php' not found or unable to stat
[Tue May 25 00:19:07.531523 2021] [php7:error] [pid 3324:tid 1256] [client 5.135.180.161:41339] script 'C:/home/mainframe.co.nz/405.php' not found or unable to stat
[Tue May 25 00:19:09.140901 2021] [php7:error] [pid 3324:tid 1420] [client 5.135.180.161:41478] script 'C:/home/mainframe.co.nz/logs/404.php' not found or unable to stat
[Tue May 25 00:19:09.484652 2021] [php7:error] [pid 3324:tid 1420] [client 5.135.180.161:41505] script 'C:/home/mainframe.co.nz/logs/upil.php' not found or unable to stat
[Tue May 25 00:19:09.656525 2021] [php7:error] [pid 3324:tid 1420] [client 5.135.180.161:41521] script 'C:/home/mainframe.co.nz/logs/gay.php' not found or unable to stat
[Tue May 25 00:19:09.828402 2021] [php7:error] [pid 3324:tid 1420] [client 5.135.180.161:41536] script 'C:/home/mainframe.co.nz/logs/.x.php' not found or unable to stat
[Tue May 25 00:19:10.172143 2021] [php7:error] [pid 3324:tid 1420] [client 5.135.180.161:41570] script 'C:/home/mainframe.co.nz/logs/405.php' not found or unable to stat
[Tue May 25 00:37:42.694398 2021] [php7:error] [pid 3324:tid 1356] [client 118.24.119.45:51450] script 'C:/home/mainframe.co.nz/wp-login.php' not found or unable to stat
[Tue May 25 06:31:21.324507 2021] [php7:error] [pid 3324:tid 1460] [client 82.117.194.229:33722] script 'C:/home/mainframe.co.nz/style.php' not found or unable to stat, referer: mainframe.co.nz
[Tue May 25 15:25:16.140292 2021] [php7:error] [pid 3324:tid 1208] [client 35.153.16.9:62475] script 'C:/home/mainframe.co.nz/config.bak.php' not found or unable to stat
[Tue May 25 16:09:55.406739 2021] [php7:error] [pid 3324:tid 1456] [client 52.30.16.188:52287] script 'C:/home/mainframe.co.nz/wp-login.php' not found or unable to stat
[Wed May 26 08:16:25.973462 2021] [php7:error] [pid 3324:tid 1100] [client 66.33.212.126:51404] script 'C:/home/mainframe.co.nz/wp-login.php' not found or unable to stat
[Wed May 26 08:16:25.973462 2021] [php7:error] [pid 3324:tid 1468] [client 66.33.212.126:51406] script 'C:/home/mainframe.co.nz/wp-login.php' not found or unable to stat
[Wed May 26 13:20:21.525377 2021] [php7:error] [pid 3324:tid 1412] [client 159.203.81.46:51440] script 'C:/home/mainframe.co.nz/new-index.php' not found or unable to stat, referer: mainframe.co.nz
[Wed May 26 20:29:55.396921 2021] [php7:error] [pid 3324:tid 1456] [client 138.197.121.19:54394] script 'C:/home/mainframe.co.nz/about.php' not found or unable to stat, referer: mainframe.co.nz
[Thu May 27 11:21:15.912499 2021] [php7:error] [pid 3324:tid 1012] [client 104.131.113.93:45882] script 'C:/home/mainframe.co.nz/index.php' not found or unable to stat, referer: mainframe.co.nz
[Thu May 27 21:21:19.523601 2021] [php7:error] [pid 3324:tid 1432] [client 34.251.241.226:19755] script 'C:/home/mainframe.co.nz/wp-login.php' not found or unable to stat
[Fri May 28 04:34:11.261247 2021] [php7:error] [pid 3324:tid 1416] [client 34.236.55.223:21280] script 'C:/home/mainframe.co.nz/wp-login.php' not found or unable to stat
[Fri May 28 05:23:40.455942 2021] [php7:error] [pid 3324:tid 1448] [client 64.227.53.63:40772] script 'C:/home/mainframe.co.nz/wp-login.php' not found or unable to stat
[Fri May 28 05:23:40.455942 2021] [php7:error] [pid 3324:tid 1132] [client 64.227.53.63:40774] script 'C:/home/mainframe.co.nz/wp-login.php' not found or unable to stat
[Fri May 28 05:23:40.455942 2021] [php7:error] [pid 3324:tid 1264] [client 64.227.53.63:40776] script 'C:/home/mainframe.co.nz/wp-login.php' not found or unable to stat
[Fri May 28 05:23:40.596555 2021] [php7:error] [pid 3324:tid 1264] [client 64.227.53.63:40790] script 'C:/home/mainframe.co.nz/wp-login.php' not found or unable to stat
[Fri May 28 05:23:40.877815 2021] [php7:error] [pid 3324:tid 1264] [client 64.227.53.63:40806] script 'C:/home/mainframe.co.nz/wp-login.php' not found or unable to stat
[Sat May 29 05:31:52.504713 2021] [php7:error] [pid 3324:tid 1220] [client 114.33.19.90:63120] script 'C:/home/mainframe.co.nz/wp-login.php' not found or unable to stat
[Sat May 29 21:52:10.973857 2021] [php7:error] [pid 3324:tid 1440] [client 165.227.169.32:50556] script 'C:/home/mainframe.co.nz/wp-login.php' not found or unable to stat
[Sun May 30 11:33:55.075049 2021] [php7:error] [pid 3324:tid 1380] [client 45.55.41.53:48548] script 'C:/home/mainframe.co.nz/a1.php' not found or unable to stat, referer: mainframe.co.nz
[Sun May 30 11:34:31.794885 2021] [php7:error] [pid 3324:tid 1100] [client 45.55.41.53:56940] script 'C:/home/mainframe.co.nz/new.php' not found or unable to stat, referer: mainframe.co.nz
[Sun May 30 11:35:05.577838 2021] [php7:error] [pid 3324:tid 1100] [client 45.55.41.53:36198] script 'C:/home/mainframe.co.nz/lock360.php' not found or unable to stat, referer: mainframe.co.nz
[Sun May 30 14:07:48.433031 2021] [php7:error] [pid 3324:tid 1228] [client 52.42.79.222:11584] script 'C:/home/mainframe.co.nz/wp-login.php' not found or unable to stat
[Sun May 30 16:48:28.850917 2021] [php7:error] [pid 3324:tid 1316] [client 159.203.83.245:58078] script 'C:/home/mainframe.co.nz/test1index.php' not found or unable to stat, referer: mainframe.co.nz
[Sun May 30 16:48:29.710307 2021] [php7:error] [pid 3324:tid 1316] [client 159.203.83.245:58200] script 'C:/home/mainframe.co.nz/test1index.php' not found or unable to stat, referer: mainframe.co.nz
[Sun May 30 16:48:30.241541 2021] [php7:error] [pid 3324:tid 1316] [client 159.203.83.245:58289] script 'C:/home/mainframe.co.nz/test1dewreio8uhdsfd.php' not found or unable to stat, referer: mainframe.co.nz
[Sun May 30 16:48:30.960283 2021] [php7:error] [pid 3324:tid 1316] [client 159.203.83.245:58413] script 'C:/home/mainframe.co.nz/test1dewreio8uhdsfd.php' not found or unable to stat, referer: mainframe.co.nz
[Sun May 30 23:38:55.444340 2021] [php7:error] [pid 3324:tid 1004] [client 221.235.184.66:57162] script 'C:/home/mainframe.co.nz/wp-login.php' not found or unable to stat
[Tue Jun 01 17:40:35.471288 2021] [php7:error] [pid 3324:tid 1028] [client 67.207.87.134:51233] script 'C:/home/mainframe.co.nz/xmlrpc.php' not found or unable to stat
[Tue Jun 01 19:44:59.725135 2021] [core:error] [pid 3324:tid 1004] (20024)The given path is misformatted or contained invalid characters: [client 114.119.139.167:36242] AH00127: Cannot map GET /mailto:sales%40mainframe.co.nz HTTP/1.1 to file
[Tue Jun 01 20:09:14.623712 2021] [php7:error] [pid 3324:tid 1188] [client 34.241.77.13:11773] script 'C:/home/mainframe.co.nz/wp-login.php' not found or unable to stat
[Tue Jun 01 21:42:41.321326 2021] [php7:error] [pid 3324:tid 1484] [client 158.69.246.100:37788] script 'C:/home/mainframe.co.nz/old-index.php' not found or unable to stat, referer: mainframe.co.nz
[Tue Jun 01 21:44:12.543285 2021] [php7:error] [pid 3324:tid 1348] [client 158.69.246.100:57922] script 'C:/home/mainframe.co.nz/wp-load.php' not found or unable to stat, referer: mainframe.co.nz
[Tue Jun 01 21:44:27.808745 2021] [php7:error] [pid 3324:tid 1244] [client 158.69.246.100:33362] script 'C:/home/mainframe.co.nz/admin.php' not found or unable to stat, referer: mainframe.co.nz
[Tue Jun 01 21:59:06.319092 2021] [php7:error] [pid 3324:tid 1456] [client 41.203.16.12:45218] script 'C:/home/mainframe.co.nz/index2.php' not found or unable to stat
[Tue Jun 01 21:59:11.850303 2021] [php7:error] [pid 3324:tid 1056] [client 41.203.16.12:45404] script 'C:/home/mainframe.co.nz/index2.php' not found or unable to stat
[Tue Jun 01 22:00:21.977243 2021] [php7:error] [pid 3324:tid 1056] [client 41.203.16.12:48310] script 'C:/home/mainframe.co.nz/index2.php' not found or unable to stat
[Tue Jun 01 22:00:28.508432 2021] [php7:error] [pid 3324:tid 1056] [client 41.203.16.12:48552] script 'C:/home/mainframe.co.nz/index2.php' not found or unable to stat
[Tue Jun 01 22:01:46.665948 2021] [php7:error] [pid 3324:tid 1372] [client 41.203.16.12:51480] script 'C:/home/mainframe.co.nz/index2.php' not found or unable to stat
[Tue Jun 01 22:01:52.197115 2021] [php7:error] [pid 3324:tid 1372] [client 41.203.16.12:51670] script 'C:/home/mainframe.co.nz/index2.php' not found or unable to stat
[Wed Jun 02 06:10:00.415468 2021] [php7:error] [pid 3324:tid 1028] [client 148.72.211.177:60740] script 'C:/home/mainframe.co.nz/wp-login.php' not found or unable to stat
[Wed Jun 02 06:10:00.462413 2021] [php7:error] [pid 3324:tid 1364] [client 148.72.211.177:60748] script 'C:/home/mainframe.co.nz/wp-login.php' not found or unable to stat
[Thu Jun 03 05:19:58.809096 2021] [php7:error] [pid 924:tid 1484] [client 192.99.62.49:50274] script 'C:/home/mainframe.co.nz/wp-links-opml.php' not found or unable to stat, referer: https://www.google.com
[Thu Jun 03 06:10:48.676744 2021] [php7:error] [pid 924:tid 1124] [client 173.212.219.223:52910] script 'C:/home/mainframe.co.nz/wp-login.php' not found or unable to stat
[Thu Jun 03 06:10:48.676744 2021] [php7:error] [pid 924:tid 1268] [client 173.212.219.223:52912] script 'C:/home/mainframe.co.nz/wp-login.php' not found or unable to stat
[Thu Jun 03 06:10:48.723625 2021] [php7:error] [pid 924:tid 1368] [client 173.212.219.223:52926] script 'C:/home/mainframe.co.nz/wp-login.php' not found or unable to stat
[Thu Jun 03 06:10:48.848612 2021] [php7:error] [pid 924:tid 1368] [client 173.212.219.223:52946] script 'C:/home/mainframe.co.nz/wp-login.php' not found or unable to stat
[Thu Jun 03 06:10:48.879869 2021] [php7:error] [pid 924:tid 1268] [client 173.212.219.223:52964] script 'C:/home/mainframe.co.nz/wp-login.php' not found or unable to stat
[Thu Jun 03 18:11:10.957809 2021] [php7:error] [pid 924:tid 1392] [client 52.168.83.180:58199] script 'C:/home/mainframe.co.nz/xmlrpc.php' not found or unable to stat
[Sat Jun 05 04:01:41.056581 2021] [core:error] [pid 924:tid 1276] (20024)The given path is misformatted or contained invalid characters: [client 114.119.142.132:16340] AH00127: Cannot map GET /mailto:sales%40mainframe.co.nz HTTP/1.1 to file
[Sat Jun 05 06:19:04.441420 2021] [php7:error] [pid 924:tid 1124] [client 155.133.142.66:53286] script 'C:/home/mainframe.co.nz/wp-login.php' not found or unable to stat
[Sat Jun 05 06:19:04.441420 2021] [php7:error] [pid 924:tid 1360] [client 155.133.142.66:40942] script 'C:/home/mainframe.co.nz/wp-login.php' not found or unable to stat
[Sat Jun 05 06:19:04.441420 2021] [php7:error] [pid 924:tid 792] [client 155.133.142.66:51153] script 'C:/home/mainframe.co.nz/wp-login.php' not found or unable to stat
[Sat Jun 05 06:19:04.441420 2021] [php7:error] [pid 924:tid 612] [client 155.133.142.66:65432] script 'C:/home/mainframe.co.nz/wp-login.php' not found or unable to stat
[Sat Jun 05 06:19:04.441420 2021] [php7:error] [pid 924:tid 644] [client 155.133.142.66:61738] script 'C:/home/mainframe.co.nz/wp-login.php' not found or unable to stat
[Sat Jun 05 06:19:04.441420 2021] [php7:error] [pid 924:tid 1436] [client 155.133.142.66:49424] script 'C:/home/mainframe.co.nz/wp-login.php' not found or unable to stat
[Sat Jun 05 06:19:04.441420 2021] [php7:error] [pid 924:tid 1300] [client 155.133.142.66:58206] script 'C:/home/mainframe.co.nz/wp-login.php' not found or unable to stat
[Sat Jun 05 06:19:04.519666 2021] [php7:error] [pid 924:tid 1408] [client 155.133.142.66:58516] script 'C:/home/mainframe.co.nz/wp-login.php' not found or unable to stat
[Sat Jun 05 06:19:04.613853 2021] [php7:error] [pid 924:tid 1408] [client 155.133.142.66:48637] script 'C:/home/mainframe.co.nz/wp-login.php' not found or unable to stat
[Sat Jun 05 11:42:41.681954 2021] [php7:error] [pid 996:tid 1296] [client 143.198.175.237:51502] script 'C:/home/mainframe.co.nz/config.bak.php' not found or unable to stat
[Sat Jun 05 14:36:40.720322 2021] [php7:error] [pid 996:tid 1180] [client 211.233.33.230:49276] script 'C:/home/mainframe.co.nz/style.php' not found or unable to stat, referer: mainframe.co.nz
[Sun Jun 06 01:50:19.233221 2021] [php7:error] [pid 996:tid 1380] [client 143.198.175.237:64934] script 'C:/home/mainframe.co.nz/config.bak.php' not found or unable to stat
[Sun Jun 06 07:53:46.919977 2021] [php7:error] [pid 996:tid 1352] [client 52.52.190.187:47014] script 'C:/home/mainframe.co.nz/wp-login.php' not found or unable to stat
[Mon Jun 07 04:01:31.137305 2021] [php7:error] [pid 996:tid 1180] [client 114.33.19.90:61973] script 'C:/home/mainframe.co.nz/wp-login.php' not found or unable to stat
[Mon Jun 07 04:48:39.428676 2021] [php7:error] [pid 996:tid 1252] [client 158.69.170.60:62481] script 'C:/home/mainframe.co.nz/fm.php' not found or unable to stat
[Mon Jun 07 10:52:45.060411 2021] [php7:error] [pid 996:tid 1316] [client 65.21.188.197:56992] script 'C:/home/mainframe.co.nz/wp_config_bak.php' not found or unable to stat
[Mon Jun 07 10:52:49.904160 2021] [php7:error] [pid 996:tid 1052] [client 65.21.188.197:49520] script 'C:/home/mainframe.co.nz/wpconfig_bak.php' not found or unable to stat
[Tue Jun 08 09:39:31.335977 2021] [php7:error] [pid 996:tid 1328] [client 130.61.247.22:55964] script 'C:/home/mainframe.co.nz/index2.php' not found or unable to stat
[Tue Jun 08 09:40:08.384059 2021] [php7:error] [pid 996:tid 1328] [client 130.61.247.22:56582] script 'C:/home/mainframe.co.nz/index2.php' not found or unable to stat
[Tue Jun 08 09:40:45.462012 2021] [php7:error] [pid 996:tid 1412] [client 130.61.247.22:57194] script 'C:/home/mainframe.co.nz/index2.php' not found or unable to stat
[Tue Jun 08 09:41:22.495611 2021] [php7:error] [pid 996:tid 1476] [client 130.61.247.22:57854] script 'C:/home/mainframe.co.nz/index2.php' not found or unable to stat
[Tue Jun 08 16:03:52.887723 2021] [php7:error] [pid 996:tid 1088] [client 130.61.247.22:33942] script 'C:/home/mainframe.co.nz/index2.php' not found or unable to stat
[Tue Jun 08 16:04:29.918808 2021] [php7:error] [pid 996:tid 1096] [client 130.61.247.22:35298] script 'C:/home/mainframe.co.nz/index2.php' not found or unable to stat
[Tue Jun 08 16:05:06.951662 2021] [php7:error] [pid 996:tid 1472] [client 130.61.247.22:36654] script 'C:/home/mainframe.co.nz/index2.php' not found or unable to stat
[Tue Jun 08 16:05:44.029632 2021] [php7:error] [pid 996:tid 1412] [client 130.61.247.22:37994] script 'C:/home/mainframe.co.nz/index2.php' not found or unable to stat
[Tue Jun 08 16:32:15.975002 2021] [php7:error] [pid 996:tid 1196] [client 130.61.247.22:57144] script 'C:/home/mainframe.co.nz/index2.php' not found or unable to stat
[Tue Jun 08 16:32:52.997028 2021] [php7:error] [pid 996:tid 1088] [client 130.61.247.22:58182] script 'C:/home/mainframe.co.nz/index2.php' not found or unable to stat
[Tue Jun 08 16:33:30.043663 2021] [php7:error] [pid 996:tid 1088] [client 130.61.247.22:59148] script 'C:/home/mainframe.co.nz/index2.php' not found or unable to stat
[Tue Jun 08 16:34:07.076079 2021] [php7:error] [pid 996:tid 1196] [client 130.61.247.22:60114] script 'C:/home/mainframe.co.nz/index2.php' not found or unable to stat
[Tue Jun 08 18:13:42.711811 2021] [core:error] [pid 996:tid 1096] (20024)The given path is misformatted or contained invalid characters: [client 114.119.141.9:26688] AH00127: Cannot map GET /mailto:sales%40mainframe.co.nz HTTP/1.1 to file
[Tue Jun 08 19:41:10.794446 2021] [php7:error] [pid 996:tid 1172] [client 143.198.175.237:60622] script 'C:/home/mainframe.co.nz/admin.php' not found or unable to stat, referer: www.google.com
[Tue Jun 08 23:27:09.323935 2021] [php7:error] [pid 996:tid 1040] [client 45.129.137.249:43154] script 'C:/home/mainframe.co.nz/shl.php' not found or unable to stat
[Tue Jun 08 23:27:10.792666 2021] [php7:error] [pid 996:tid 1040] [client 45.129.137.249:46332] script 'C:/home/mainframe.co.nz/dumper.php' not found or unable to stat
[Wed Jun 09 02:09:44.407534 2021] [php7:error] [pid 996:tid 1480] [client 34.209.105.222:28384] script 'C:/home/mainframe.co.nz/wp-login.php' not found or unable to stat
[Wed Jun 09 04:53:57.836596 2021] [php7:error] [pid 996:tid 1468] [client 159.203.81.46:46910] script 'C:/home/mainframe.co.nz/wp-load.php' not found or unable to stat, referer: mainframe.co.nz
[Wed Jun 09 04:54:33.273957 2021] [php7:error] [pid 996:tid 1156] [client 159.203.81.46:54194] script 'C:/home/mainframe.co.nz/admin.php' not found or unable to stat, referer: mainframe.co.nz
[Wed Jun 09 04:55:42.306584 2021] [php7:error] [pid 996:tid 1276] [client 159.203.81.46:40748] script 'C:/home/mainframe.co.nz/old-index.php' not found or unable to stat, referer: mainframe.co.nz
[Wed Jun 09 11:04:10.174626 2021] [php7:error] [pid 996:tid 1052] [client 212.227.8.161:53531] script 'C:/home/mainframe.co.nz/admin.php' not found or unable to stat, referer: www.google.com
[Wed Jun 09 20:24:07.519757 2021] [php7:error] [pid 996:tid 1360] [client 3.8.12.221:25581] script 'C:/home/mainframe.co.nz/wp-login.php' not found or unable to stat
[Thu Jun 10 20:00:22.785306 2021] [php7:error] [pid 3148:tid 804] [client 139.155.7.174:63650] script 'C:/home/mainframe.co.nz/wp-login.php' not found or unable to stat
[Fri Jun 11 01:06:14.399977 2021] [php7:error] [pid 3148:tid 1300] [client 13.230.66.0:55789] script 'C:/home/mainframe.co.nz/xmlrpc.php' not found or unable to stat
[Fri Jun 11 06:45:05.858657 2021] [php7:error] [pid 3148:tid 1152] [client 167.86.75.216:47260] script 'C:/home/mainframe.co.nz/wp-login.php' not found or unable to stat
[Fri Jun 11 06:45:05.858657 2021] [php7:error] [pid 3148:tid 1160] [client 167.86.75.216:47264] script 'C:/home/mainframe.co.nz/wp-login.php' not found or unable to stat
[Fri Jun 11 06:45:05.858657 2021] [php7:error] [pid 3148:tid 1276] [client 167.86.75.216:47258] script 'C:/home/mainframe.co.nz/wp-login.php' not found or unable to stat
[Fri Jun 11 06:45:05.889898 2021] [php7:error] [pid 3148:tid 1436] [client 167.86.75.216:47266] script 'C:/home/mainframe.co.nz/wp-login.php' not found or unable to stat
[Fri Jun 11 06:45:05.983657 2021] [php7:error] [pid 3148:tid 1160] [client 167.86.75.216:47300] script 'C:/home/mainframe.co.nz/wp-login.php' not found or unable to stat
[Fri Jun 11 13:30:11.643969 2021] [php7:error] [pid 3148:tid 1104] [client 108.179.221.197:53182] script 'C:/home/mainframe.co.nz/db.php' not found or unable to stat, referer: mainframe.co.nz
[Fri Jun 11 13:32:44.787417 2021] [php7:error] [pid 3148:tid 1352] [client 108.179.221.197:38092] script 'C:/home/mainframe.co.nz/dc.php' not found or unable to stat, referer: mainframe.co.nz
[Fri Jun 11 15:02:34.549143 2021] [php7:error] [pid 3148:tid 1284] [client 120.53.244.247:63802] script 'C:/home/mainframe.co.nz/wp-login.php' not found or unable to stat
[Fri Jun 11 18:32:36.514971 2021] [php7:error] [pid 3148:tid 1412] [client 18.221.206.247:14759] script 'C:/home/mainframe.co.nz/wp-login.php' not found or unable to stat
[Sat Jun 12 04:33:02.185755 2021] [php7:error] [pid 3148:tid 1264] [client 159.65.86.130:49206] script 'C:/home/mainframe.co.nz/db.php' not found or unable to stat, referer: mainframe.co.nz
[Sat Jun 12 06:15:13.638380 2021] [core:error] [pid 3148:tid 804] (20024)The given path is misformatted or contained invalid characters: [client 114.119.146.7:61130] AH00127: Cannot map GET /mailto:sales%40mainframe.co.nz HTTP/1.1 to file
[Sat Jun 12 23:36:50.565687 2021] [php7:error] [pid 3148:tid 1080] [client 54.250.87.247:42910] script 'C:/home/mainframe.co.nz/wp-login.php' not found or unable to stat
[Sun Jun 13 03:56:41.121475 2021] [php7:error] [pid 3148:tid 1196] [client 37.187.127.42:34390] script 'C:/home/mainframe.co.nz/wp-login.php' not found or unable to stat
[Sun Jun 13 17:40:54.709819 2021] [php7:error] [pid 3148:tid 1396] [client 158.69.170.61:57275] script 'C:/home/mainframe.co.nz/filemanager.php' not found or unable to stat
[Sun Jun 13 20:29:03.955629 2021] [php7:error] [pid 3148:tid 1184] [client 3.0.115.255:10348] script 'C:/home/mainframe.co.nz/wp-login.php' not found or unable to stat
[Sun Jun 13 20:39:43.972326 2021] [php7:error] [pid 3148:tid 1204] [client 142.44.246.226:50370] script 'C:/home/mainframe.co.nz/wp-login.php' not found or unable to stat
[Mon Jun 14 17:14:28.494096 2021] [php7:error] [pid 3148:tid 1236] [client 217.160.255.15:53680] script 'C:/home/mainframe.co.nz/admin.php' not found or unable to stat, referer: www.google.com
[Tue Jun 15 12:03:39.081806 2021] [core:error] [pid 5272:tid 1488] (20024)The given path is misformatted or contained invalid characters: [client 114.119.149.71:52408] AH00127: Cannot map GET /mailto:sales%40mainframe.co.nz HTTP/1.1 to file
[Wed Jun 16 18:35:38.353946 2021] [php7:error] [pid 5272:tid 1276] [client 18.184.155.204:44042] script 'C:/home/mainframe.co.nz/wp-login.php' not found or unable to stat
[Thu Jun 17 12:17:25.772283 2021] [php7:error] [pid 5272:tid 1328] [client 121.5.70.57:49938] script 'C:/home/mainframe.co.nz/wp-login.php' not found or unable to stat
[Fri Jun 18 16:59:50.283648 2021] [php7:error] [pid 5272:tid 1120] [client 35.183.60.188:24585] script 'C:/home/mainframe.co.nz/wp-login.php' not found or unable to stat
[Fri Jun 18 23:38:20.121840 2021] [php7:error] [pid 5272:tid 1472] [client 13.232.96.15:52190] script 'C:/home/mainframe.co.nz/wp-login.php' not found or unable to stat
[Sat Jun 19 06:46:06.408271 2021] [php7:error] [pid 5272:tid 996] [client 54.176.188.51:23690] script 'C:/home/mainframe.co.nz/wp-login.php' not found or unable to stat
[Sun Jun 20 06:21:38.916668 2021] [php7:error] [pid 5272:tid 1480] [client 34.215.69.55:18537] script 'C:/home/mainframe.co.nz/wp-login.php' not found or unable to stat
[Sun Jun 20 08:54:20.662870 2021] [php7:error] [pid 5272:tid 1264] [client 23.95.80.63:53910] script 'C:/home/mainframe.co.nz/style.php' not found or unable to stat, referer: mainframe.co.nz
[Sun Jun 20 09:11:21.887903 2021] [php7:error] [pid 5272:tid 1188] [client 67.205.37.138:36626] script 'C:/home/mainframe.co.nz/old-index.php' not found or unable to stat, referer: mainframe.co.nz
[Sun Jun 20 09:12:14.748401 2021] [php7:error] [pid 5272:tid 1360] [client 67.205.37.138:48190] script 'C:/home/mainframe.co.nz/wp-load.php' not found or unable to stat, referer: mainframe.co.nz
[Sun Jun 20 09:13:16.308112 2021] [php7:error] [pid 5272:tid 1436] [client 67.205.37.138:33322] script 'C:/home/mainframe.co.nz/admin.php' not found or unable to stat, referer: mainframe.co.nz
[Sun Jun 20 23:05:35.187815 2021] [php7:error] [pid 5272:tid 1316] [client 120.53.244.247:50956] script 'C:/home/mainframe.co.nz/wp-login.php' not found or unable to stat
[Mon Jun 21 00:39:14.072834 2021] [php7:error] [pid 5272:tid 1436] [client 35.178.16.1:45461] script 'C:/home/mainframe.co.nz/wp-login.php' not found or unable to stat
