[Sun Sep 27 16:41:21.418142 2020] [php7:error] [pid 4292:tid 1332] [client 51.141.189.225:58186] script 'C:/home/mainframe.co.nz/index2.php' not found or unable to stat
[Sun Sep 27 16:41:58.110323 2020] [php7:error] [pid 4292:tid 1332] [client 51.141.189.225:59442] script 'C:/home/mainframe.co.nz/index2.php' not found or unable to stat
[Sun Sep 27 16:49:57.078704 2020] [php7:error] [pid 4292:tid 1372] [client 13.75.214.62:57226] script 'C:/home/mainframe.co.nz/index2.php' not found or unable to stat
[Sun Sep 27 16:50:36.690795 2020] [php7:error] [pid 4292:tid 1332] [client 13.75.214.62:58312] script 'C:/home/mainframe.co.nz/index2.php' not found or unable to stat
[Sun Sep 27 16:51:16.331154 2020] [php7:error] [pid 4292:tid 1332] [client 13.75.214.62:59358] script 'C:/home/mainframe.co.nz/index2.php' not found or unable to stat
[Sun Sep 27 16:51:55.880133 2020] [php7:error] [pid 4292:tid 1364] [client 13.75.214.62:60686] script 'C:/home/mainframe.co.nz/index2.php' not found or unable to stat
[Sun Sep 27 17:07:53.929640 2020] [php7:error] [pid 4292:tid 1460] [client 13.75.214.62:36498] script 'C:/home/mainframe.co.nz/index2.php' not found or unable to stat
[Sun Sep 27 17:08:33.495199 2020] [php7:error] [pid 4292:tid 1460] [client 13.75.214.62:37894] script 'C:/home/mainframe.co.nz/index2.php' not found or unable to stat
[Sun Sep 27 17:09:13.043816 2020] [php7:error] [pid 4292:tid 1300] [client 13.75.214.62:39272] script 'C:/home/mainframe.co.nz/index2.php' not found or unable to stat
[Sun Sep 27 17:09:52.579606 2020] [php7:error] [pid 4292:tid 1364] [client 13.75.214.62:40814] script 'C:/home/mainframe.co.nz/index2.php' not found or unable to stat
[Sun Sep 27 20:42:50.888168 2020] [core:error] [pid 4292:tid 1280] (20024)The given path is misformatted or contained invalid characters: [client 114.119.141.9:24840] AH00127: Cannot map GET /mailto:sales%40mainframe.co.nz HTTP/1.1 to file
[Mon Sep 28 12:02:38.130593 2020] [php7:error] [pid 4292:tid 1284] [client 81.68.99.193:54306] script 'C:/home/mainframe.co.nz/wp-login.php' not found or unable to stat
[Tue Sep 29 02:24:05.395312 2020] [php7:error] [pid 4292:tid 1424] [client 209.126.17.30:32987] script 'C:/home/mainframe.co.nz/index2.php' not found or unable to stat
[Tue Sep 29 02:24:10.458122 2020] [php7:error] [pid 4292:tid 1388] [client 209.126.17.30:33095] script 'C:/home/mainframe.co.nz/index2.php' not found or unable to stat
[Tue Sep 29 02:24:50.225917 2020] [php7:error] [pid 4292:tid 1368] [client 209.126.17.30:33783] script 'C:/home/mainframe.co.nz/index2.php' not found or unable to stat
[Tue Sep 29 02:24:55.288310 2020] [php7:error] [pid 4292:tid 1368] [client 209.126.17.30:33863] script 'C:/home/mainframe.co.nz/index2.php' not found or unable to stat
[Tue Sep 29 03:47:01.973523 2020] [php7:error] [pid 4292:tid 1404] [client 13.76.152.182:35708] script 'C:/home/mainframe.co.nz/index2.php' not found or unable to stat
[Tue Sep 29 03:47:42.132734 2020] [php7:error] [pid 4292:tid 1404] [client 13.76.152.182:37174] script 'C:/home/mainframe.co.nz/index2.php' not found or unable to stat
[Tue Sep 29 03:48:22.306502 2020] [php7:error] [pid 4292:tid 1404] [client 13.76.152.182:38462] script 'C:/home/mainframe.co.nz/index2.php' not found or unable to stat
[Tue Sep 29 03:49:02.462680 2020] [php7:error] [pid 4292:tid 1352] [client 13.76.152.182:39786] script 'C:/home/mainframe.co.nz/index2.php' not found or unable to stat
[Tue Sep 29 04:11:33.073568 2020] [php7:error] [pid 4292:tid 1280] [client 13.76.152.182:32798] script 'C:/home/mainframe.co.nz/index2.php' not found or unable to stat
[Tue Sep 29 04:12:13.245067 2020] [php7:error] [pid 4292:tid 1332] [client 13.76.152.182:33466] script 'C:/home/mainframe.co.nz/index2.php' not found or unable to stat
[Tue Sep 29 04:12:53.403379 2020] [php7:error] [pid 4292:tid 1280] [client 13.76.152.182:34168] script 'C:/home/mainframe.co.nz/index2.php' not found or unable to stat
[Tue Sep 29 04:13:33.580919 2020] [php7:error] [pid 4292:tid 1364] [client 13.76.152.182:34862] script 'C:/home/mainframe.co.nz/index2.php' not found or unable to stat
[Tue Sep 29 22:38:20.735706 2020] [php7:error] [pid 4292:tid 1444] [client 31.193.8.196:48628] script 'C:/home/mainframe.co.nz/index2.php' not found or unable to stat
[Tue Sep 29 22:38:57.565849 2020] [php7:error] [pid 4292:tid 1388] [client 31.193.8.196:48998] script 'C:/home/mainframe.co.nz/index2.php' not found or unable to stat
[Tue Sep 29 22:39:34.411071 2020] [php7:error] [pid 4292:tid 1456] [client 31.193.8.196:49400] script 'C:/home/mainframe.co.nz/index2.php' not found or unable to stat
[Tue Sep 29 22:40:11.254752 2020] [php7:error] [pid 4292:tid 1352] [client 31.193.8.196:49830] script 'C:/home/mainframe.co.nz/index2.php' not found or unable to stat
[Tue Sep 29 22:58:37.384974 2020] [php7:error] [pid 4292:tid 1260] [client 31.193.8.196:57162] script 'C:/home/mainframe.co.nz/index2.php' not found or unable to stat
[Tue Sep 29 22:59:14.228905 2020] [php7:error] [pid 4292:tid 1260] [client 31.193.8.196:57348] script 'C:/home/mainframe.co.nz/index2.php' not found or unable to stat
[Tue Sep 29 22:59:51.065325 2020] [php7:error] [pid 4292:tid 1444] [client 31.193.8.196:57528] script 'C:/home/mainframe.co.nz/index2.php' not found or unable to stat
[Tue Sep 29 23:00:27.893359 2020] [php7:error] [pid 4292:tid 1260] [client 31.193.8.196:57672] script 'C:/home/mainframe.co.nz/index2.php' not found or unable to stat
[Wed Sep 30 22:22:22.873910 2020] [php7:error] [pid 4292:tid 1248] [client 54.39.188.220:43462] script 'C:/home/mainframe.co.nz/wp-login.php' not found or unable to stat
[Thu Oct 01 01:49:58.456693 2020] [php7:error] [pid 4292:tid 1356] [client 46.105.118.95:59123] script 'C:/home/mainframe.co.nz/index2.php' not found or unable to stat
[Thu Oct 01 01:50:03.644177 2020] [php7:error] [pid 4292:tid 1356] [client 46.105.118.95:59169] script 'C:/home/mainframe.co.nz/index2.php' not found or unable to stat
[Thu Oct 01 01:50:44.881612 2020] [php7:error] [pid 4292:tid 1256] [client 46.105.118.95:59519] script 'C:/home/mainframe.co.nz/index2.php' not found or unable to stat
[Thu Oct 01 01:50:50.053103 2020] [php7:error] [pid 4292:tid 1280] [client 46.105.118.95:59564] script 'C:/home/mainframe.co.nz/index2.php' not found or unable to stat
[Fri Oct 02 04:06:57.757207 2020] [core:error] [pid 4292:tid 1328] (20024)The given path is misformatted or contained invalid characters: [client 114.119.146.208:60056] AH00127: Cannot map GET /mailto:sales%40mainframe.co.nz HTTP/1.1 to file
[Fri Oct 02 17:39:46.536944 2020] [php7:error] [pid 4292:tid 1432] [client 159.203.81.46:42964] script 'C:/home/mainframe.co.nz/ajax-index.php' not found or unable to stat, referer: mainframe.co.nz
[Fri Oct 02 23:41:08.161277 2020] [php7:error] [pid 4292:tid 1252] [client 149.56.118.205:34566] script 'C:/home/mainframe.co.nz/wp-login.php' not found or unable to stat
[Sat Oct 03 09:36:11.716984 2020] [php7:error] [pid 4292:tid 1364] [client 212.85.69.14:56922] script 'C:/home/mainframe.co.nz/wp-login.php' not found or unable to stat
[Sat Oct 03 16:11:53.132422 2020] [php7:error] [pid 4292:tid 1416] [client 13.75.214.62:34634] script 'C:/home/mainframe.co.nz/index2.php' not found or unable to stat
[Sat Oct 03 16:12:32.823807 2020] [php7:error] [pid 4292:tid 1384] [client 13.75.214.62:36202] script 'C:/home/mainframe.co.nz/index2.php' not found or unable to stat
[Sat Oct 03 16:13:12.354784 2020] [php7:error] [pid 4292:tid 1600] [client 13.75.214.62:37660] script 'C:/home/mainframe.co.nz/index2.php' not found or unable to stat
[Sat Oct 03 16:13:51.889023 2020] [php7:error] [pid 4292:tid 1600] [client 13.75.214.62:39008] script 'C:/home/mainframe.co.nz/index2.php' not found or unable to stat
[Sat Oct 03 16:27:51.591909 2020] [php7:error] [pid 4292:tid 1404] [client 13.75.214.62:41290] script 'C:/home/mainframe.co.nz/index2.php' not found or unable to stat
[Sat Oct 03 16:28:31.124789 2020] [php7:error] [pid 4292:tid 1416] [client 13.75.214.62:42966] script 'C:/home/mainframe.co.nz/index2.php' not found or unable to stat
[Sat Oct 03 16:29:10.655966 2020] [php7:error] [pid 4292:tid 1416] [client 13.75.214.62:44438] script 'C:/home/mainframe.co.nz/index2.php' not found or unable to stat
[Sat Oct 03 16:29:50.204994 2020] [php7:error] [pid 4292:tid 1416] [client 13.75.214.62:45730] script 'C:/home/mainframe.co.nz/index2.php' not found or unable to stat
[Sat Oct 03 16:31:32.318649 2020] [php7:error] [pid 4292:tid 1404] [client 51.141.189.225:51322] script 'C:/home/mainframe.co.nz/index2.php' not found or unable to stat
[Sat Oct 03 16:32:08.975254 2020] [php7:error] [pid 4292:tid 1404] [client 51.141.189.225:52864] script 'C:/home/mainframe.co.nz/index2.php' not found or unable to stat
[Sat Oct 03 16:32:45.642081 2020] [php7:error] [pid 4292:tid 1404] [client 51.141.189.225:54246] script 'C:/home/mainframe.co.nz/index2.php' not found or unable to stat
[Sat Oct 03 16:33:22.282675 2020] [php7:error] [pid 4292:tid 1600] [client 51.141.189.225:55588] script 'C:/home/mainframe.co.nz/index2.php' not found or unable to stat
[Sat Oct 03 16:55:08.754235 2020] [php7:error] [pid 4292:tid 1372] [client 51.141.189.225:43428] script 'C:/home/mainframe.co.nz/index2.php' not found or unable to stat
[Sat Oct 03 16:55:45.385709 2020] [php7:error] [pid 4292:tid 1372] [client 51.141.189.225:44510] script 'C:/home/mainframe.co.nz/index2.php' not found or unable to stat
[Sat Oct 03 16:56:22.026132 2020] [php7:error] [pid 4292:tid 1372] [client 51.141.189.225:45678] script 'C:/home/mainframe.co.nz/index2.php' not found or unable to stat
[Sat Oct 03 16:56:58.690589 2020] [php7:error] [pid 4292:tid 1372] [client 51.141.189.225:46890] script 'C:/home/mainframe.co.nz/index2.php' not found or unable to stat
[Sun Oct 04 03:42:35.779157 2020] [php7:error] [pid 4292:tid 1324] [client 31.193.8.196:56086] script 'C:/home/mainframe.co.nz/index2.php' not found or unable to stat
[Sun Oct 04 03:43:12.607218 2020] [php7:error] [pid 4292:tid 1272] [client 31.193.8.196:56832] script 'C:/home/mainframe.co.nz/index2.php' not found or unable to stat
[Sun Oct 04 03:43:49.453680 2020] [php7:error] [pid 4292:tid 1280] [client 31.193.8.196:57638] script 'C:/home/mainframe.co.nz/index2.php' not found or unable to stat
[Sun Oct 04 03:44:26.281620 2020] [php7:error] [pid 4292:tid 1280] [client 31.193.8.196:58412] script 'C:/home/mainframe.co.nz/index2.php' not found or unable to stat
[Sun Oct 04 04:09:30.039427 2020] [php7:error] [pid 4292:tid 1364] [client 209.17.114.78:59058] script 'C:/home/mainframe.co.nz/index.php' not found or unable to stat
[Sun Oct 04 04:09:30.510459 2020] [php7:error] [pid 4292:tid 1364] [client 209.17.114.78:59210] script 'C:/home/mainframe.co.nz/index.php' not found or unable to stat
[Sun Oct 04 04:09:30.541508 2020] [php7:error] [pid 4292:tid 1364] [client 209.17.114.78:59220] script 'C:/home/mainframe.co.nz/index.php' not found or unable to stat
[Sun Oct 04 04:09:30.588337 2020] [php7:error] [pid 4292:tid 1364] [client 209.17.114.78:59238] script 'C:/home/mainframe.co.nz/index.php' not found or unable to stat
[Sun Oct 04 04:09:31.730010 2020] [php7:error] [pid 4292:tid 1364] [client 209.17.114.78:59670] script 'C:/home/mainframe.co.nz/index.php' not found or unable to stat
[Sun Oct 04 04:09:31.806927 2020] [php7:error] [pid 4292:tid 1364] [client 209.17.114.78:59698] script 'C:/home/mainframe.co.nz/index.php' not found or unable to stat
[Sun Oct 04 04:09:31.838458 2020] [php7:error] [pid 4292:tid 1364] [client 209.17.114.78:59712] script 'C:/home/mainframe.co.nz/index.php' not found or unable to stat
[Sun Oct 04 04:09:31.869995 2020] [php7:error] [pid 4292:tid 1364] [client 209.17.114.78:59730] script 'C:/home/mainframe.co.nz/index.php' not found or unable to stat
[Sun Oct 04 04:09:31.916327 2020] [php7:error] [pid 4292:tid 1364] [client 209.17.114.78:59744] script 'C:/home/mainframe.co.nz/index.php' not found or unable to stat
[Sun Oct 04 04:09:32.322477 2020] [php7:error] [pid 4292:tid 1364] [client 209.17.114.78:59904] script 'C:/home/mainframe.co.nz/index.php' not found or unable to stat
[Sun Oct 04 04:13:47.873224 2020] [php7:error] [pid 4292:tid 1456] [client 193.34.166.21:42846] script 'C:/home/mainframe.co.nz/index.php' not found or unable to stat
[Sun Oct 04 04:13:48.028631 2020] [php7:error] [pid 4292:tid 1456] [client 193.34.166.21:42870] script 'C:/home/mainframe.co.nz/index.php' not found or unable to stat
[Sun Oct 04 04:13:48.184793 2020] [php7:error] [pid 4292:tid 1456] [client 193.34.166.21:42886] script 'C:/home/mainframe.co.nz/index.php' not found or unable to stat
[Sun Oct 04 04:13:48.341369 2020] [php7:error] [pid 4292:tid 1456] [client 193.34.166.21:42900] script 'C:/home/mainframe.co.nz/index.php' not found or unable to stat
[Sun Oct 04 04:13:49.966084 2020] [php7:error] [pid 4292:tid 1456] [client 193.34.166.21:43050] script 'C:/home/mainframe.co.nz/index.php' not found or unable to stat
[Sun Oct 04 04:13:50.294353 2020] [php7:error] [pid 4292:tid 1456] [client 193.34.166.21:43084] script 'C:/home/mainframe.co.nz/index.php' not found or unable to stat
[Sun Oct 04 04:13:50.450707 2020] [php7:error] [pid 4292:tid 1456] [client 193.34.166.21:43098] script 'C:/home/mainframe.co.nz/index.php' not found or unable to stat
[Sun Oct 04 04:13:50.622488 2020] [php7:error] [pid 4292:tid 1456] [client 193.34.166.21:43110] script 'C:/home/mainframe.co.nz/index.php' not found or unable to stat
[Sun Oct 04 04:13:50.778838 2020] [php7:error] [pid 4292:tid 1456] [client 193.34.166.21:43132] script 'C:/home/mainframe.co.nz/index.php' not found or unable to stat
[Sun Oct 04 04:13:52.388147 2020] [php7:error] [pid 4292:tid 1456] [client 193.34.166.21:43284] script 'C:/home/mainframe.co.nz/index.php' not found or unable to stat
[Sun Oct 04 04:27:17.448381 2020] [php7:error] [pid 4292:tid 1368] [client 209.17.114.78:35316] script 'C:/home/mainframe.co.nz/index.php' not found or unable to stat
[Sun Oct 04 04:27:17.496617 2020] [php7:error] [pid 4292:tid 1368] [client 209.17.114.78:35320] script 'C:/home/mainframe.co.nz/index.php' not found or unable to stat
[Sun Oct 04 04:27:17.542435 2020] [php7:error] [pid 4292:tid 1368] [client 209.17.114.78:35328] script 'C:/home/mainframe.co.nz/index.php' not found or unable to stat
[Sun Oct 04 04:27:17.573571 2020] [php7:error] [pid 4292:tid 1368] [client 209.17.114.78:35336] script 'C:/home/mainframe.co.nz/index.php' not found or unable to stat
[Sun Oct 04 04:27:17.948623 2020] [php7:error] [pid 4292:tid 1368] [client 209.17.114.78:35446] script 'C:/home/mainframe.co.nz/index.php' not found or unable to stat
[Sun Oct 04 04:27:18.026506 2020] [php7:error] [pid 4292:tid 1368] [client 209.17.114.78:35462] script 'C:/home/mainframe.co.nz/index.php' not found or unable to stat
[Sun Oct 04 04:27:18.058058 2020] [php7:error] [pid 4292:tid 1368] [client 209.17.114.78:35476] script 'C:/home/mainframe.co.nz/index.php' not found or unable to stat
[Sun Oct 04 04:27:18.109417 2020] [php7:error] [pid 4292:tid 1368] [client 209.17.114.78:35486] script 'C:/home/mainframe.co.nz/index.php' not found or unable to stat
[Sun Oct 04 04:27:18.136064 2020] [php7:error] [pid 4292:tid 1368] [client 209.17.114.78:35496] script 'C:/home/mainframe.co.nz/index.php' not found or unable to stat
[Sun Oct 04 04:27:18.526598 2020] [php7:error] [pid 4292:tid 1368] [client 209.17.114.78:35602] script 'C:/home/mainframe.co.nz/index.php' not found or unable to stat
[Mon Oct 05 03:03:25.596685 2020] [php7:error] [pid 4292:tid 1260] [client 159.203.182.52:53842] script 'C:/home/mainframe.co.nz/siteindex.php' not found or unable to stat
[Tue Oct 06 04:37:01.975914 2020] [php7:error] [pid 4292:tid 1244] [client 128.199.18.210:58194] script 'C:/home/mainframe.co.nz/wp-login.php' not found or unable to stat
[Tue Oct 06 04:37:12.223586 2020] [php7:error] [pid 4292:tid 1428] [client 45.40.135.39:41186] script 'C:/home/mainframe.co.nz/wp-login.php' not found or unable to stat
[Tue Oct 06 05:39:23.652724 2020] [php7:error] [pid 4292:tid 1276] [client 193.70.81.132:45314] script 'C:/home/mainframe.co.nz/wp-login.php' not found or unable to stat
[Wed Oct 07 13:10:07.018336 2020] [php7:error] [pid 4292:tid 1420] [client 193.169.252.37:59296] script 'C:/home/mainframe.co.nz/wp-login.php' not found or unable to stat
[Wed Oct 07 13:10:07.235886 2020] [php7:error] [pid 4292:tid 1420] [client 193.169.252.37:59296] script 'C:/home/mainframe.co.nz/wp-login.php' not found or unable to stat
[Thu Oct 08 04:29:49.032461 2020] [php7:error] [pid 4292:tid 1328] [client 91.134.201.164:55730] script 'C:/home/mainframe.co.nz/wp-login.php' not found or unable to stat
[Thu Oct 08 15:47:49.407603 2020] [php7:error] [pid 4292:tid 1292] [client 165.227.127.49:52022] script 'C:/home/mainframe.co.nz/wp-login.php' not found or unable to stat
[Thu Oct 08 17:00:11.525666 2020] [php7:error] [pid 4292:tid 1320] [client 13.75.214.62:54230] script 'C:/home/mainframe.co.nz/index2.php' not found or unable to stat
[Thu Oct 08 17:00:51.060621 2020] [php7:error] [pid 4292:tid 1296] [client 13.75.214.62:55524] script 'C:/home/mainframe.co.nz/index2.php' not found or unable to stat
[Thu Oct 08 17:01:30.625593 2020] [php7:error] [pid 4292:tid 1320] [client 13.75.214.62:56732] script 'C:/home/mainframe.co.nz/index2.php' not found or unable to stat
[Thu Oct 08 17:02:10.171761 2020] [php7:error] [pid 4292:tid 1320] [client 13.75.214.62:57940] script 'C:/home/mainframe.co.nz/index2.php' not found or unable to stat
[Thu Oct 08 17:26:21.808327 2020] [php7:error] [pid 4292:tid 1368] [client 13.75.214.62:53570] script 'C:/home/mainframe.co.nz/index2.php' not found or unable to stat
[Thu Oct 08 17:27:01.340857 2020] [php7:error] [pid 4292:tid 1368] [client 13.75.214.62:55098] script 'C:/home/mainframe.co.nz/index2.php' not found or unable to stat
[Thu Oct 08 17:27:40.875365 2020] [php7:error] [pid 4292:tid 1224] [client 13.75.214.62:56526] script 'C:/home/mainframe.co.nz/index2.php' not found or unable to stat
[Thu Oct 08 17:28:20.424718 2020] [php7:error] [pid 4292:tid 1224] [client 13.75.214.62:58030] script 'C:/home/mainframe.co.nz/index2.php' not found or unable to stat
[Thu Oct 08 21:22:46.294329 2020] [php7:error] [pid 4292:tid 1296] [client 212.191.64.7:37986] script 'C:/home/mainframe.co.nz/ajax-index.php' not found or unable to stat, referer: mainframe.co.nz
[Fri Oct 09 09:32:38.642368 2020] [php7:error] [pid 4292:tid 1236] [client 94.152.206.6:35468] script 'C:/home/mainframe.co.nz/index.php' not found or unable to stat, referer: mainframe.co.nz
[Fri Oct 09 09:35:10.430611 2020] [php7:error] [pid 4292:tid 1296] [client 94.152.206.6:45132] script 'C:/home/mainframe.co.nz/index.php' not found or unable to stat, referer: mainframe.co.nz
[Fri Oct 09 23:38:29.148467 2020] [php7:error] [pid 4292:tid 1440] [client 148.72.23.9:51824] script 'C:/home/mainframe.co.nz/index.php' not found or unable to stat, referer: mainframe.co.nz
[Fri Oct 09 23:53:57.067358 2020] [php7:error] [pid 4292:tid 1288] [client 148.72.23.9:40840] script 'C:/home/mainframe.co.nz/index.php' not found or unable to stat, referer: mainframe.co.nz
[Sat Oct 10 17:15:24.545153 2020] [php7:error] [pid 4292:tid 1364] [client 104.236.169.213:60658] script 'C:/home/mainframe.co.nz/zinold.php' not found or unable to stat, referer: mainframe.co.nz
[Sat Oct 10 17:24:48.412814 2020] [php7:error] [pid 4292:tid 1432] [client 104.236.169.213:56183] script 'C:/home/mainframe.co.nz/license.php' not found or unable to stat, referer: mainframe.co.nz
[Sat Oct 10 17:37:22.548831 2020] [php7:error] [pid 4292:tid 1300] [client 104.236.169.213:34691] script 'C:/home/mainframe.co.nz/index3.php' not found or unable to stat, referer: mainframe.co.nz
[Sat Oct 10 17:48:33.923351 2020] [php7:error] [pid 4292:tid 1264] [client 38.105.208.136:34923] script 'C:/home/mainframe.co.nz/index.php' not found or unable to stat, referer: mainframe.co.nz
[Sat Oct 10 20:34:31.368313 2020] [php7:error] [pid 4292:tid 1364] [client 109.248.236.100:41679] script 'C:/home/mainframe.co.nz/.libs.php' not found or unable to stat
[Sat Oct 10 20:34:41.727644 2020] [php7:error] [pid 4292:tid 1240] [client 109.248.236.100:41789] script 'C:/home/mainframe.co.nz/index2.php' not found or unable to stat
[Sat Oct 10 20:35:02.463355 2020] [php7:error] [pid 4292:tid 1328] [client 109.248.236.100:42030] script 'C:/home/mainframe.co.nz/mils.php' not found or unable to stat
[Sat Oct 10 20:35:19.227771 2020] [php7:error] [pid 4292:tid 1380] [client 109.248.236.100:42223] script 'C:/home/mainframe.co.nz/.libs.php' not found or unable to stat
[Sat Oct 10 20:35:29.589967 2020] [php7:error] [pid 4292:tid 1288] [client 109.248.236.100:42352] script 'C:/home/mainframe.co.nz/index2.php' not found or unable to stat
[Sat Oct 10 20:35:50.308647 2020] [php7:error] [pid 4292:tid 1260] [client 109.248.236.100:42607] script 'C:/home/mainframe.co.nz/mils.php' not found or unable to stat
[Sat Oct 10 20:36:47.873965 2020] [php7:error] [pid 4292:tid 1308] [client 109.248.236.100:43295] script 'C:/home/mainframe.co.nz/.libs.php' not found or unable to stat
[Sat Oct 10 20:36:58.233312 2020] [php7:error] [pid 4292:tid 1364] [client 109.248.236.100:43427] script 'C:/home/mainframe.co.nz/index2.php' not found or unable to stat
[Sat Oct 10 20:37:18.951862 2020] [php7:error] [pid 4292:tid 1312] [client 109.248.236.100:43683] script 'C:/home/mainframe.co.nz/mils.php' not found or unable to stat
[Sat Oct 10 20:37:35.515697 2020] [php7:error] [pid 4292:tid 1440] [client 109.248.236.100:43889] script 'C:/home/mainframe.co.nz/.libs.php' not found or unable to stat
[Sat Oct 10 20:37:45.890591 2020] [php7:error] [pid 4292:tid 1240] [client 109.248.236.100:44006] script 'C:/home/mainframe.co.nz/index2.php' not found or unable to stat
[Sat Oct 10 20:38:06.609234 2020] [php7:error] [pid 4292:tid 1240] [client 109.248.236.100:44259] script 'C:/home/mainframe.co.nz/mils.php' not found or unable to stat
[Sat Oct 10 20:39:04.159321 2020] [php7:error] [pid 4292:tid 1260] [client 109.248.236.100:44951] script 'C:/home/mainframe.co.nz/.libs.php' not found or unable to stat
[Sat Oct 10 20:39:14.518898 2020] [php7:error] [pid 4292:tid 1364] [client 109.248.236.100:45067] script 'C:/home/mainframe.co.nz/index2.php' not found or unable to stat
[Sat Oct 10 20:39:35.223337 2020] [php7:error] [pid 4292:tid 1380] [client 109.248.236.100:45312] script 'C:/home/mainframe.co.nz/logs/mils.php' not found or unable to stat
[Sat Oct 10 20:39:51.832649 2020] [php7:error] [pid 4292:tid 1312] [client 109.248.236.100:45522] script 'C:/home/mainframe.co.nz/.libs.php' not found or unable to stat
[Sat Oct 10 20:40:02.191957 2020] [php7:error] [pid 4292:tid 1312] [client 109.248.236.100:45657] script 'C:/home/mainframe.co.nz/index2.php' not found or unable to stat
[Sat Oct 10 20:40:22.926093 2020] [php7:error] [pid 4292:tid 1312] [client 109.248.236.100:45914] script 'C:/home/mainframe.co.nz/logs/mils.php' not found or unable to stat
[Sat Oct 10 20:41:20.989958 2020] [php7:error] [pid 4292:tid 1448] [client 109.248.236.100:46585] script 'C:/home/mainframe.co.nz/.libs.php' not found or unable to stat
[Sat Oct 10 20:41:31.368508 2020] [php7:error] [pid 4292:tid 1448] [client 109.248.236.100:46701] script 'C:/home/mainframe.co.nz/index2.php' not found or unable to stat
[Sat Oct 10 20:41:52.087240 2020] [php7:error] [pid 4292:tid 1260] [client 109.248.236.100:46930] script 'C:/home/mainframe.co.nz/mils.php' not found or unable to stat
[Sat Oct 10 20:42:08.086938 2020] [php7:error] [pid 4292:tid 1312] [client 109.248.236.100:47111] script 'C:/home/mainframe.co.nz/.libs.php' not found or unable to stat
[Sat Oct 10 20:42:18.462221 2020] [php7:error] [pid 4292:tid 1312] [client 109.248.236.100:47228] script 'C:/home/mainframe.co.nz/index2.php' not found or unable to stat
[Sat Oct 10 20:42:39.182938 2020] [php7:error] [pid 4292:tid 1312] [client 109.248.236.100:47466] script 'C:/home/mainframe.co.nz/mils.php' not found or unable to stat
[Sun Oct 11 17:35:32.670189 2020] [php7:error] [pid 4292:tid 1368] [client 159.253.46.18:54036] script 'C:/home/mainframe.co.nz/wp-login.php' not found or unable to stat
[Mon Oct 12 16:28:35.700501 2020] [php7:error] [pid 4292:tid 1440] [client 193.169.254.93:50621] script 'C:/home/mainframe.co.nz/wp-login.php' not found or unable to stat
[Mon Oct 12 16:28:35.810007 2020] [php7:error] [pid 4292:tid 1440] [client 193.169.254.93:50621] script 'C:/home/mainframe.co.nz/wp-login.php' not found or unable to stat
[Mon Oct 12 22:39:29.217768 2020] [php7:error] [pid 4292:tid 1344] [client 149.202.245.120:35966] script 'C:/home/mainframe.co.nz/wp-login.php' not found or unable to stat
[Tue Oct 13 00:25:04.464530 2020] [php7:error] [pid 4292:tid 1288] [client 81.4.127.77:43650] script 'C:/home/mainframe.co.nz/baindex.php' not found or unable to stat, referer: mainframe.co.nz
[Tue Oct 13 03:01:19.821005 2020] [php7:error] [pid 4292:tid 1460] [client 212.85.86.156:56958] script 'C:/home/mainframe.co.nz/wp-login.php' not found or unable to stat
[Tue Oct 13 22:59:45.781363 2020] [php7:error] [pid 4292:tid 1432] [client 109.248.236.100:58105] script 'C:/home/mainframe.co.nz/.libs.php' not found or unable to stat
[Tue Oct 13 22:59:56.172258 2020] [php7:error] [pid 4292:tid 1256] [client 109.248.236.100:58223] script 'C:/home/mainframe.co.nz/index2.php' not found or unable to stat
[Tue Oct 13 23:00:16.937723 2020] [php7:error] [pid 4292:tid 1256] [client 109.248.236.100:58460] script 'C:/home/mainframe.co.nz/mils.php' not found or unable to stat
[Tue Oct 13 23:02:02.397633 2020] [php7:error] [pid 4292:tid 1384] [client 109.248.236.100:59760] script 'C:/home/mainframe.co.nz/.libs.php' not found or unable to stat
[Tue Oct 13 23:02:12.772524 2020] [php7:error] [pid 4292:tid 1384] [client 109.248.236.100:59879] script 'C:/home/mainframe.co.nz/index2.php' not found or unable to stat
[Tue Oct 13 23:02:33.529748 2020] [php7:error] [pid 4292:tid 1444] [client 109.248.236.100:60112] script 'C:/home/mainframe.co.nz/mils.php' not found or unable to stat
[Tue Oct 13 23:04:18.956883 2020] [php7:error] [pid 4292:tid 1432] [client 109.248.236.100:33174] script 'C:/home/mainframe.co.nz/.libs.php' not found or unable to stat
[Tue Oct 13 23:04:29.334816 2020] [php7:error] [pid 4292:tid 1432] [client 109.248.236.100:33299] script 'C:/home/mainframe.co.nz/index2.php' not found or unable to stat
[Tue Oct 13 23:04:50.084312 2020] [php7:error] [pid 4292:tid 1332] [client 109.248.236.100:33561] script 'C:/home/mainframe.co.nz/logs/mils.php' not found or unable to stat
[Tue Oct 13 23:06:35.528910 2020] [php7:error] [pid 4292:tid 1428] [client 109.248.236.100:34838] script 'C:/home/mainframe.co.nz/.libs.php' not found or unable to stat
[Tue Oct 13 23:06:45.901607 2020] [php7:error] [pid 4292:tid 1428] [client 109.248.236.100:34963] script 'C:/home/mainframe.co.nz/index2.php' not found or unable to stat
[Tue Oct 13 23:07:06.651075 2020] [php7:error] [pid 4292:tid 1384] [client 109.248.236.100:35209] script 'C:/home/mainframe.co.nz/mils.php' not found or unable to stat
[Tue Oct 13 23:18:39.824837 2020] [php7:error] [pid 4292:tid 1392] [client 109.248.236.100:36679] script 'C:/home/mainframe.co.nz/.libs.php' not found or unable to stat
[Tue Oct 13 23:18:50.199441 2020] [php7:error] [pid 4292:tid 1272] [client 109.248.236.100:38149] script 'C:/home/mainframe.co.nz/index2.php' not found or unable to stat
[Tue Oct 13 23:19:11.152496 2020] [php7:error] [pid 4292:tid 1300] [client 109.248.236.100:41360] script 'C:/home/mainframe.co.nz/mils.php' not found or unable to stat
[Tue Oct 13 23:20:56.796759 2020] [php7:error] [pid 4292:tid 1428] [client 109.248.236.100:51225] script 'C:/home/mainframe.co.nz/.libs.php' not found or unable to stat
[Tue Oct 13 23:21:07.187402 2020] [php7:error] [pid 4292:tid 1428] [client 109.248.236.100:51340] script 'C:/home/mainframe.co.nz/index2.php' not found or unable to stat
[Tue Oct 13 23:21:27.940885 2020] [php7:error] [pid 4292:tid 1428] [client 109.248.236.100:51569] script 'C:/home/mainframe.co.nz/mils.php' not found or unable to stat
[Tue Oct 13 23:23:13.395436 2020] [php7:error] [pid 4292:tid 1428] [client 109.248.236.100:52645] script 'C:/home/mainframe.co.nz/.libs.php' not found or unable to stat
[Tue Oct 13 23:23:23.770259 2020] [php7:error] [pid 4292:tid 1332] [client 109.248.236.100:52746] script 'C:/home/mainframe.co.nz/index2.php' not found or unable to stat
[Tue Oct 13 23:23:44.538522 2020] [php7:error] [pid 4292:tid 1332] [client 109.248.236.100:52972] script 'C:/home/mainframe.co.nz/logs/mils.php' not found or unable to stat
[Tue Oct 13 23:25:30.823232 2020] [php7:error] [pid 4292:tid 1392] [client 109.248.236.100:54123] script 'C:/home/mainframe.co.nz/.libs.php' not found or unable to stat
[Tue Oct 13 23:25:41.213740 2020] [php7:error] [pid 4292:tid 1268] [client 109.248.236.100:54239] script 'C:/home/mainframe.co.nz/index2.php' not found or unable to stat
[Tue Oct 13 23:26:01.963639 2020] [php7:error] [pid 4292:tid 1300] [client 109.248.236.100:54465] script 'C:/home/mainframe.co.nz/mils.php' not found or unable to stat
[Wed Oct 14 08:30:57.297351 2020] [php7:error] [pid 4292:tid 1600] [client 199.204.248.118:58636] script 'C:/home/mainframe.co.nz/logs/index.php' not found or unable to stat
[Wed Oct 14 08:30:57.640933 2020] [php7:error] [pid 4292:tid 1372] [client 199.204.248.118:58854] script 'C:/home/mainframe.co.nz/index.php' not found or unable to stat
[Wed Oct 14 17:56:13.979653 2020] [cgi:error] [pid 4292:tid 1368] [client 178.250.12.42:61418] AH02811: script not found or unable to stat: C:/Apache24/cgi-bin/.env
[Wed Oct 14 21:54:35.941994 2020] [core:error] [pid 4292:tid 1272] (20024)The given path is misformatted or contained invalid characters: [client 114.119.139.167:6358] AH00127: Cannot map GET /mailto:sales%40mainframe.co.nz HTTP/1.1 to file
[Thu Oct 15 03:15:24.988003 2020] [php7:error] [pid 4292:tid 1296] [client 51.91.127.200:47403] script 'C:/home/mainframe.co.nz/wp-login.php' not found or unable to stat
[Thu Oct 15 06:01:26.565599 2020] [php7:error] [pid 4292:tid 1280] [client 46.105.118.95:57945] script 'C:/home/mainframe.co.nz/index2.php' not found or unable to stat
[Thu Oct 15 06:01:31.737423 2020] [php7:error] [pid 4292:tid 1280] [client 46.105.118.95:57966] script 'C:/home/mainframe.co.nz/index2.php' not found or unable to stat
[Thu Oct 15 06:02:13.002661 2020] [php7:error] [pid 4292:tid 1232] [client 46.105.118.95:58158] script 'C:/home/mainframe.co.nz/index2.php' not found or unable to stat
[Thu Oct 15 06:02:18.174536 2020] [php7:error] [pid 4292:tid 1332] [client 46.105.118.95:58178] script 'C:/home/mainframe.co.nz/index2.php' not found or unable to stat
[Thu Oct 15 07:16:59.224628 2020] [php7:error] [pid 4292:tid 1432] [client 80.96.46.98:51682] script 'C:/home/mainframe.co.nz/index.php' not found or unable to stat, referer: mainframe.co.nz
[Thu Oct 15 11:37:03.050306 2020] [core:error] [pid 4292:tid 1272] (20024)The given path is misformatted or contained invalid characters: [client 114.119.146.179:53444] AH00127: Cannot map GET /mailto:sales%40mainframe.co.nz HTTP/1.1 to file
[Thu Oct 15 14:55:53.446003 2020] [php7:error] [pid 4292:tid 1456] [client 104.215.82.83:46202] script 'C:/home/mainframe.co.nz/index2.php' not found or unable to stat
[Thu Oct 15 14:56:30.290995 2020] [php7:error] [pid 4292:tid 1456] [client 104.215.82.83:47086] script 'C:/home/mainframe.co.nz/index2.php' not found or unable to stat
[Thu Oct 15 14:57:06.134839 2020] [php7:error] [pid 4292:tid 1428] [client 104.215.82.83:47878] script 'C:/home/mainframe.co.nz/index2.php' not found or unable to stat
[Thu Oct 15 14:57:42.246256 2020] [php7:error] [pid 4292:tid 1284] [client 104.215.82.83:48698] script 'C:/home/mainframe.co.nz/index2.php' not found or unable to stat
[Thu Oct 15 22:53:51.968085 2020] [php7:error] [pid 4292:tid 1236] [client 31.193.8.196:59910] script 'C:/home/mainframe.co.nz/index2.php' not found or unable to stat
[Thu Oct 15 22:54:28.800789 2020] [php7:error] [pid 4292:tid 1236] [client 31.193.8.196:60696] script 'C:/home/mainframe.co.nz/index2.php' not found or unable to stat
[Thu Oct 15 22:55:05.644338 2020] [php7:error] [pid 4292:tid 1236] [client 31.193.8.196:33184] script 'C:/home/mainframe.co.nz/index2.php' not found or unable to stat
[Thu Oct 15 22:55:42.473510 2020] [php7:error] [pid 4292:tid 1420] [client 31.193.8.196:33960] script 'C:/home/mainframe.co.nz/index2.php' not found or unable to stat
[Fri Oct 16 12:19:07.602801 2020] [php7:error] [pid 4292:tid 1364] [client 109.228.18.65:57428] script 'C:/home/mainframe.co.nz/config.php' not found or unable to stat, referer: mainframe.co.nz
[Sat Oct 17 21:51:28.490027 2020] [php7:error] [pid 4292:tid 1348] [client 159.89.123.66:53964] script 'C:/home/mainframe.co.nz/wp-login.php' not found or unable to stat
[Sat Oct 17 23:15:07.561595 2020] [php7:error] [pid 4292:tid 1244] [client 148.72.210.140:53086] script 'C:/home/mainframe.co.nz/wp-login.php' not found or unable to stat
[Sun Oct 18 12:45:07.113654 2020] [core:error] [pid 4292:tid 1420] (20024)The given path is misformatted or contained invalid characters: [client 114.119.141.9:61808] AH00127: Cannot map GET /mailto:sales%40mainframe.co.nz HTTP/1.1 to file
[Mon Oct 19 00:50:12.290604 2020] [php7:error] [pid 4292:tid 1432] [client 31.193.8.196:47338] script 'C:/home/mainframe.co.nz/index2.php' not found or unable to stat
[Mon Oct 19 00:50:49.138161 2020] [php7:error] [pid 4292:tid 1460] [client 31.193.8.196:48360] script 'C:/home/mainframe.co.nz/index2.php' not found or unable to stat
[Mon Oct 19 00:51:25.968787 2020] [php7:error] [pid 4292:tid 1432] [client 31.193.8.196:49332] script 'C:/home/mainframe.co.nz/index2.php' not found or unable to stat
[Mon Oct 19 00:52:02.812517 2020] [php7:error] [pid 4292:tid 1432] [client 31.193.8.196:50194] script 'C:/home/mainframe.co.nz/index2.php' not found or unable to stat
[Mon Oct 19 23:03:10.253633 2020] [php7:error] [pid 4292:tid 1236] [client 195.154.227.111:53726] script 'C:/home/mainframe.co.nz/wp-login.php' not found or unable to stat
[Mon Oct 19 23:49:00.774563 2020] [php7:error] [pid 4292:tid 1276] [client 35.247.129.209:60458] script 'C:/home/mainframe.co.nz/wp-login.php' not found or unable to stat
[Tue Oct 20 07:44:18.296649 2020] [php7:error] [pid 4292:tid 1296] [client 162.144.153.135:52104] script 'C:/home/mainframe.co.nz/index.php' not found or unable to stat, referer: mainframe.co.nz
[Tue Oct 20 20:28:04.154748 2020] [php7:error] [pid 4292:tid 1300] [client 129.146.190.190:63425] script 'C:/home/mainframe.co.nz/wso.php' not found or unable to stat
[Wed Oct 21 03:37:16.055796 2020] [php7:error] [pid 4292:tid 1360] [client 109.248.236.100:41354] script 'C:/home/mainframe.co.nz/.libs.php' not found or unable to stat
[Wed Oct 21 03:37:26.418113 2020] [php7:error] [pid 4292:tid 1360] [client 109.248.236.100:41503] script 'C:/home/mainframe.co.nz/index2.php' not found or unable to stat
[Wed Oct 21 03:37:47.121306 2020] [php7:error] [pid 4292:tid 1360] [client 109.248.236.100:41799] script 'C:/home/mainframe.co.nz/mils.php' not found or unable to stat
[Wed Oct 21 03:39:32.735224 2020] [php7:error] [pid 4292:tid 1392] [client 109.248.236.100:43280] script 'C:/home/mainframe.co.nz/.libs.php' not found or unable to stat
[Wed Oct 21 03:39:43.119798 2020] [php7:error] [pid 4292:tid 1360] [client 109.248.236.100:43426] script 'C:/home/mainframe.co.nz/index2.php' not found or unable to stat
[Wed Oct 21 03:40:03.845184 2020] [php7:error] [pid 4292:tid 1452] [client 109.248.236.100:43715] script 'C:/home/mainframe.co.nz/mils.php' not found or unable to stat
[Wed Oct 21 03:41:49.084179 2020] [php7:error] [pid 4292:tid 1232] [client 109.248.236.100:45184] script 'C:/home/mainframe.co.nz/.libs.php' not found or unable to stat
[Wed Oct 21 03:41:59.429587 2020] [php7:error] [pid 4292:tid 1448] [client 109.248.236.100:45319] script 'C:/home/mainframe.co.nz/index2.php' not found or unable to stat
[Wed Oct 21 03:42:20.162301 2020] [php7:error] [pid 4292:tid 1368] [client 109.248.236.100:45599] script 'C:/home/mainframe.co.nz/logs/mils.php' not found or unable to stat
[Wed Oct 21 03:43:27.792268 2020] [php7:error] [pid 4292:tid 1232] [client 109.248.236.100:46528] script 'C:/home/mainframe.co.nz/.libs.php' not found or unable to stat
[Wed Oct 21 03:43:38.135653 2020] [php7:error] [pid 4292:tid 1368] [client 109.248.236.100:46662] script 'C:/home/mainframe.co.nz/index2.php' not found or unable to stat
[Wed Oct 21 03:43:58.869715 2020] [php7:error] [pid 4292:tid 1232] [client 109.248.236.100:46948] script 'C:/home/mainframe.co.nz/mils.php' not found or unable to stat
[Wed Oct 21 03:44:08.416706 2020] [php7:error] [pid 4292:tid 1232] [client 109.248.236.100:47079] script 'C:/home/mainframe.co.nz/.libs.php' not found or unable to stat
[Wed Oct 21 03:44:18.776154 2020] [php7:error] [pid 4292:tid 1392] [client 109.248.236.100:47223] script 'C:/home/mainframe.co.nz/index2.php' not found or unable to stat
[Wed Oct 21 03:44:39.480645 2020] [php7:error] [pid 4292:tid 1448] [client 109.248.236.100:47505] script 'C:/home/mainframe.co.nz/mils.php' not found or unable to stat
[Wed Oct 21 03:45:44.138882 2020] [php7:error] [pid 4292:tid 1432] [client 109.248.236.100:52783] script 'C:/home/mainframe.co.nz/.libs.php' not found or unable to stat
[Wed Oct 21 03:45:54.497989 2020] [php7:error] [pid 4292:tid 1432] [client 109.248.236.100:52929] script 'C:/home/mainframe.co.nz/index2.php' not found or unable to stat
[Wed Oct 21 03:46:15.232655 2020] [php7:error] [pid 4292:tid 1432] [client 109.248.236.100:53195] script 'C:/home/mainframe.co.nz/mils.php' not found or unable to stat
[Wed Oct 21 03:48:00.472368 2020] [php7:error] [pid 4292:tid 1452] [client 109.248.236.100:54597] script 'C:/home/mainframe.co.nz/.libs.php' not found or unable to stat
[Wed Oct 21 03:48:10.830893 2020] [php7:error] [pid 4292:tid 1452] [client 109.248.236.100:54742] script 'C:/home/mainframe.co.nz/index2.php' not found or unable to stat
[Wed Oct 21 03:48:31.573858 2020] [php7:error] [pid 4292:tid 1452] [client 109.248.236.100:55021] script 'C:/home/mainframe.co.nz/logs/mils.php' not found or unable to stat
[Wed Oct 21 03:50:16.980670 2020] [php7:error] [pid 4292:tid 1432] [client 109.248.236.100:56468] script 'C:/home/mainframe.co.nz/.libs.php' not found or unable to stat
[Wed Oct 21 03:50:27.341552 2020] [php7:error] [pid 4292:tid 1392] [client 109.248.236.100:56605] script 'C:/home/mainframe.co.nz/index2.php' not found or unable to stat
[Wed Oct 21 03:50:48.072315 2020] [php7:error] [pid 4292:tid 1452] [client 109.248.236.100:56890] script 'C:/home/mainframe.co.nz/mils.php' not found or unable to stat
[Wed Oct 21 05:10:44.197372 2020] [php7:error] [pid 4292:tid 1356] [client 185.4.142.67:58954] script 'C:/home/mainframe.co.nz/index2.php' not found or unable to stat
[Wed Oct 21 05:10:49.400574 2020] [php7:error] [pid 4292:tid 1376] [client 185.4.142.67:59104] script 'C:/home/mainframe.co.nz/index2.php' not found or unable to stat
[Wed Oct 21 05:11:31.152402 2020] [php7:error] [pid 4292:tid 1448] [client 185.4.142.67:60100] script 'C:/home/mainframe.co.nz/index2.php' not found or unable to stat
[Wed Oct 21 05:11:36.355164 2020] [php7:error] [pid 4292:tid 1232] [client 185.4.142.67:60192] script 'C:/home/mainframe.co.nz/index2.php' not found or unable to stat
[Wed Oct 21 12:56:08.942336 2020] [php7:error] [pid 4292:tid 1420] [client 104.248.70.30:45932] script 'C:/home/mainframe.co.nz/baindex.php' not found or unable to stat, referer: mainframe.co.nz
[Wed Oct 21 13:07:32.303452 2020] [php7:error] [pid 4292:tid 1344] [client 88.208.193.166:53642] script 'C:/home/mainframe.co.nz/ajax-index.php' not found or unable to stat, referer: mainframe.co.nz
[Wed Oct 21 13:23:19.368258 2020] [php7:error] [pid 4292:tid 1432] [client 204.111.241.7:40230] script 'C:/home/mainframe.co.nz/index.php' not found or unable to stat, referer: mainframe.co.nz
[Wed Oct 21 17:52:34.647679 2020] [php7:error] [pid 4292:tid 1356] [client 13.76.152.182:41998] script 'C:/home/mainframe.co.nz/index2.php' not found or unable to stat
[Wed Oct 21 17:53:14.848458 2020] [php7:error] [pid 4292:tid 1344] [client 13.76.152.182:43420] script 'C:/home/mainframe.co.nz/index2.php' not found or unable to stat
[Wed Oct 21 17:53:55.021491 2020] [php7:error] [pid 4292:tid 1344] [client 13.76.152.182:44898] script 'C:/home/mainframe.co.nz/index2.php' not found or unable to stat
[Wed Oct 21 17:54:35.195302 2020] [php7:error] [pid 4292:tid 1248] [client 13.76.152.182:46200] script 'C:/home/mainframe.co.nz/index2.php' not found or unable to stat
[Wed Oct 21 18:12:03.308219 2020] [php7:error] [pid 4292:tid 1344] [client 13.76.152.182:50512] script 'C:/home/mainframe.co.nz/index2.php' not found or unable to stat
[Wed Oct 21 18:12:43.465853 2020] [php7:error] [pid 4292:tid 1416] [client 13.76.152.182:51646] script 'C:/home/mainframe.co.nz/index2.php' not found or unable to stat
[Wed Oct 21 18:13:23.656348 2020] [php7:error] [pid 4292:tid 1392] [client 13.76.152.182:52754] script 'C:/home/mainframe.co.nz/index2.php' not found or unable to stat
[Wed Oct 21 18:14:03.828103 2020] [php7:error] [pid 4292:tid 1416] [client 13.76.152.182:53934] script 'C:/home/mainframe.co.nz/index2.php' not found or unable to stat
[Wed Oct 21 18:38:09.487992 2020] [php7:error] [pid 4292:tid 1408] [client 13.75.214.62:35126] script 'C:/home/mainframe.co.nz/index2.php' not found or unable to stat
[Wed Oct 21 18:38:49.036644 2020] [php7:error] [pid 4292:tid 1356] [client 13.75.214.62:35772] script 'C:/home/mainframe.co.nz/index2.php' not found or unable to stat
[Wed Oct 21 18:39:28.585311 2020] [php7:error] [pid 4292:tid 1356] [client 13.75.214.62:36384] script 'C:/home/mainframe.co.nz/index2.php' not found or unable to stat
[Wed Oct 21 18:40:08.148296 2020] [php7:error] [pid 4292:tid 1408] [client 13.75.214.62:37074] script 'C:/home/mainframe.co.nz/index2.php' not found or unable to stat
[Wed Oct 21 20:40:43.739467 2020] [php7:error] [pid 4292:tid 1408] [client 193.142.146.202:57814] script 'C:/home/mainframe.co.nz/wp-login.php' not found or unable to stat
[Wed Oct 21 23:23:53.324845 2020] [php7:error] [pid 4292:tid 1416] [client 198.100.145.152:65530] script 'C:/home/mainframe.co.nz/wp-login.php' not found or unable to stat
[Thu Oct 22 02:55:19.712555 2020] [core:error] [pid 4292:tid 1300] (20024)The given path is misformatted or contained invalid characters: [client 114.119.146.7:58460] AH00127: Cannot map GET /mailto:sales%40mainframe.co.nz HTTP/1.1 to file
[Fri Oct 23 02:50:16.973228 2020] [php7:error] [pid 4292:tid 1300] [client 103.133.215.101:51632] script 'C:/home/mainframe.co.nz/wp-login.php' not found or unable to stat
[Fri Oct 23 10:15:33.329100 2020] [core:error] [pid 4292:tid 1416] (20024)The given path is misformatted or contained invalid characters: [client 114.119.154.11:25720] AH00127: Cannot map GET /mailto:sales%40mainframe.co.nz HTTP/1.1 to file
[Sat Oct 24 04:30:11.582603 2020] [php7:error] [pid 4292:tid 1404] [client 144.76.171.175:51976] script 'C:/home/mainframe.co.nz/wp-login.php' not found or unable to stat
[Sat Oct 24 19:50:55.868586 2020] [php7:error] [pid 4292:tid 1392] [client 88.99.89.233:39934] script 'C:/home/mainframe.co.nz/wikindex.php' not found or unable to stat, referer: mainframe.co.nz
[Sat Oct 24 19:53:57.343915 2020] [php7:error] [pid 4292:tid 1416] [client 54.36.246.232:40652] script 'C:/home/mainframe.co.nz/index.php' not found or unable to stat, referer: mainframe.co.nz
[Sun Oct 25 10:46:09.661414 2020] [php7:error] [pid 4292:tid 1372] [client 37.6.2.44:33097] script 'C:/home/mainframe.co.nz/index.php' not found or unable to stat
[Sun Oct 25 19:12:15.071147 2020] [php7:error] [pid 4292:tid 1384] [client 178.62.1.145:43432] script 'C:/home/mainframe.co.nz/wp-login.php' not found or unable to stat
[Mon Oct 26 12:07:42.142544 2020] [php7:error] [pid 4292:tid 1228] [client 185.66.233.61:48822] script 'C:/home/mainframe.co.nz/wp-login.php' not found or unable to stat
[Tue Oct 27 17:30:34.103243 2020] [php7:error] [pid 4292:tid 1252] [client 46.101.120.8:40826] script 'C:/home/mainframe.co.nz/wp-login.php' not found or unable to stat
[Tue Oct 27 17:30:34.103243 2020] [php7:error] [pid 4292:tid 1436] [client 46.101.120.8:40830] script 'C:/home/mainframe.co.nz/wp-login.php' not found or unable to stat
[Tue Oct 27 17:30:34.103243 2020] [php7:error] [pid 4292:tid 1356] [client 46.101.120.8:40828] script 'C:/home/mainframe.co.nz/wp-login.php' not found or unable to stat
[Tue Oct 27 17:30:34.117671 2020] [php7:error] [pid 4292:tid 1332] [client 46.101.120.8:40822] script 'C:/home/mainframe.co.nz/wp-login.php' not found or unable to stat
[Tue Oct 27 17:30:34.117671 2020] [php7:error] [pid 4292:tid 1456] [client 46.101.120.8:40824] script 'C:/home/mainframe.co.nz/wp-login.php' not found or unable to stat
[Wed Oct 28 11:13:37.467956 2020] [php7:error] [pid 4292:tid 1600] [client 193.27.229.26:45170] script 'C:/home/mainframe.co.nz/index.php' not found or unable to stat
[Wed Oct 28 15:32:49.027890 2020] [php7:error] [pid 4292:tid 1380] [client 188.166.233.216:60144] script 'C:/home/mainframe.co.nz/wp-login.php' not found or unable to stat
[Thu Oct 29 03:15:27.708706 2020] [php7:error] [pid 4292:tid 1384] [client 51.75.252.237:45460] script 'C:/home/mainframe.co.nz/wp-login.php' not found or unable to stat
[Fri Oct 30 19:57:16.278027 2020] [php7:error] [pid 4292:tid 1392] [client 158.69.38.243:56626] script 'C:/home/mainframe.co.nz/xmlrpc.php' not found or unable to stat
[Sat Oct 31 01:13:46.822590 2020] [core:error] [pid 4292:tid 1392] (20024)The given path is misformatted or contained invalid characters: [client 114.119.129.211:2512] AH00127: Cannot map GET /mailto:sales%40mainframe.co.nz HTTP/1.1 to file
[Sun Nov 01 02:39:47.225042 2020] [php7:error] [pid 4292:tid 1600] [client 34.68.125.183:50536] script 'C:/home/mainframe.co.nz/wp-login.php' not found or unable to stat
[Mon Nov 02 19:30:15.971905 2020] [php7:error] [pid 4292:tid 1336] [client 122.201.97.17:39190] script 'C:/home/mainframe.co.nz/baindex.php' not found or unable to stat, referer: mainframe.co.nz
[Mon Nov 02 19:33:28.968273 2020] [php7:error] [pid 4292:tid 1456] [client 122.201.97.17:49772] script 'C:/home/mainframe.co.nz/wikindex.php' not found or unable to stat, referer: mainframe.co.nz
[Mon Nov 02 20:34:10.869833 2020] [php7:error] [pid 4292:tid 1276] [client 178.20.156.72:37771] script 'C:/home/mainframe.co.nz/index.php' not found or unable to stat, referer: mainframe.co.nz
[Mon Nov 02 20:38:58.761300 2020] [php7:error] [pid 4292:tid 1388] [client 125.253.125.138:33834] script 'C:/home/mainframe.co.nz/index.php' not found or unable to stat, referer: mainframe.co.nz
[Tue Nov 03 21:39:22.204080 2020] [php7:error] [pid 4292:tid 1328] [client 165.227.222.220:38945] script 'C:/home/mainframe.co.nz/mm.php' not found or unable to stat, referer: mainframe.co.nz
[Tue Nov 03 23:04:47.455262 2020] [php7:error] [pid 4292:tid 1424] [client 206.189.24.121:58863] script 'C:/home/mainframe.co.nz/about.php' not found or unable to stat, referer: mainframe.co.nz
[Tue Nov 03 23:05:03.935947 2020] [php7:error] [pid 4292:tid 1452] [client 206.189.24.121:59352] script 'C:/home/mainframe.co.nz/n1.php' not found or unable to stat, referer: mainframe.co.nz
[Wed Nov 04 08:02:58.498132 2020] [php7:error] [pid 4292:tid 1380] [client 208.109.11.224:58644] script 'C:/home/mainframe.co.nz/wp-login.php' not found or unable to stat
[Wed Nov 04 11:19:45.986874 2020] [php7:error] [pid 4292:tid 1404] [client 52.209.182.7:51882] script 'C:/home/mainframe.co.nz/xmlrpc.php' not found or unable to stat
[Wed Nov 04 13:58:00.882842 2020] [php7:error] [pid 4292:tid 1320] [client 62.210.75.68:43760] script 'C:/home/mainframe.co.nz/wp-login.php' not found or unable to stat
[Fri Nov 06 05:00:15.855590 2020] [php7:error] [pid 4292:tid 1444] [client 139.155.2.218:54053] script 'C:/home/mainframe.co.nz/wp-login.php' not found or unable to stat
[Fri Nov 06 10:05:50.372254 2020] [php7:error] [pid 4292:tid 1320] [client 51.254.122.124:43464] script 'C:/home/mainframe.co.nz/wp-comments-post.php' not found or unable to stat, referer: mainframe.co.nz
[Sat Nov 07 00:13:19.278155 2020] [php7:error] [pid 4292:tid 1600] [client 192.232.245.84:59202] script 'C:/home/mainframe.co.nz/index2.php' not found or unable to stat
[Sat Nov 07 00:13:55.934178 2020] [php7:error] [pid 4292:tid 1316] [client 192.232.245.84:60872] script 'C:/home/mainframe.co.nz/index2.php' not found or unable to stat
[Sat Nov 07 00:14:32.720301 2020] [php7:error] [pid 4292:tid 1324] [client 192.232.245.84:34292] script 'C:/home/mainframe.co.nz/index2.php' not found or unable to stat
[Sat Nov 07 00:15:09.642061 2020] [php7:error] [pid 4292:tid 1316] [client 192.232.245.84:36408] script 'C:/home/mainframe.co.nz/index2.php' not found or unable to stat
[Sat Nov 07 00:38:54.566714 2020] [php7:error] [pid 4292:tid 1324] [client 192.232.245.84:53948] script 'C:/home/mainframe.co.nz/index2.php' not found or unable to stat
[Sat Nov 07 00:39:31.146765 2020] [php7:error] [pid 4292:tid 1240] [client 192.232.245.84:56018] script 'C:/home/mainframe.co.nz/index2.php' not found or unable to stat
[Sat Nov 07 00:40:07.728537 2020] [php7:error] [pid 4292:tid 1348] [client 192.232.245.84:58086] script 'C:/home/mainframe.co.nz/index2.php' not found or unable to stat
[Sat Nov 07 00:40:44.523672 2020] [php7:error] [pid 4292:tid 1240] [client 192.232.245.84:60062] script 'C:/home/mainframe.co.nz/index2.php' not found or unable to stat
[Sun Nov 08 09:21:25.556515 2020] [core:error] [pid 4292:tid 1272] (20024)The given path is misformatted or contained invalid characters: [client 114.119.154.11:47128] AH00127: Cannot map GET /mailto:sales%40mainframe.co.nz HTTP/1.1 to file
[Sun Nov 08 14:02:58.515589 2020] [php7:error] [pid 4292:tid 1324] [client 51.38.41.239:43412] script 'C:/home/mainframe.co.nz/wp-login.php' not found or unable to stat
