[Mon Feb 01 18:21:36.078076 2021] [php7:error] [pid 3684:tid 1380] [client 3.137.217.124:57084] script 'C:/home/mainframe.co.nz/xmlrpc.php' not found or unable to stat
[Mon Feb 01 18:26:21.711518 2021] [php7:error] [pid 3684:tid 1380] [client 209.151.194.156:33590] script 'C:/home/mainframe.co.nz/index2.php' not found or unable to stat
[Mon Feb 01 18:26:58.306821 2021] [php7:error] [pid 3684:tid 1380] [client 209.151.194.156:33742] script 'C:/home/mainframe.co.nz/index2.php' not found or unable to stat
[Mon Feb 01 18:27:34.275729 2021] [php7:error] [pid 3684:tid 1380] [client 209.151.194.156:33894] script 'C:/home/mainframe.co.nz/index2.php' not found or unable to stat
[Mon Feb 01 18:28:10.558488 2021] [php7:error] [pid 3684:tid 1280] [client 209.151.194.156:34044] script 'C:/home/mainframe.co.nz/index2.php' not found or unable to stat
[Tue Feb 02 06:03:01.929926 2021] [php7:error] [pid 3684:tid 1464] [client 72.167.227.158:46084] script 'C:/home/mainframe.co.nz/index2.php' not found or unable to stat
[Tue Feb 02 06:03:06.992996 2021] [php7:error] [pid 3684:tid 1464] [client 72.167.227.158:46138] script 'C:/home/mainframe.co.nz/index2.php' not found or unable to stat
[Tue Feb 02 06:04:10.619182 2021] [php7:error] [pid 3684:tid 1412] [client 72.167.227.158:46724] script 'C:/home/mainframe.co.nz/index2.php' not found or unable to stat
[Tue Feb 02 06:04:15.619202 2021] [php7:error] [pid 3684:tid 1412] [client 72.167.227.158:46762] script 'C:/home/mainframe.co.nz/index2.php' not found or unable to stat
[Tue Feb 02 20:57:29.466313 2021] [php7:error] [pid 3684:tid 1444] [client 118.26.37.106:43170] script 'C:/home/mainframe.co.nz/kefu.php' not found or unable to stat
[Wed Feb 03 00:36:01.652464 2021] [php7:error] [pid 3684:tid 1444] [client 40.88.125.131:63719] script 'C:/home/mainframe.co.nz/xmlrpc.php' not found or unable to stat
[Wed Feb 03 00:45:48.577314 2021] [php7:error] [pid 3684:tid 1444] [client 40.88.125.131:61631] script 'C:/home/mainframe.co.nz/xmlrpc.php' not found or unable to stat
[Wed Feb 03 00:52:10.385572 2021] [php7:error] [pid 3684:tid 1480] [client 40.88.125.131:52011] script 'C:/home/mainframe.co.nz/xmlrpc.php' not found or unable to stat
[Wed Feb 03 02:40:06.475508 2021] [php7:error] [pid 3684:tid 1312] [client 162.241.253.174:34268] script 'C:/home/mainframe.co.nz/index2.php' not found or unable to stat
[Wed Feb 03 02:40:11.569281 2021] [php7:error] [pid 3684:tid 1312] [client 162.241.253.174:34498] script 'C:/home/mainframe.co.nz/index2.php' not found or unable to stat
[Wed Feb 03 02:41:01.837545 2021] [php7:error] [pid 3684:tid 1052] [client 162.241.253.174:35726] script 'C:/home/mainframe.co.nz/index2.php' not found or unable to stat
[Wed Feb 03 02:41:06.915689 2021] [php7:error] [pid 3684:tid 1052] [client 162.241.253.174:35866] script 'C:/home/mainframe.co.nz/index2.php' not found or unable to stat
[Wed Feb 03 05:15:24.098264 2021] [php7:error] [pid 3684:tid 1328] [client 138.91.59.68:47128] script 'C:/home/mainframe.co.nz/index2.php' not found or unable to stat
[Wed Feb 03 05:16:01.067390 2021] [php7:error] [pid 3684:tid 1368] [client 138.91.59.68:47820] script 'C:/home/mainframe.co.nz/index2.php' not found or unable to stat
[Wed Feb 03 05:16:37.784953 2021] [php7:error] [pid 3684:tid 1168] [client 138.91.59.68:48498] script 'C:/home/mainframe.co.nz/index2.php' not found or unable to stat
[Wed Feb 03 05:17:15.097689 2021] [php7:error] [pid 3684:tid 1480] [client 138.91.59.68:49208] script 'C:/home/mainframe.co.nz/index2.php' not found or unable to stat
[Wed Feb 03 07:20:07.109208 2021] [php7:error] [pid 3684:tid 1480] [client 40.88.125.131:49724] script 'C:/home/mainframe.co.nz/xmlrpc.php' not found or unable to stat
[Wed Feb 03 09:58:14.128218 2021] [php7:error] [pid 3684:tid 1468] [client 119.18.52.177:56562] script 'C:/home/mainframe.co.nz/wp-login.php' not found or unable to stat
[Thu Feb 04 00:11:36.828317 2021] [php7:error] [pid 3684:tid 1380] [client 54.178.182.46:21398] script 'C:/home/mainframe.co.nz/wp-login.php' not found or unable to stat
[Thu Feb 04 11:53:25.594367 2021] [php7:error] [pid 3684:tid 1388] [client 125.137.18.111:49290] script 'C:/home/mainframe.co.nz/wp-login.php' not found or unable to stat
[Thu Feb 04 19:22:18.085192 2021] [php7:error] [pid 3684:tid 1064] [client 192.254.146.23:45256] script 'C:/home/mainframe.co.nz/index2.php' not found or unable to stat
[Thu Feb 04 19:22:54.399298 2021] [php7:error] [pid 3684:tid 1464] [client 192.254.146.23:46426] script 'C:/home/mainframe.co.nz/index2.php' not found or unable to stat
[Thu Feb 04 19:23:30.727632 2021] [php7:error] [pid 3684:tid 1064] [client 192.254.146.23:47596] script 'C:/home/mainframe.co.nz/index2.php' not found or unable to stat
[Thu Feb 04 19:24:07.028033 2021] [php7:error] [pid 3684:tid 1064] [client 192.254.146.23:48632] script 'C:/home/mainframe.co.nz/index2.php' not found or unable to stat
[Thu Feb 04 19:42:25.798997 2021] [php7:error] [pid 3684:tid 1096] [client 192.254.146.23:58026] script 'C:/home/mainframe.co.nz/index2.php' not found or unable to stat
[Thu Feb 04 19:43:02.112434 2021] [php7:error] [pid 3684:tid 1168] [client 192.254.146.23:59246] script 'C:/home/mainframe.co.nz/index2.php' not found or unable to stat
[Thu Feb 04 19:43:38.425101 2021] [php7:error] [pid 3684:tid 1040] [client 192.254.146.23:60430] script 'C:/home/mainframe.co.nz/index2.php' not found or unable to stat
[Thu Feb 04 19:44:14.740191 2021] [php7:error] [pid 3684:tid 1040] [client 192.254.146.23:33436] script 'C:/home/mainframe.co.nz/index2.php' not found or unable to stat
[Thu Feb 04 21:12:17.239517 2021] [php7:error] [pid 3684:tid 1288] [client 217.182.175.112:59684] script 'C:/home/mainframe.co.nz/wikindex.php' not found or unable to stat, referer: mainframe.co.nz
[Thu Feb 04 21:12:18.130140 2021] [php7:error] [pid 3684:tid 1288] [client 217.182.175.112:59740] script 'C:/home/mainframe.co.nz/baindex.php' not found or unable to stat, referer: mainframe.co.nz
[Fri Feb 05 09:51:36.086505 2021] [php7:error] [pid 3684:tid 1420] [client 192.254.146.23:41750] script 'C:/home/mainframe.co.nz/index2.php' not found or unable to stat
[Fri Feb 05 09:52:12.417196 2021] [php7:error] [pid 3684:tid 1456] [client 192.254.146.23:43200] script 'C:/home/mainframe.co.nz/index2.php' not found or unable to stat
[Fri Feb 05 09:52:48.729904 2021] [php7:error] [pid 3684:tid 1312] [client 192.254.146.23:44554] script 'C:/home/mainframe.co.nz/index2.php' not found or unable to stat
[Fri Feb 05 09:53:25.044695 2021] [php7:error] [pid 3684:tid 1456] [client 192.254.146.23:45960] script 'C:/home/mainframe.co.nz/index2.php' not found or unable to stat
[Fri Feb 05 10:12:07.683016 2021] [php7:error] [pid 3684:tid 1328] [client 192.254.146.23:36618] script 'C:/home/mainframe.co.nz/index2.php' not found or unable to stat
[Fri Feb 05 10:12:47.058192 2021] [php7:error] [pid 3684:tid 1048] [client 192.254.146.23:38212] script 'C:/home/mainframe.co.nz/index2.php' not found or unable to stat
[Fri Feb 05 10:13:23.528504 2021] [php7:error] [pid 3684:tid 1048] [client 192.254.146.23:39856] script 'C:/home/mainframe.co.nz/index2.php' not found or unable to stat
[Fri Feb 05 10:13:59.841165 2021] [php7:error] [pid 3684:tid 1048] [client 192.254.146.23:41366] script 'C:/home/mainframe.co.nz/index2.php' not found or unable to stat
[Fri Feb 05 15:29:47.985465 2021] [php7:error] [pid 3684:tid 1160] [client 95.217.199.37:56561] script 'C:/home/mainframe.co.nz/adminer.php' not found or unable to stat
[Fri Feb 05 21:25:47.154967 2021] [php7:error] [pid 3684:tid 1160] [client 46.105.243.22:44990] script 'C:/home/mainframe.co.nz/wp-login.php' not found or unable to stat
[Sat Feb 06 10:12:00.379302 2021] [php7:error] [pid 3684:tid 1160] [client 91.121.89.79:45484] script 'C:/home/mainframe.co.nz/wp-login.php' not found or unable to stat
[Sat Feb 06 15:00:22.615710 2021] [php7:error] [pid 3684:tid 1112] [client 13.53.208.18:43304] script 'C:/home/mainframe.co.nz/wp-login.php' not found or unable to stat
[Sat Feb 06 15:16:27.810377 2021] [php7:error] [pid 3684:tid 1240] [client 37.187.32.109:45038] script 'C:/home/mainframe.co.nz/.libs.php' not found or unable to stat
[Sat Feb 06 15:16:33.044773 2021] [php7:error] [pid 3684:tid 1432] [client 37.187.32.109:45098] script 'C:/home/mainframe.co.nz/index2.php' not found or unable to stat
[Sat Feb 06 15:16:43.419965 2021] [php7:error] [pid 3684:tid 1368] [client 37.187.32.109:45252] script 'C:/home/mainframe.co.nz/mils.php' not found or unable to stat
[Sat Feb 06 15:17:21.327693 2021] [php7:error] [pid 3684:tid 1432] [client 37.187.32.109:45843] script 'C:/home/mainframe.co.nz/.libs.php' not found or unable to stat
[Sat Feb 06 15:17:26.515206 2021] [php7:error] [pid 3684:tid 1368] [client 37.187.32.109:45932] script 'C:/home/mainframe.co.nz/index2.php' not found or unable to stat
[Sat Feb 06 15:17:36.890378 2021] [php7:error] [pid 3684:tid 1152] [client 37.187.32.109:46098] script 'C:/home/mainframe.co.nz/mils.php' not found or unable to stat
[Sat Feb 06 15:18:14.642785 2021] [php7:error] [pid 3684:tid 1368] [client 37.187.32.109:46696] script 'C:/home/mainframe.co.nz/.libs.php' not found or unable to stat
[Sat Feb 06 15:18:19.845936 2021] [php7:error] [pid 3684:tid 1368] [client 37.187.32.109:46770] script 'C:/home/mainframe.co.nz/index2.php' not found or unable to stat
[Sat Feb 06 15:18:30.267865 2021] [php7:error] [pid 3684:tid 1240] [client 37.187.32.109:46962] script 'C:/home/mainframe.co.nz/logs/mils.php' not found or unable to stat
[Sat Feb 06 15:19:08.081928 2021] [php7:error] [pid 3684:tid 1152] [client 37.187.32.109:47530] script 'C:/home/mainframe.co.nz/.libs.php' not found or unable to stat
[Sat Feb 06 15:19:13.269463 2021] [php7:error] [pid 3684:tid 1152] [client 37.187.32.109:47605] script 'C:/home/mainframe.co.nz/index2.php' not found or unable to stat
[Sat Feb 06 15:19:23.644510 2021] [php7:error] [pid 3684:tid 1152] [client 37.187.32.109:47772] script 'C:/home/mainframe.co.nz/mils.php' not found or unable to stat
[Sat Feb 06 15:43:59.689880 2021] [php7:error] [pid 3684:tid 1368] [client 37.187.32.109:40725] script 'C:/home/mainframe.co.nz/.libs.php' not found or unable to stat
[Sat Feb 06 15:44:04.877487 2021] [php7:error] [pid 3684:tid 1240] [client 37.187.32.109:40798] script 'C:/home/mainframe.co.nz/index2.php' not found or unable to stat
[Sat Feb 06 15:44:15.252458 2021] [php7:error] [pid 3684:tid 1480] [client 37.187.32.109:40918] script 'C:/home/mainframe.co.nz/mils.php' not found or unable to stat
[Sat Feb 06 15:44:53.049511 2021] [php7:error] [pid 3684:tid 1480] [client 37.187.32.109:41433] script 'C:/home/mainframe.co.nz/.libs.php' not found or unable to stat
[Sat Feb 06 15:44:58.223099 2021] [php7:error] [pid 3684:tid 1152] [client 37.187.32.109:41530] script 'C:/home/mainframe.co.nz/index2.php' not found or unable to stat
[Sat Feb 06 15:45:08.629411 2021] [php7:error] [pid 3684:tid 1152] [client 37.187.32.109:41676] script 'C:/home/mainframe.co.nz/mils.php' not found or unable to stat
[Sat Feb 06 15:45:46.379581 2021] [php7:error] [pid 3684:tid 1368] [client 37.187.32.109:42190] script 'C:/home/mainframe.co.nz/.libs.php' not found or unable to stat
[Sat Feb 06 15:45:51.567121 2021] [php7:error] [pid 3684:tid 1432] [client 37.187.32.109:42249] script 'C:/home/mainframe.co.nz/index2.php' not found or unable to stat
[Sat Feb 06 15:46:01.943667 2021] [php7:error] [pid 3684:tid 1432] [client 37.187.32.109:42389] script 'C:/home/mainframe.co.nz/logs/mils.php' not found or unable to stat
[Sat Feb 06 15:46:39.709471 2021] [php7:error] [pid 3684:tid 1432] [client 37.187.32.109:42870] script 'C:/home/mainframe.co.nz/.libs.php' not found or unable to stat
[Sat Feb 06 15:46:44.881383 2021] [php7:error] [pid 3684:tid 1432] [client 37.187.32.109:42925] script 'C:/home/mainframe.co.nz/index2.php' not found or unable to stat
[Sat Feb 06 15:46:55.274533 2021] [php7:error] [pid 3684:tid 1432] [client 37.187.32.109:43102] script 'C:/home/mainframe.co.nz/mils.php' not found or unable to stat
[Sun Feb 07 01:47:29.433918 2021] [php7:error] [pid 3684:tid 1000] [client 52.15.212.3:1100] script 'C:/home/mainframe.co.nz/wp-login.php' not found or unable to stat
[Mon Feb 08 02:05:59.141222 2021] [php7:error] [pid 3684:tid 1340] [client 88.208.222.70:44760] script 'C:/home/mainframe.co.nz/.libs.php' not found or unable to stat
[Mon Feb 08 02:05:59.484969 2021] [php7:error] [pid 3684:tid 1340] [client 88.208.222.70:44844] script 'C:/home/mainframe.co.nz/gen.php' not found or unable to stat
[Mon Feb 08 02:06:22.547588 2021] [php7:error] [pid 3684:tid 1152] [client 88.208.222.70:50596] script 'C:/home/mainframe.co.nz/.libs.php' not found or unable to stat
[Mon Feb 08 02:06:23.188206 2021] [php7:error] [pid 3684:tid 1152] [client 88.208.222.70:50758] script 'C:/home/mainframe.co.nz/gen.php' not found or unable to stat
[Mon Feb 08 06:36:49.893604 2021] [php7:error] [pid 3684:tid 1008] [client 35.178.16.1:64104] script 'C:/home/mainframe.co.nz/wp-login.php' not found or unable to stat
[Mon Feb 08 15:43:24.032072 2021] [php7:error] [pid 3684:tid 1088] [client 23.101.48.194:44208] script 'C:/home/mainframe.co.nz/index2.php' not found or unable to stat
[Mon Feb 08 15:44:01.236723 2021] [php7:error] [pid 3684:tid 1096] [client 23.101.48.194:45530] script 'C:/home/mainframe.co.nz/index2.php' not found or unable to stat
[Mon Feb 08 15:44:37.799384 2021] [php7:error] [pid 3684:tid 1368] [client 23.101.48.194:46720] script 'C:/home/mainframe.co.nz/index2.php' not found or unable to stat
[Mon Feb 08 15:45:15.472773 2021] [php7:error] [pid 3684:tid 1404] [client 23.101.48.194:48028] script 'C:/home/mainframe.co.nz/index2.php' not found or unable to stat
[Mon Feb 08 16:20:12.037442 2021] [php7:error] [pid 3684:tid 1208] [client 23.101.48.194:53020] script 'C:/home/mainframe.co.nz/index2.php' not found or unable to stat
[Mon Feb 08 16:20:49.443882 2021] [php7:error] [pid 3684:tid 1208] [client 23.101.48.194:54002] script 'C:/home/mainframe.co.nz/index2.php' not found or unable to stat
[Mon Feb 08 16:21:27.976769 2021] [php7:error] [pid 3684:tid 1260] [client 23.101.48.194:54946] script 'C:/home/mainframe.co.nz/index2.php' not found or unable to stat
[Mon Feb 08 16:22:04.525173 2021] [php7:error] [pid 3684:tid 1240] [client 23.101.48.194:55888] script 'C:/home/mainframe.co.nz/index2.php' not found or unable to stat
[Mon Feb 08 19:30:08.774353 2021] [php7:error] [pid 3684:tid 1340] [client 52.52.190.187:24952] script 'C:/home/mainframe.co.nz/wp-login.php' not found or unable to stat
[Tue Feb 09 16:00:01.489030 2021] [php7:error] [pid 3684:tid 1208] [client 52.52.190.187:18625] script 'C:/home/mainframe.co.nz/wp-login.php' not found or unable to stat
[Wed Feb 10 08:39:31.208935 2021] [php7:error] [pid 3684:tid 1208] [client 54.250.87.247:42727] script 'C:/home/mainframe.co.nz/wp-login.php' not found or unable to stat
[Wed Feb 10 10:54:00.241912 2021] [php7:error] [pid 3684:tid 1040] [client 159.65.162.186:39636] script 'C:/home/mainframe.co.nz/wikindex.php' not found or unable to stat, referer: mainframe.co.nz
[Wed Feb 10 10:58:03.000597 2021] [php7:error] [pid 3684:tid 1000] [client 159.65.162.186:52396] script 'C:/home/mainframe.co.nz/baindex.php' not found or unable to stat, referer: mainframe.co.nz
[Wed Feb 10 17:37:58.656879 2021] [php7:error] [pid 3684:tid 1096] [client 94.130.134.246:52402] script 'C:/home/mainframe.co.nz/demit.php' not found or unable to stat
[Wed Feb 10 17:38:03.844400 2021] [php7:error] [pid 3684:tid 1096] [client 94.130.134.246:52512] script 'C:/home/mainframe.co.nz/demit.php' not found or unable to stat
[Wed Feb 10 17:38:56.502295 2021] [php7:error] [pid 3684:tid 1096] [client 94.130.134.246:53524] script 'C:/home/mainframe.co.nz/demit.php' not found or unable to stat
[Wed Feb 10 17:39:01.689820 2021] [php7:error] [pid 3684:tid 1380] [client 94.130.134.246:53614] script 'C:/home/mainframe.co.nz/demit.php' not found or unable to stat
[Wed Feb 10 17:39:54.346324 2021] [php7:error] [pid 3684:tid 1072] [client 94.130.134.246:54512] script 'C:/home/mainframe.co.nz/demit.php' not found or unable to stat
[Wed Feb 10 17:39:59.536325 2021] [php7:error] [pid 3684:tid 1072] [client 94.130.134.246:54594] script 'C:/home/mainframe.co.nz/demit.php' not found or unable to stat
[Wed Feb 10 17:40:52.192828 2021] [php7:error] [pid 3684:tid 1380] [client 94.130.134.246:55528] script 'C:/home/mainframe.co.nz/demit.php' not found or unable to stat
[Wed Feb 10 17:40:57.381928 2021] [php7:error] [pid 3684:tid 1088] [client 94.130.134.246:55592] script 'C:/home/mainframe.co.nz/demit.php' not found or unable to stat
[Wed Feb 10 17:52:02.650880 2021] [php7:error] [pid 3684:tid 1208] [client 82.100.220.63:16337] script 'C:/home/mainframe.co.nz/index2.php' not found or unable to stat
[Wed Feb 10 17:52:07.854031 2021] [php7:error] [pid 3684:tid 1208] [client 82.100.220.63:16431] script 'C:/home/mainframe.co.nz/index2.php' not found or unable to stat
[Wed Feb 10 17:53:00.543243 2021] [php7:error] [pid 3684:tid 1364] [client 82.100.220.63:17353] script 'C:/home/mainframe.co.nz/index2.php' not found or unable to stat
[Wed Feb 10 17:53:05.730703 2021] [php7:error] [pid 3684:tid 1208] [client 82.100.220.63:17439] script 'C:/home/mainframe.co.nz/index2.php' not found or unable to stat
[Wed Feb 10 17:53:58.452148 2021] [php7:error] [pid 3684:tid 1088] [client 82.100.220.63:18460] script 'C:/home/mainframe.co.nz/index2.php' not found or unable to stat
[Wed Feb 10 17:54:03.655285 2021] [php7:error] [pid 3684:tid 1072] [client 82.100.220.63:18567] script 'C:/home/mainframe.co.nz/index2.php' not found or unable to stat
[Wed Feb 10 17:54:56.375533 2021] [php7:error] [pid 3684:tid 1380] [client 82.100.220.63:19637] script 'C:/home/mainframe.co.nz/index2.php' not found or unable to stat
[Wed Feb 10 17:55:01.578783 2021] [php7:error] [pid 3684:tid 1380] [client 82.100.220.63:19744] script 'C:/home/mainframe.co.nz/index2.php' not found or unable to stat
[Wed Feb 10 17:58:01.383495 2021] [php7:error] [pid 3684:tid 1220] [client 94.130.134.246:51036] script 'C:/home/mainframe.co.nz/demit.php' not found or unable to stat
[Wed Feb 10 17:58:06.571004 2021] [php7:error] [pid 3684:tid 1220] [client 94.130.134.246:51132] script 'C:/home/mainframe.co.nz/demit.php' not found or unable to stat
[Wed Feb 10 17:58:59.228848 2021] [php7:error] [pid 3684:tid 1220] [client 94.130.134.246:52116] script 'C:/home/mainframe.co.nz/demit.php' not found or unable to stat
[Wed Feb 10 17:59:04.416420 2021] [php7:error] [pid 3684:tid 1220] [client 94.130.134.246:52196] script 'C:/home/mainframe.co.nz/demit.php' not found or unable to stat
[Wed Feb 10 17:59:57.076889 2021] [php7:error] [pid 3684:tid 1072] [client 94.130.134.246:53162] script 'C:/home/mainframe.co.nz/demit.php' not found or unable to stat
[Wed Feb 10 18:00:02.286730 2021] [php7:error] [pid 3684:tid 1072] [client 94.130.134.246:53266] script 'C:/home/mainframe.co.nz/demit.php' not found or unable to stat
[Wed Feb 10 18:00:54.936197 2021] [php7:error] [pid 3684:tid 1104] [client 94.130.134.246:54270] script 'C:/home/mainframe.co.nz/demit.php' not found or unable to stat
[Wed Feb 10 18:01:00.125051 2021] [php7:error] [pid 3684:tid 1104] [client 94.130.134.246:54376] script 'C:/home/mainframe.co.nz/demit.php' not found or unable to stat
[Wed Feb 10 18:08:26.122230 2021] [php7:error] [pid 3684:tid 1104] [client 46.80.43.226:38737] script 'C:/home/mainframe.co.nz/index2.php' not found or unable to stat
[Wed Feb 10 18:08:31.325363 2021] [php7:error] [pid 3684:tid 1104] [client 46.80.43.226:38831] script 'C:/home/mainframe.co.nz/index2.php' not found or unable to stat
[Wed Feb 10 18:09:24.108284 2021] [php7:error] [pid 3684:tid 1380] [client 46.80.43.226:40002] script 'C:/home/mainframe.co.nz/index2.php' not found or unable to stat
[Wed Feb 10 18:09:29.311434 2021] [php7:error] [pid 3684:tid 1364] [client 46.80.43.226:40114] script 'C:/home/mainframe.co.nz/index2.php' not found or unable to stat
[Wed Feb 10 18:10:22.063722 2021] [php7:error] [pid 3684:tid 1384] [client 46.80.43.226:41185] script 'C:/home/mainframe.co.nz/index2.php' not found or unable to stat
[Wed Feb 10 18:10:27.251230 2021] [php7:error] [pid 3684:tid 1096] [client 46.80.43.226:41292] script 'C:/home/mainframe.co.nz/index2.php' not found or unable to stat
[Wed Feb 10 18:11:20.071827 2021] [php7:error] [pid 3684:tid 1288] [client 46.80.43.226:42332] script 'C:/home/mainframe.co.nz/index2.php' not found or unable to stat
[Wed Feb 10 18:11:25.275063 2021] [php7:error] [pid 3684:tid 1288] [client 46.80.43.226:42440] script 'C:/home/mainframe.co.nz/index2.php' not found or unable to stat
[Wed Feb 10 18:12:30.026626 2021] [php7:error] [pid 3684:tid 1072] [client 82.100.220.63:39143] script 'C:/home/mainframe.co.nz/index2.php' not found or unable to stat
[Wed Feb 10 18:12:35.229780 2021] [php7:error] [pid 3684:tid 1096] [client 82.100.220.63:39244] script 'C:/home/mainframe.co.nz/index2.php' not found or unable to stat
[Wed Feb 10 18:13:28.044909 2021] [php7:error] [pid 3684:tid 1096] [client 82.100.220.63:40193] script 'C:/home/mainframe.co.nz/index2.php' not found or unable to stat
[Wed Feb 10 18:13:33.232448 2021] [php7:error] [pid 3684:tid 1096] [client 82.100.220.63:40284] script 'C:/home/mainframe.co.nz/index2.php' not found or unable to stat
[Wed Feb 10 18:14:25.983992 2021] [php7:error] [pid 3684:tid 1272] [client 82.100.220.63:41148] script 'C:/home/mainframe.co.nz/index2.php' not found or unable to stat
[Wed Feb 10 18:14:31.187138 2021] [php7:error] [pid 3684:tid 1088] [client 82.100.220.63:41233] script 'C:/home/mainframe.co.nz/index2.php' not found or unable to stat
[Wed Feb 10 18:15:24.063744 2021] [php7:error] [pid 3684:tid 1272] [client 82.100.220.63:42106] script 'C:/home/mainframe.co.nz/index2.php' not found or unable to stat
[Wed Feb 10 18:15:29.266885 2021] [php7:error] [pid 3684:tid 1112] [client 82.100.220.63:42183] script 'C:/home/mainframe.co.nz/index2.php' not found or unable to stat
[Wed Feb 10 19:01:32.628310 2021] [php7:error] [pid 3684:tid 1380] [client 46.80.43.226:42093] script 'C:/home/mainframe.co.nz/index2.php' not found or unable to stat
[Wed Feb 10 19:01:37.831453 2021] [php7:error] [pid 3684:tid 1380] [client 46.80.43.226:42175] script 'C:/home/mainframe.co.nz/index2.php' not found or unable to stat
[Wed Feb 10 19:02:30.598708 2021] [php7:error] [pid 3684:tid 1380] [client 46.80.43.226:43034] script 'C:/home/mainframe.co.nz/index2.php' not found or unable to stat
[Wed Feb 10 19:02:35.786244 2021] [php7:error] [pid 3684:tid 1380] [client 46.80.43.226:43113] script 'C:/home/mainframe.co.nz/index2.php' not found or unable to stat
[Wed Feb 10 19:03:28.616019 2021] [php7:error] [pid 3684:tid 1380] [client 46.80.43.226:43915] script 'C:/home/mainframe.co.nz/index2.php' not found or unable to stat
[Wed Feb 10 19:03:33.819165 2021] [php7:error] [pid 3684:tid 1380] [client 46.80.43.226:43991] script 'C:/home/mainframe.co.nz/index2.php' not found or unable to stat
[Wed Feb 10 19:04:26.555167 2021] [php7:error] [pid 3684:tid 1208] [client 46.80.43.226:44843] script 'C:/home/mainframe.co.nz/index2.php' not found or unable to stat
[Wed Feb 10 19:04:31.758304 2021] [php7:error] [pid 3684:tid 1208] [client 46.80.43.226:44923] script 'C:/home/mainframe.co.nz/index2.php' not found or unable to stat
[Wed Feb 10 23:16:54.733569 2021] [php7:error] [pid 3684:tid 1260] [client 172.105.251.128:46966] script 'C:/home/mainframe.co.nz/demit.php' not found or unable to stat
[Wed Feb 10 23:16:59.906858 2021] [php7:error] [pid 3684:tid 1260] [client 172.105.251.128:47466] script 'C:/home/mainframe.co.nz/demit.php' not found or unable to stat
[Wed Feb 10 23:17:52.453966 2021] [php7:error] [pid 3684:tid 1144] [client 172.105.251.128:51056] script 'C:/home/mainframe.co.nz/demit.php' not found or unable to stat
[Wed Feb 10 23:17:57.627206 2021] [php7:error] [pid 3684:tid 1260] [client 172.105.251.128:51254] script 'C:/home/mainframe.co.nz/demit.php' not found or unable to stat
[Wed Feb 10 23:18:50.189970 2021] [php7:error] [pid 3684:tid 1444] [client 172.105.251.128:54716] script 'C:/home/mainframe.co.nz/demit.php' not found or unable to stat
[Wed Feb 10 23:18:55.377498 2021] [php7:error] [pid 3684:tid 1444] [client 172.105.251.128:54984] script 'C:/home/mainframe.co.nz/demit.php' not found or unable to stat
[Wed Feb 10 23:19:47.941583 2021] [php7:error] [pid 3684:tid 1260] [client 172.105.251.128:58498] script 'C:/home/mainframe.co.nz/demit.php' not found or unable to stat
[Wed Feb 10 23:19:53.129100 2021] [php7:error] [pid 3684:tid 1260] [client 172.105.251.128:58886] script 'C:/home/mainframe.co.nz/demit.php' not found or unable to stat
[Thu Feb 11 05:53:32.864518 2021] [php7:error] [pid 3684:tid 1132] [client 37.187.32.109:58124] script 'C:/home/mainframe.co.nz/.libs.php' not found or unable to stat
[Thu Feb 11 05:53:38.052055 2021] [php7:error] [pid 3684:tid 1132] [client 37.187.32.109:58226] script 'C:/home/mainframe.co.nz/index2.php' not found or unable to stat
[Thu Feb 11 05:53:48.442719 2021] [php7:error] [pid 3684:tid 1260] [client 37.187.32.109:58426] script 'C:/home/mainframe.co.nz/mils.php' not found or unable to stat
[Thu Feb 11 05:54:26.194407 2021] [php7:error] [pid 3684:tid 1132] [client 37.187.32.109:59266] script 'C:/home/mainframe.co.nz/.libs.php' not found or unable to stat
[Thu Feb 11 05:54:31.381916 2021] [php7:error] [pid 3684:tid 1132] [client 37.187.32.109:59383] script 'C:/home/mainframe.co.nz/index2.php' not found or unable to stat
[Thu Feb 11 05:54:41.756968 2021] [php7:error] [pid 3684:tid 1132] [client 37.187.32.109:59624] script 'C:/home/mainframe.co.nz/mils.php' not found or unable to stat
[Thu Feb 11 05:55:19.524364 2021] [php7:error] [pid 3684:tid 1444] [client 37.187.32.109:60413] script 'C:/home/mainframe.co.nz/.libs.php' not found or unable to stat
[Thu Feb 11 05:55:24.711881 2021] [php7:error] [pid 3684:tid 1444] [client 37.187.32.109:60505] script 'C:/home/mainframe.co.nz/index2.php' not found or unable to stat
[Thu Feb 11 05:55:35.086935 2021] [php7:error] [pid 3684:tid 1444] [client 37.187.32.109:60714] script 'C:/home/mainframe.co.nz/logs/mils.php' not found or unable to stat
[Thu Feb 11 05:56:12.854157 2021] [php7:error] [pid 3684:tid 1444] [client 37.187.32.109:33167] script 'C:/home/mainframe.co.nz/.libs.php' not found or unable to stat
[Thu Feb 11 05:56:18.041672 2021] [php7:error] [pid 3684:tid 1444] [client 37.187.32.109:33255] script 'C:/home/mainframe.co.nz/index2.php' not found or unable to stat
[Thu Feb 11 05:56:28.432352 2021] [php7:error] [pid 3684:tid 1444] [client 37.187.32.109:33432] script 'C:/home/mainframe.co.nz/mils.php' not found or unable to stat
[Thu Feb 11 06:26:50.088568 2021] [php7:error] [pid 3684:tid 1048] [client 37.187.32.109:35331] script 'C:/home/mainframe.co.nz/.libs.php' not found or unable to stat
[Thu Feb 11 06:26:55.291726 2021] [php7:error] [pid 3684:tid 1048] [client 37.187.32.109:35415] script 'C:/home/mainframe.co.nz/index2.php' not found or unable to stat
[Thu Feb 11 06:27:05.668137 2021] [php7:error] [pid 3684:tid 1048] [client 37.187.32.109:35585] script 'C:/home/mainframe.co.nz/mils.php' not found or unable to stat
[Thu Feb 11 06:27:43.433934 2021] [php7:error] [pid 3684:tid 1288] [client 37.187.32.109:36191] script 'C:/home/mainframe.co.nz/.libs.php' not found or unable to stat
[Thu Feb 11 06:27:48.621453 2021] [php7:error] [pid 3684:tid 1288] [client 37.187.32.109:36260] script 'C:/home/mainframe.co.nz/index2.php' not found or unable to stat
[Thu Feb 11 06:27:59.014604 2021] [php7:error] [pid 3684:tid 1288] [client 37.187.32.109:36448] script 'C:/home/mainframe.co.nz/mils.php' not found or unable to stat
[Thu Feb 11 06:28:36.780411 2021] [php7:error] [pid 3684:tid 1288] [client 37.187.32.109:37055] script 'C:/home/mainframe.co.nz/.libs.php' not found or unable to stat
[Thu Feb 11 06:28:41.967921 2021] [php7:error] [pid 3684:tid 1288] [client 37.187.32.109:37130] script 'C:/home/mainframe.co.nz/index2.php' not found or unable to stat
[Thu Feb 11 06:28:52.358582 2021] [php7:error] [pid 3684:tid 1112] [client 37.187.32.109:37313] script 'C:/home/mainframe.co.nz/logs/mils.php' not found or unable to stat
[Thu Feb 11 06:29:30.188353 2021] [php7:error] [pid 3684:tid 1112] [client 37.187.32.109:37894] script 'C:/home/mainframe.co.nz/.libs.php' not found or unable to stat
[Thu Feb 11 06:29:35.391510 2021] [php7:error] [pid 3684:tid 1240] [client 37.187.32.109:37961] script 'C:/home/mainframe.co.nz/index2.php' not found or unable to stat
[Thu Feb 11 06:29:45.766557 2021] [php7:error] [pid 3684:tid 1048] [client 37.187.32.109:38138] script 'C:/home/mainframe.co.nz/mils.php' not found or unable to stat
[Thu Feb 11 08:33:21.398229 2021] [php7:error] [pid 3684:tid 1144] [client 173.212.200.138:48441] script 'C:/home/mainframe.co.nz/index2.php' not found or unable to stat
[Thu Feb 11 08:33:27.070148 2021] [php7:error] [pid 3684:tid 1144] [client 173.212.200.138:21944] script 'C:/home/mainframe.co.nz/Index2.php' not found or unable to stat
[Thu Feb 11 08:34:29.196813 2021] [php7:error] [pid 3684:tid 1000] [client 173.212.200.138:54360] script 'C:/home/mainframe.co.nz/index2.php' not found or unable to stat
[Thu Feb 11 08:34:34.696847 2021] [php7:error] [pid 3684:tid 1260] [client 173.212.200.138:35378] script 'C:/home/mainframe.co.nz/Index2.php' not found or unable to stat
[Thu Feb 11 08:35:29.793325 2021] [php7:error] [pid 3684:tid 1112] [client 173.212.200.138:6419] script 'C:/home/mainframe.co.nz/index2.php' not found or unable to stat
[Thu Feb 11 08:35:35.012112 2021] [php7:error] [pid 3684:tid 1112] [client 173.212.200.138:1161] script 'C:/home/mainframe.co.nz/Index2.php' not found or unable to stat
[Thu Feb 11 08:36:28.717152 2021] [php7:error] [pid 3684:tid 1112] [client 173.212.200.138:45179] script 'C:/home/mainframe.co.nz/index2.php' not found or unable to stat
[Thu Feb 11 08:36:33.951551 2021] [php7:error] [pid 3684:tid 1112] [client 173.212.200.138:6646] script 'C:/home/mainframe.co.nz/Index2.php' not found or unable to stat
[Thu Feb 11 08:37:13.843798 2021] [php7:error] [pid 3684:tid 1112] [client 173.212.200.138:36373] script 'C:/home/mainframe.co.nz/index2.php' not found or unable to stat
[Thu Feb 11 08:37:19.484453 2021] [php7:error] [pid 3684:tid 1112] [client 173.212.200.138:52203] script 'C:/home/mainframe.co.nz/Index2.php' not found or unable to stat
[Thu Feb 11 08:38:13.173659 2021] [php7:error] [pid 3684:tid 1288] [client 173.212.200.138:56810] script 'C:/home/mainframe.co.nz/index2.php' not found or unable to stat
[Thu Feb 11 08:38:18.392420 2021] [php7:error] [pid 3684:tid 1112] [client 173.212.200.138:22730] script 'C:/home/mainframe.co.nz/Index2.php' not found or unable to stat
[Thu Feb 11 08:39:12.628402 2021] [php7:error] [pid 3684:tid 1144] [client 173.212.200.138:12397] script 'C:/home/mainframe.co.nz/index2.php' not found or unable to stat
[Thu Feb 11 08:39:18.097200 2021] [php7:error] [pid 3684:tid 1144] [client 173.212.200.138:31340] script 'C:/home/mainframe.co.nz/Index2.php' not found or unable to stat
[Thu Feb 11 08:40:12.364605 2021] [php7:error] [pid 3684:tid 1000] [client 173.212.200.138:22913] script 'C:/home/mainframe.co.nz/index2.php' not found or unable to stat
[Thu Feb 11 08:40:17.598996 2021] [php7:error] [pid 3684:tid 1000] [client 173.212.200.138:35797] script 'C:/home/mainframe.co.nz/Index2.php' not found or unable to stat
[Thu Feb 11 17:12:36.521059 2021] [php7:error] [pid 3684:tid 1152] [client 137.117.178.120:1217] script 'C:/home/mainframe.co.nz/xmlrpc.php' not found or unable to stat
[Fri Feb 12 04:19:56.037245 2021] [php7:error] [pid 3684:tid 1200] [client 173.212.200.138:2889] script 'C:/home/mainframe.co.nz/index2.php' not found or unable to stat
[Fri Feb 12 04:20:01.275240 2021] [php7:error] [pid 3684:tid 1200] [client 173.212.200.138:44319] script 'C:/home/mainframe.co.nz/Index2.php' not found or unable to stat
[Fri Feb 12 04:20:56.884314 2021] [php7:error] [pid 3684:tid 1052] [client 173.212.200.138:18887] script 'C:/home/mainframe.co.nz/index2.php' not found or unable to stat
[Fri Feb 12 04:21:02.088890 2021] [php7:error] [pid 3684:tid 1052] [client 173.212.200.138:15401] script 'C:/home/mainframe.co.nz/Index2.php' not found or unable to stat
[Fri Feb 12 04:21:56.167249 2021] [php7:error] [pid 3684:tid 1052] [client 173.212.200.138:24746] script 'C:/home/mainframe.co.nz/index2.php' not found or unable to stat
[Fri Feb 12 04:22:01.387452 2021] [php7:error] [pid 3684:tid 1052] [client 173.212.200.138:27641] script 'C:/home/mainframe.co.nz/Index2.php' not found or unable to stat
[Fri Feb 12 04:22:54.637781 2021] [php7:error] [pid 3684:tid 1052] [client 173.212.200.138:3396] script 'C:/home/mainframe.co.nz/index2.php' not found or unable to stat
[Fri Feb 12 04:22:59.860779 2021] [php7:error] [pid 3684:tid 1052] [client 173.212.200.138:60440] script 'C:/home/mainframe.co.nz/Index2.php' not found or unable to stat
[Fri Feb 12 05:07:27.748239 2021] [php7:error] [pid 3684:tid 1040] [client 173.212.200.138:61934] script 'C:/home/mainframe.co.nz/index2.php' not found or unable to stat
[Fri Feb 12 05:07:33.357646 2021] [php7:error] [pid 3684:tid 1280] [client 173.212.200.138:23325] script 'C:/home/mainframe.co.nz/Index2.php' not found or unable to stat
[Fri Feb 12 05:08:28.734319 2021] [php7:error] [pid 3684:tid 1040] [client 173.212.200.138:53992] script 'C:/home/mainframe.co.nz/index2.php' not found or unable to stat
[Fri Feb 12 05:08:34.718723 2021] [php7:error] [pid 3684:tid 1040] [client 173.212.200.138:13373] script 'C:/home/mainframe.co.nz/Index2.php' not found or unable to stat
[Fri Feb 12 05:09:28.985969 2021] [php7:error] [pid 3684:tid 1104] [client 173.212.200.138:55853] script 'C:/home/mainframe.co.nz/index2.php' not found or unable to stat
[Fri Feb 12 05:09:34.204770 2021] [php7:error] [pid 3684:tid 1104] [client 173.212.200.138:33818] script 'C:/home/mainframe.co.nz/Index2.php' not found or unable to stat
[Fri Feb 12 05:10:28.254225 2021] [php7:error] [pid 3684:tid 1456] [client 173.212.200.138:51094] script 'C:/home/mainframe.co.nz/index2.php' not found or unable to stat
[Fri Feb 12 05:10:33.457390 2021] [php7:error] [pid 3684:tid 1456] [client 173.212.200.138:48824] script 'C:/home/mainframe.co.nz/Index2.php' not found or unable to stat
[Sat Feb 13 21:25:39.168396 2021] [php7:error] [pid 3684:tid 1304] [client 18.231.94.162:25728] script 'C:/home/mainframe.co.nz/wp-login.php' not found or unable to stat
[Sun Feb 14 20:32:22.798385 2021] [php7:error] [pid 3684:tid 1420] [client 173.212.207.197:50546] script 'C:/home/mainframe.co.nz/index2.php' not found or unable to stat
[Sun Feb 14 20:33:00.003118 2021] [php7:error] [pid 3684:tid 1480] [client 173.212.207.197:51012] script 'C:/home/mainframe.co.nz/index2.php' not found or unable to stat
[Sun Feb 14 20:33:37.221948 2021] [php7:error] [pid 3684:tid 1088] [client 173.212.207.197:51607] script 'C:/home/mainframe.co.nz/index2.php' not found or unable to stat
[Sun Feb 14 20:34:14.411011 2021] [php7:error] [pid 3684:tid 1028] [client 173.212.207.197:52077] script 'C:/home/mainframe.co.nz/index2.php' not found or unable to stat
[Mon Feb 15 11:12:22.711200 2021] [php7:error] [pid 3684:tid 1456] [client 212.168.31.17:34382] script 'C:/home/mainframe.co.nz/index.php' not found or unable to stat, referer: mainframe.co.nz
[Tue Feb 16 08:05:25.982508 2021] [php7:error] [pid 3684:tid 1064] [client 173.212.207.197:42669] script 'C:/home/mainframe.co.nz/index2.php' not found or unable to stat
[Tue Feb 16 08:06:03.187140 2021] [php7:error] [pid 3684:tid 1008] [client 173.212.207.197:43521] script 'C:/home/mainframe.co.nz/index2.php' not found or unable to stat
[Tue Feb 16 08:06:40.406075 2021] [php7:error] [pid 3684:tid 1256] [client 173.212.207.197:44378] script 'C:/home/mainframe.co.nz/index2.php' not found or unable to stat
[Tue Feb 16 08:07:17.595446 2021] [php7:error] [pid 3684:tid 1256] [client 173.212.207.197:45211] script 'C:/home/mainframe.co.nz/index2.php' not found or unable to stat
[Tue Feb 16 08:35:40.943555 2021] [php7:error] [pid 3684:tid 1340] [client 173.212.207.197:47487] script 'C:/home/mainframe.co.nz/index2.php' not found or unable to stat
[Tue Feb 16 08:36:18.195101 2021] [php7:error] [pid 3684:tid 1144] [client 173.212.207.197:48003] script 'C:/home/mainframe.co.nz/index2.php' not found or unable to stat
[Tue Feb 16 08:36:55.398416 2021] [php7:error] [pid 3684:tid 1480] [client 173.212.207.197:48598] script 'C:/home/mainframe.co.nz/index2.php' not found or unable to stat
[Tue Feb 16 08:37:32.587641 2021] [php7:error] [pid 3684:tid 1480] [client 173.212.207.197:49177] script 'C:/home/mainframe.co.nz/index2.php' not found or unable to stat
[Tue Feb 16 10:45:58.382107 2021] [php7:error] [pid 3684:tid 1464] [client 132.148.80.37:36890] script 'C:/home/mainframe.co.nz/wikindex.php' not found or unable to stat, referer: mainframe.co.nz
[Tue Feb 16 10:46:10.383509 2021] [php7:error] [pid 3684:tid 1248] [client 132.148.80.37:38576] script 'C:/home/mainframe.co.nz/baindex.php' not found or unable to stat, referer: mainframe.co.nz
[Tue Feb 16 20:03:16.095451 2021] [php7:error] [pid 3684:tid 1004] [client 91.121.89.79:52480] script 'C:/home/mainframe.co.nz/wp-login.php' not found or unable to stat
[Wed Feb 17 17:11:41.873091 2021] [php7:error] [pid 3684:tid 1064] [client 103.6.198.46:55990] script 'C:/home/mainframe.co.nz/.libs.php' not found or unable to stat
[Wed Feb 17 17:11:47.373112 2021] [php7:error] [pid 3684:tid 1064] [client 103.6.198.46:56074] script 'C:/home/mainframe.co.nz/index2.php' not found or unable to stat
[Wed Feb 17 17:11:58.388787 2021] [php7:error] [pid 3684:tid 1064] [client 103.6.198.46:56282] script 'C:/home/mainframe.co.nz/mils.php' not found or unable to stat
[Wed Feb 17 17:12:35.514018 2021] [php7:error] [pid 3684:tid 1064] [client 103.6.198.46:56754] script 'C:/home/mainframe.co.nz/.libs.php' not found or unable to stat
[Wed Feb 17 17:12:41.077850 2021] [php7:error] [pid 3684:tid 1404] [client 103.6.198.46:56818] script 'C:/home/mainframe.co.nz/index2.php' not found or unable to stat
[Wed Feb 17 17:12:52.156020 2021] [php7:error] [pid 3684:tid 1280] [client 103.6.198.46:57042] script 'C:/home/mainframe.co.nz/mils.php' not found or unable to stat
[Wed Feb 17 17:13:29.953065 2021] [php7:error] [pid 3684:tid 1280] [client 103.6.198.46:57578] script 'C:/home/mainframe.co.nz/.libs.php' not found or unable to stat
[Wed Feb 17 17:13:35.515595 2021] [php7:error] [pid 3684:tid 1404] [client 103.6.198.46:57666] script 'C:/home/mainframe.co.nz/index2.php' not found or unable to stat
[Wed Feb 17 17:13:46.610746 2021] [php7:error] [pid 3684:tid 1404] [client 103.6.198.46:57914] script 'C:/home/mainframe.co.nz/logs/mils.php' not found or unable to stat
[Wed Feb 17 17:14:23.829660 2021] [php7:error] [pid 3684:tid 1380] [client 103.6.198.46:58466] script 'C:/home/mainframe.co.nz/.libs.php' not found or unable to stat
[Wed Feb 17 17:14:29.360922 2021] [php7:error] [pid 3684:tid 1404] [client 103.6.198.46:58534] script 'C:/home/mainframe.co.nz/index2.php' not found or unable to stat
[Wed Feb 17 17:14:40.471726 2021] [php7:error] [pid 3684:tid 1404] [client 103.6.198.46:58704] script 'C:/home/mainframe.co.nz/mils.php' not found or unable to stat
[Thu Feb 18 02:54:37.256193 2021] [php7:error] [pid 3684:tid 1248] [client 103.6.198.46:42560] script 'C:/home/mainframe.co.nz/.libs.php' not found or unable to stat
[Thu Feb 18 02:54:42.771822 2021] [php7:error] [pid 3684:tid 1248] [client 103.6.198.46:42610] script 'C:/home/mainframe.co.nz/index2.php' not found or unable to stat
[Thu Feb 18 02:54:53.850011 2021] [php7:error] [pid 3684:tid 1200] [client 103.6.198.46:42696] script 'C:/home/mainframe.co.nz/mils.php' not found or unable to stat
[Thu Feb 18 02:55:30.852170 2021] [php7:error] [pid 3684:tid 1256] [client 103.6.198.46:43050] script 'C:/home/mainframe.co.nz/.libs.php' not found or unable to stat
[Thu Feb 18 02:55:36.399075 2021] [php7:error] [pid 3684:tid 1256] [client 103.6.198.46:43102] script 'C:/home/mainframe.co.nz/index2.php' not found or unable to stat
[Thu Feb 18 02:55:47.492868 2021] [php7:error] [pid 3684:tid 1256] [client 103.6.198.46:43176] script 'C:/home/mainframe.co.nz/mils.php' not found or unable to stat
[Thu Feb 18 02:56:24.901220 2021] [php7:error] [pid 3684:tid 1256] [client 103.6.198.46:43618] script 'C:/home/mainframe.co.nz/.libs.php' not found or unable to stat
[Thu Feb 18 02:56:30.416870 2021] [php7:error] [pid 3684:tid 1256] [client 103.6.198.46:43710] script 'C:/home/mainframe.co.nz/index2.php' not found or unable to stat
[Thu Feb 18 02:56:41.448166 2021] [php7:error] [pid 3684:tid 1256] [client 103.6.198.46:43832] script 'C:/home/mainframe.co.nz/logs/mils.php' not found or unable to stat
[Thu Feb 18 02:57:18.606533 2021] [php7:error] [pid 3684:tid 1248] [client 103.6.198.46:44238] script 'C:/home/mainframe.co.nz/.libs.php' not found or unable to stat
[Thu Feb 18 02:57:24.106544 2021] [php7:error] [pid 3684:tid 1248] [client 103.6.198.46:44304] script 'C:/home/mainframe.co.nz/index2.php' not found or unable to stat
[Thu Feb 18 02:57:35.090982 2021] [php7:error] [pid 3684:tid 1248] [client 103.6.198.46:44428] script 'C:/home/mainframe.co.nz/mils.php' not found or unable to stat
[Thu Feb 18 18:30:08.625176 2021] [php7:error] [pid 3684:tid 1200] [client 173.212.207.197:52986] script 'C:/home/mainframe.co.nz/index2.php' not found or unable to stat
[Thu Feb 18 18:30:45.828561 2021] [php7:error] [pid 3684:tid 1468] [client 173.212.207.197:53340] script 'C:/home/mainframe.co.nz/index2.php' not found or unable to stat
[Thu Feb 18 18:31:23.034152 2021] [php7:error] [pid 3684:tid 1468] [client 173.212.207.197:53731] script 'C:/home/mainframe.co.nz/index2.php' not found or unable to stat
[Thu Feb 18 18:32:00.223097 2021] [php7:error] [pid 3684:tid 1176] [client 173.212.207.197:54194] script 'C:/home/mainframe.co.nz/index2.php' not found or unable to stat
[Fri Feb 19 18:21:49.104892 2021] [php7:error] [pid 3684:tid 1340] [client 103.6.198.46:38518] script 'C:/home/mainframe.co.nz/.libs.php' not found or unable to stat
[Fri Feb 19 18:21:54.636292 2021] [php7:error] [pid 3684:tid 1280] [client 103.6.198.46:38600] script 'C:/home/mainframe.co.nz/index2.php' not found or unable to stat
[Fri Feb 19 18:22:05.825313 2021] [php7:error] [pid 3684:tid 1188] [client 103.6.198.46:38840] script 'C:/home/mainframe.co.nz/mils.php' not found or unable to stat
[Fri Feb 19 18:22:43.028604 2021] [php7:error] [pid 3684:tid 1220] [client 103.6.198.46:39558] script 'C:/home/mainframe.co.nz/.libs.php' not found or unable to stat
[Fri Feb 19 18:22:48.528626 2021] [php7:error] [pid 3684:tid 1464] [client 103.6.198.46:39660] script 'C:/home/mainframe.co.nz/index2.php' not found or unable to stat
[Fri Feb 19 18:22:59.575538 2021] [php7:error] [pid 3684:tid 1200] [client 103.6.198.46:39852] script 'C:/home/mainframe.co.nz/mils.php' not found or unable to stat
[Fri Feb 19 18:23:36.718054 2021] [php7:error] [pid 3684:tid 1280] [client 103.6.198.46:40666] script 'C:/home/mainframe.co.nz/.libs.php' not found or unable to stat
[Fri Feb 19 18:23:42.233700 2021] [php7:error] [pid 3684:tid 1280] [client 103.6.198.46:40786] script 'C:/home/mainframe.co.nz/index2.php' not found or unable to stat
[Fri Feb 19 18:23:53.218129 2021] [php7:error] [pid 3684:tid 1280] [client 103.6.198.46:41026] script 'C:/home/mainframe.co.nz/logs/mils.php' not found or unable to stat
[Fri Feb 19 18:24:30.189449 2021] [php7:error] [pid 3684:tid 1188] [client 103.6.198.46:41768] script 'C:/home/mainframe.co.nz/.libs.php' not found or unable to stat
[Fri Feb 19 18:24:35.689465 2021] [php7:error] [pid 3684:tid 1188] [client 103.6.198.46:41912] script 'C:/home/mainframe.co.nz/index2.php' not found or unable to stat
[Fri Feb 19 18:24:46.720767 2021] [php7:error] [pid 3684:tid 1008] [client 103.6.198.46:42156] script 'C:/home/mainframe.co.nz/mils.php' not found or unable to stat
[Fri Feb 19 20:14:23.585154 2021] [php7:error] [pid 3684:tid 1008] [client 173.212.207.197:48368] script 'C:/home/mainframe.co.nz/index2.php' not found or unable to stat
[Fri Feb 19 20:15:00.805461 2021] [php7:error] [pid 3684:tid 1008] [client 173.212.207.197:49082] script 'C:/home/mainframe.co.nz/index2.php' not found or unable to stat
[Fri Feb 19 20:15:38.008731 2021] [php7:error] [pid 3684:tid 1008] [client 173.212.207.197:49788] script 'C:/home/mainframe.co.nz/index2.php' not found or unable to stat
[Fri Feb 19 20:16:15.199152 2021] [php7:error] [pid 3684:tid 1008] [client 173.212.207.197:50483] script 'C:/home/mainframe.co.nz/index2.php' not found or unable to stat
[Fri Feb 19 20:23:59.277117 2021] [php7:error] [pid 3684:tid 1468] [client 173.212.207.197:59893] script 'C:/home/mainframe.co.nz/index2.php' not found or unable to stat
[Fri Feb 19 20:24:36.497397 2021] [php7:error] [pid 3684:tid 1468] [client 173.212.207.197:60985] script 'C:/home/mainframe.co.nz/index2.php' not found or unable to stat
[Fri Feb 19 20:25:13.703025 2021] [php7:error] [pid 3684:tid 1064] [client 173.212.207.197:33783] script 'C:/home/mainframe.co.nz/index2.php' not found or unable to stat
[Fri Feb 19 20:25:50.890696 2021] [php7:error] [pid 3684:tid 1272] [client 173.212.207.197:34712] script 'C:/home/mainframe.co.nz/index2.php' not found or unable to stat
[Sat Feb 20 08:57:44.222121 2021] [php7:error] [pid 3684:tid 1320] [client 157.245.243.14:56092] script 'C:/home/mainframe.co.nz/wp-login.php' not found or unable to stat
[Mon Feb 22 07:23:20.515939 2021] [php7:error] [pid 3684:tid 1280] [client 188.165.228.82:40296] script 'C:/home/mainframe.co.nz/wp-login.php' not found or unable to stat
[Tue Feb 23 23:58:00.143288 2021] [php7:error] [pid 3684:tid 1272] [client 40.76.20.119:49651] script 'C:/home/mainframe.co.nz/xmlrpc.php' not found or unable to stat
[Wed Feb 24 05:54:26.157832 2021] [php7:error] [pid 3684:tid 1132] [client 198.12.250.8:58102] script 'C:/home/mainframe.co.nz/wp-login.php' not found or unable to stat
[Thu Feb 25 06:40:19.689401 2021] [php7:error] [pid 3684:tid 1348] [client 103.246.160.170:42864] script 'C:/home/mainframe.co.nz/wp-login.php' not found or unable to stat
[Thu Feb 25 15:20:07.740907 2021] [php7:error] [pid 3684:tid 1328] [client 34.203.37.48:37533] script 'C:/home/mainframe.co.nz/wp-login.php' not found or unable to stat
[Fri Feb 26 09:16:09.168510 2021] [php7:error] [pid 3684:tid 1456] [client 85.128.142.166:40628] script 'C:/home/mainframe.co.nz/wikindex.php' not found or unable to stat, referer: mainframe.co.nz
[Fri Feb 26 09:16:15.606031 2021] [php7:error] [pid 3684:tid 1456] [client 85.128.142.166:41522] script 'C:/home/mainframe.co.nz/baindex.php' not found or unable to stat, referer: mainframe.co.nz
[Fri Feb 26 19:34:33.268399 2021] [php7:error] [pid 3684:tid 1004] [client 173.212.207.197:35232] script 'C:/home/mainframe.co.nz/index2.php' not found or unable to stat
[Fri Feb 26 19:35:10.519928 2021] [php7:error] [pid 3684:tid 1004] [client 173.212.207.197:35777] script 'C:/home/mainframe.co.nz/index2.php' not found or unable to stat
[Fri Feb 26 19:35:47.770089 2021] [php7:error] [pid 3684:tid 1004] [client 173.212.207.197:36349] script 'C:/home/mainframe.co.nz/index2.php' not found or unable to stat
[Fri Feb 26 19:36:25.021720 2021] [php7:error] [pid 3684:tid 1004] [client 173.212.207.197:36874] script 'C:/home/mainframe.co.nz/index2.php' not found or unable to stat
[Fri Feb 26 19:58:48.172663 2021] [php7:error] [pid 3684:tid 1004] [client 173.212.207.197:57044] script 'C:/home/mainframe.co.nz/index2.php' not found or unable to stat
[Fri Feb 26 19:59:25.439857 2021] [php7:error] [pid 3684:tid 1004] [client 173.212.207.197:57776] script 'C:/home/mainframe.co.nz/index2.php' not found or unable to stat
[Fri Feb 26 20:00:02.690058 2021] [php7:error] [pid 3684:tid 1168] [client 173.212.207.197:58520] script 'C:/home/mainframe.co.nz/index2.php' not found or unable to stat
[Fri Feb 26 20:00:39.988659 2021] [php7:error] [pid 3684:tid 1312] [client 173.212.207.197:59233] script 'C:/home/mainframe.co.nz/index2.php' not found or unable to stat
[Sat Feb 27 15:07:00.132296 2021] [php7:error] [pid 3684:tid 1188] [client 5.39.87.36:60498] script 'C:/home/mainframe.co.nz/wp-login.php' not found or unable to stat
[Sat Feb 27 19:13:53.851490 2021] [php7:error] [pid 3684:tid 1468] [client 95.211.209.158:63898] script 'C:/home/mainframe.co.nz/xmlrpc.php' not found or unable to stat
[Sat Feb 27 23:46:46.232195 2021] [php7:error] [pid 3684:tid 1468] [client 34.244.239.51:56874] script 'C:/home/mainframe.co.nz/wp-config.php' not found or unable to stat
[Sat Feb 27 23:51:01.817032 2021] [php7:error] [pid 3684:tid 1404] [client 65.1.64.120:50312] script 'C:/home/mainframe.co.nz/wp-config.php' not found or unable to stat
[Sun Feb 28 00:12:14.416494 2021] [php7:error] [pid 3684:tid 1340] [client 15.228.94.113:57342] script 'C:/home/mainframe.co.nz/wp-config.php' not found or unable to stat
[Sun Feb 28 13:44:24.139968 2021] [php7:error] [pid 3684:tid 1320] [client 15.237.26.20:59232] script 'C:/home/mainframe.co.nz/wp-config.php' not found or unable to stat
[Sun Feb 28 13:47:07.113594 2021] [php7:error] [pid 3684:tid 1320] [client 3.249.205.189:59498] script 'C:/home/mainframe.co.nz/wp-config.php' not found or unable to stat
[Mon Mar 01 05:37:11.971616 2021] [php7:error] [pid 3684:tid 1456] [client 66.249.68.81:35220] script 'C:/home/mainframe.co.nz/admin.php' not found or unable to stat
[Tue Mar 02 01:31:42.101728 2021] [php7:error] [pid 3684:tid 1160] [client 52.65.15.196:53868] script 'C:/home/mainframe.co.nz/wp-login.php' not found or unable to stat
[Tue Mar 02 04:13:52.920291 2021] [php7:error] [pid 3684:tid 1480] [client 180.250.28.34:44620] script 'C:/home/mainframe.co.nz/wp-login.php' not found or unable to stat
[Tue Mar 02 07:55:56.327699 2021] [php7:error] [pid 3684:tid 1016] [client 195.83.17.101:60008] script 'C:/home/mainframe.co.nz/.libs.php' not found or unable to stat
